[Date Prev][Date Next][Thread Prev][Thread Next][Date Index][Thread Index] [ovmf test] 183506: tolerable FAIL - PUSHED
flight 183506 ovmf real [real] flight 183508 ovmf real-retest [real] http://logs.test-lab.xenproject.org/osstest/logs/183506/ http://logs.test-lab.xenproject.org/osstest/logs/183508/ Failures :-/ but no regressions. Tests which are failing intermittently (not blocking): test-amd64-i386-xl-qemuu-ovmf-amd64 7 xen-install fail pass in 183508-retest version targeted for testing: ovmf fb044b7fe893a4545995bfe2701fd38e593355d9 baseline version: ovmf da73578bf7afee1fdd1abe97eaf733aa1e4bdefe Last test of basis 183504 2023-10-24 03:10:51 Z 0 days Testing same since 183506 2023-10-24 08:12:27 Z 0 days 1 attempts ------------------------------------------------------------ People who touched revisions under test: Nickle Wang <nicklew@xxxxxxxxxx> jobs: build-amd64-xsm pass build-i386-xsm pass build-amd64 pass build-i386 pass build-amd64-libvirt pass build-i386-libvirt pass build-amd64-pvops pass build-i386-pvops pass test-amd64-amd64-xl-qemuu-ovmf-amd64 pass test-amd64-i386-xl-qemuu-ovmf-amd64 fail ------------------------------------------------------------ sg-report-flight on osstest.test-lab.xenproject.org logs: /home/logs/logs images: /home/logs/images Logs, config files, etc. are available at http://logs.test-lab.xenproject.org/osstest/logs Explanation of these reports, and of osstest in general, is at http://xenbits.xen.org/gitweb/?p=osstest.git;a=blob;f=README.email;hb=master http://xenbits.xen.org/gitweb/?p=osstest.git;a=blob;f=README;hb=master Test harness code can be found at http://xenbits.xen.org/gitweb?p=osstest.git;a=summary Pushing revision : To xenbits.xen.org:/home/xen/git/osstest/ovmf.git da73578bf7..fb044b7fe8 fb044b7fe893a4545995bfe2701fd38e593355d9 -> xen-tested-master
|
![]() |
Lists.xenproject.org is hosted with RackSpace, monitoring our |