[Date Prev][Date Next][Thread Prev][Thread Next][Date Index][Thread Index] [xen-unstable-smoke test] 184399: tolerable all pass - PUSHED
flight 184399 xen-unstable-smoke real [real] http://logs.test-lab.xenproject.org/osstest/logs/184399/ Failures :-/ but no regressions. Tests which did not succeed, but are not blocking: test-amd64-amd64-libvirt 15 migrate-support-check fail never pass test-arm64-arm64-xl-xsm 15 migrate-support-check fail never pass test-arm64-arm64-xl-xsm 16 saverestore-support-check fail never pass test-armhf-armhf-xl 15 migrate-support-check fail never pass test-armhf-armhf-xl 16 saverestore-support-check fail never pass version targeted for testing: xen b25607e528f6ce7851e907ed59ad5ff583aa1840 baseline version: xen c30021be302aa2a644ef5544097fb8bb763ec140 Last test of basis 184397 2024-01-18 22:02:10 Z 0 days Testing same since 184399 2024-01-19 02:00:25 Z 0 days 1 attempts ------------------------------------------------------------ People who touched revisions under test: Andrew Cooper <andrew.cooper3@xxxxxxxxxx> Jan Beulich <jbeulich@xxxxxxxx> jobs: build-arm64-xsm pass build-amd64 pass build-armhf pass build-amd64-libvirt pass test-armhf-armhf-xl pass test-arm64-arm64-xl-xsm pass test-amd64-amd64-xl-qemuu-debianhvm-amd64 pass test-amd64-amd64-libvirt pass ------------------------------------------------------------ sg-report-flight on osstest.test-lab.xenproject.org logs: /home/logs/logs images: /home/logs/images Logs, config files, etc. are available at http://logs.test-lab.xenproject.org/osstest/logs Explanation of these reports, and of osstest in general, is at http://xenbits.xen.org/gitweb/?p=osstest.git;a=blob;f=README.email;hb=master http://xenbits.xen.org/gitweb/?p=osstest.git;a=blob;f=README;hb=master Test harness code can be found at http://xenbits.xen.org/gitweb?p=osstest.git;a=summary Pushing revision : To xenbits.xen.org:/home/xen/git/xen.git c30021be30..b25607e528 b25607e528f6ce7851e907ed59ad5ff583aa1840 -> smoke
|
![]() |
Lists.xenproject.org is hosted with RackSpace, monitoring our |