[Date Prev][Date Next][Thread Prev][Thread Next][Date Index][Thread Index] [linux-linus test] 183625: regressions - FAIL
flight 183625 linux-linus real [real] http://logs.test-lab.xenproject.org/osstest/logs/183625/ Regressions :-( Tests which did not succeed and are blocking, including tests which could not be run: test-arm64-arm64-examine 8 reboot fail REGR. vs. 183617 test-arm64-arm64-xl-credit2 8 xen-boot fail REGR. vs. 183617 test-arm64-arm64-xl-thunderx 8 xen-boot fail REGR. vs. 183617 test-arm64-arm64-xl-credit1 8 xen-boot fail REGR. vs. 183617 test-arm64-arm64-xl 8 xen-boot fail REGR. vs. 183617 test-arm64-arm64-xl-vhd 8 xen-boot fail REGR. vs. 183617 test-arm64-arm64-libvirt-raw 8 xen-boot fail REGR. vs. 183617 build-arm64-xsm 6 xen-build fail REGR. vs. 183617 test-armhf-armhf-libvirt 10 host-ping-check-xen fail REGR. vs. 183617 Tests which did not succeed, but are not blocking: test-arm64-arm64-xl-xsm 1 build-check(1) blocked n/a test-arm64-arm64-libvirt-xsm 1 build-check(1) blocked n/a test-amd64-amd64-xl-qemut-win7-amd64 19 guest-stop fail like 183617 test-amd64-amd64-xl-qemuu-win7-amd64 19 guest-stop fail like 183617 test-armhf-armhf-libvirt-qcow2 15 saverestore-support-check fail like 183617 test-amd64-amd64-xl-qemuu-ws16-amd64 19 guest-stop fail like 183617 test-armhf-armhf-libvirt-raw 15 saverestore-support-check fail like 183617 test-amd64-amd64-xl-qemut-ws16-amd64 19 guest-stop fail like 183617 test-amd64-amd64-qemuu-nested-amd 20 debian-hvm-install/l1/l2 fail like 183617 test-amd64-amd64-libvirt 15 migrate-support-check fail never pass test-amd64-amd64-libvirt-xsm 15 migrate-support-check fail never pass test-amd64-amd64-libvirt-qemuu-debianhvm-amd64-xsm 13 migrate-support-check fail never pass test-armhf-armhf-xl-credit2 15 migrate-support-check fail never pass test-armhf-armhf-xl-credit2 16 saverestore-support-check fail never pass test-armhf-armhf-xl-multivcpu 15 migrate-support-check fail never pass test-armhf-armhf-xl-multivcpu 16 saverestore-support-check fail never pass test-armhf-armhf-xl-credit1 15 migrate-support-check fail never pass test-armhf-armhf-xl-credit1 16 saverestore-support-check fail never pass test-amd64-amd64-libvirt-qcow2 14 migrate-support-check fail never pass test-amd64-amd64-libvirt-raw 14 migrate-support-check fail never pass test-armhf-armhf-libvirt-qcow2 14 migrate-support-check fail never pass test-armhf-armhf-libvirt-raw 14 migrate-support-check fail never pass test-armhf-armhf-xl-rtds 15 migrate-support-check fail never pass test-armhf-armhf-xl-rtds 16 saverestore-support-check fail never pass test-armhf-armhf-xl 15 migrate-support-check fail never pass test-armhf-armhf-xl 16 saverestore-support-check fail never pass test-armhf-armhf-xl-arndale 15 migrate-support-check fail never pass test-armhf-armhf-xl-arndale 16 saverestore-support-check fail never pass test-armhf-armhf-xl-vhd 14 migrate-support-check fail never pass test-armhf-armhf-xl-vhd 15 saverestore-support-check fail never pass version targeted for testing: linux ecb8cd2a9f7af7f99a6d4fa0a5a31822f6cfe255 baseline version: linux ffc253263a1375a65fa6c9f62a893e9767fbebfa Last test of basis 183617 2023-10-30 08:36:55 Z 1 days Testing same since 183625 2023-10-31 02:27:44 Z 0 days 1 attempts ------------------------------------------------------------ People who touched revisions under test: "Darrick J. Wong" <djwong@xxxxxxxxxx> "Kuyo Chang (張建文)" <Kuyo.Chang@xxxxxxxxxxxx> "Md. Haris Iqbal" <haris.iqbal@xxxxxxxxx> "Peter Zijlstra (Intel)" <peterz@xxxxxxxxxxxxx> "Rafael J. Wysocki" <rafael@xxxxxxxxxx> Aaron Lu <aaron.lu@xxxxxxxxx> Aaron Plattner <aplattner@xxxxxxxxxx> Adam Dunlap <acdunlap@xxxxxxxxxx> Alexander Aring <aahringo@xxxxxxxxxx> Alexander Shishkin <alexander.shishkin@xxxxxxxxxxxxxxx> Alexey Dobriyan <adobriyan@xxxxxxxxx> Alison Schofield <alison.schofield@xxxxxxxxx> Amir Goldstein <amir73il@xxxxxxxxx> Anand Jain <anand.jain@xxxxxxxxxx> Anders Roxell <anders.roxell@xxxxxxxxxx> Ard Biesheuvel <ardb@xxxxxxxxxx> Atul Kumar Pant <atulpant.linux@xxxxxxxxx> Babu Moger <babu.moger@xxxxxxx> Baolin Liu <liubaolin@xxxxxxxxxx> Barry Song <song.bao.hua@xxxxxxxxxxxxx> Ben Wolsieffer <ben.wolsieffer@xxxxxxxxxxx> Bernd Schubert <bschubert@xxxxxxx> Binbin Wu <binbin.wu@xxxxxxxxxxxxxxx> Bjorn Helgaas <bhelgaas@xxxxxxxxxx> Boris Burkov <boris@xxxxxx> Borislav Petkov (AMD) <bp@xxxxxxxxx> Borislav Petkov <bp@xxxxxxxxx> Brett Holman <bholman.devel@xxxxxxxxx> Brett Holman <bpholman5@xxxxxxxxx> Brian Foster <bfoster@xxxxxxxxxx> Brian Gerst <brgerst@xxxxxxxxx> Chen Hanxiao <chenhx.fnst@xxxxxxxxxxx> Chengming Zhou <zhouchengming@xxxxxxxxxxxxx> Chris Webb <chris@xxxxxxxxxxxx> Christian Brauner <brauner@xxxxxxxxxx> Christoph Hellwig <hch@xxxxxx> Christophe JAILLET <christophe.jaillet@xxxxxxxxxx> Christopher James Halse Rogers <raof@xxxxxxxxxx> Chuck Lever <chuck.lever@xxxxxxxxxx> Colin Ian King <colin.i.king@xxxxxxxxx> Coly Li <colyli@xxxxxxx> Cuda-Chen <clh960524@xxxxxxxxx> Cyril Hrubis <chrubis@xxxxxxx> Dai Ngo <dai.ngo@xxxxxxxxxx> Dan Carpenter <dan.carpenter@xxxxxxxxxx> Dan Robertson <dan@xxxxxxxxxxxxxxx> Daniel B. Hill <daniel@xxxxxxx> Daniel Hill <daniel@xxxxxxx> Dave Hansen <dave.hansen@xxxxxxxxxxxxxxx> Dave Kleikamp <dave.kleikamp@xxxxxxxxxx> David Hildenbrand <david@xxxxxxxxxx> David Howells <dhowells@xxxxxxxxxx> David Kaplan <david.kaplan@xxxxxxx> David Reaver <me@xxxxxxxxxxxxxxx> David Sterba <dsterba@xxxxxxxx> Derick Marks <derick.w.marks@xxxxxxxxx> Dominique Martinet <asmadeus@xxxxxxxxxxxxx> Elliot Berman <quic_eberman@xxxxxxxxxxx> Eric Biggers <ebiggers@xxxxxxxxxx> Fan Yu <fan.yu9@xxxxxxxxxx> Fangrui Song <maskray@xxxxxxxxxx> Fenghua Yu <fenghua.yu@xxxxxxxxx> Filipe Manana <fdmanana@xxxxxxxx> Finn Thain <fthain@xxxxxxxxxxxxxx> Gao Xiang <hsiangkao@xxxxxxxxxxxxxxxxx> Gautham R. Shenoy <gautham.shenoy@xxxxxxx> Geert Uytterhoeven <geert@xxxxxxxxxxxxxx> Greg Kroah-Hartman <gregkh@xxxxxxxxxxxxxxxxxxx> Guo Ren <guoren@xxxxxxxxxx> Guo Ren <guoren@xxxxxxxxxxxxxxxxx> GUO Zihua <guozihua@xxxxxxxxxx> H. Peter Anvin (Intel) <hpa@xxxxxxxxx> Haifeng Xu <haifeng.xu@xxxxxxxxxx> Hans de Goede <hdegoede@xxxxxxxxxx> Hao Jia <jiahao.os@xxxxxxxxxxxxx> Heiko Carstens <hca@xxxxxxxxxxxxx> Hou Wenlong <houwenlong.hwl@xxxxxxxxxxxx> Hugh Dickins <hughd@xxxxxxxxxx> Hunter Shaffer <huntershaffer182456@xxxxxxxxx> Ian Kent <raven@xxxxxxxxxx> Ilya Dryomov <idryomov@xxxxxxxxx> Ingo Molnar <mingo@xxxxxxxxxx> Jacob Xu <jacobhxu@xxxxxxxxxx> Jakub Kicinski <kuba@xxxxxxxxxx> Jan Kara <jack@xxxxxxx> Janpieter Sollie <janpieter.sollie@xxxxxxxxx> Jeff Layton <jlayton@xxxxxxxxxx> Jianlin Li <ljianlin99@xxxxxxxxx> Jianyong Wu <jianyong.wu@xxxxxxx> Jiapeng Chong <jiapeng.chong@xxxxxxxxxxxxxxxxx> Jingbo Xu <jefflexu@xxxxxxxxxxxxxxxxx> Jo Van Bulck <jo.vanbulck@xxxxxxxxxxxxxx> Joel Fernandes (Google) <joel@xxxxxxxxxxxxxxxxx> Johannes Thumshirn <johannes.thumshirn@xxxxxxx> John Stultz <jstultz@xxxxxxxxxx> Josef Bacik <josef@xxxxxxxxxxxxxx> Josh Don <joshdon@xxxxxxxxxx> Josh Poimboeuf <jpoimboe@xxxxxxxxxx> Joshua Ashton <joshua@xxxxxxxxx> jpsollie <janpieter.sollie@xxxxxxxxx> Juergen Gross <jgross@xxxxxxxx> Juri Lelli <juri.lelli@xxxxxxxxxx> Justin Husted <sigstop@xxxxxxxxx> Justin Stitt <justinstitt@xxxxxxxxxx> K Prateek Nayak <kprateek.nayak@xxxxxxx> KaiLong Wang <wangkailong@xxxxxxx> Kan Liang <kan.liang@xxxxxxxxxxxxxxx> Kees Cook <keescook@xxxxxxxxxxxx> Kent Overstreet <kent.overstreet@xxxxxxxxx> Kent Overstreet <kent.overstreet@xxxxxxxxx> Kinglong Mee <kinglongmee@xxxxxxxxx> Kir Kolyshkin <kolyshkin@xxxxxxxxx> Klara Modin <klarasmodin@xxxxxxxxx> Leo Yu-Chi Liang <ycliang@xxxxxxxxxxxxx> Li zeming <zeming@xxxxxxxxxxxx> Liming Wu <liming.wu@xxxxxxxxxxxxxxx> Linus Torvalds <torvalds@xxxxxxxxxxxxxxxxxxxx> Lizhi Xu <lizhi.xu@xxxxxxxxxxxxx> Lorenzo Bianconi <lorenzo@xxxxxxxxxx> Lucy Mielke <lucymielke@xxxxxxxxxx> Luís Henriques <lhenriques@xxxxxxx> Maciej Wieczor-Retman <maciej.wieczor-retman@xxxxxxxxx> Marco Elver <elver@xxxxxxxxxx> Mario Casquero <mcasquer@xxxxxxxxxx> Masahiro Yamada <masahiroy@xxxxxxxxxx> Mateusz Guzik <mjguzik@xxxxxxxxx> Mathieu Desnoyers <mathieu.desnoyers@xxxxxxxxxxxx> Matthew Wilcox (Oracle) <willy@xxxxxxxxxxxxx> Max Kellermann <max.kellermann@xxxxxxxxx> Max Kellermann <mk@xxxxxxxxxx> Mel Gorman <mgorman@xxxxxxx> Mel Gorman <mgorman@xxxxxxxxxxxxxxxxxxx> Michal Hocko <mhocko@xxxxxxxx> Mike Rapoport (IBM) <rppt@xxxxxxxxxx> Mikulas Patocka <mpatocka@xxxxxxxxxx> Muralidhara M K <muralidhara.mk@xxxxxxx> Nathan Chancellor <nathan@xxxxxxxxxx> NeilBrown <neilb@xxxxxxx> Nick Desaulniers <ndesaulniers@xxxxxxxxxx> Nikolay Borisov <nik.borisov@xxxxxxxx> Oleg Nesterov <oleg@xxxxxxxxxx> Olexa Bilaniuk <obilaniu@xxxxxxxxx> pangzizhen001@xxxxxxxxxx <pangzizhen001@xxxxxxxxxx> Paolo Bonzini <pbonzini@xxxxxxxxxx> Paul E. McKenney <paulmck@xxxxxxxxxx> Paul Moore <paul@xxxxxxxxxxxxxx> Peter Newman <peternewman@xxxxxxxxxx> Peter Zijlstra (Intel) <peterz@xxxxxxxxxxxxx> Peter Zijlstra <peterz@xxxxxxxxxxxxx> peterz@xxxxxxxxxxxxx <peterz@xxxxxxxxxxxxx> Pierre Gondois <Pierre.Gondois@xxxxxxx> Qais Yousef (Google) <qyousef@xxxxxxxxxxx> Qais Yousef <qyousef@xxxxxxxxxxx> Qu Wenruo <wqu@xxxxxxxx> Rafael J. Wysocki <rafael.j.wysocki@xxxxxxxxx> Raghavendra K T <raghavendra.kt@xxxxxxx> Reuben Hawkins <reubenhwk@xxxxxxxxx> Robbie Litchfield <blam.kiwi@xxxxxxxxx> Ruan Jinjie <ruanjinjie@xxxxxxxxxx> Sai Krishna Potthuri <sai.krishna.potthuri@xxxxxxx> Sandipan Das <sandipan.das@xxxxxxx> Saurabh Sengar <ssengar@xxxxxxxxxxxxxxxxxxx> Sebastian Andrzej Siewior <bigeasy@xxxxxxxxxxxxx> Shrikanth Hegde <sshegde@xxxxxxxxxxxxxxxxxx> Shuai Xue <xueshuai@xxxxxxxxxxxxxxxxx> Shubhrajyoti Datta <shubhrajyoti.datta@xxxxxxx> Sicong Huang <huangsicong@xxxxxxxxx> Siddh Raman Pant <code@xxxxxxxx> Song Liu <song@xxxxxxxxxx> Steve Wahl <steve.wahl@xxxxxxx> Stijn Tintel <stijn@xxxxxxxxxxxxx> Suma Hegde <suma.hegde@xxxxxxx> Swapnil Sapkal <Swapnil.Sapkal@xxxxxxx> Tan Shaopeng <tan.shaopeng@xxxxxxxxxxxxxx> Tejun Heo <tj@xxxxxxxxxx> Tero Kristo <tero.kristo@xxxxxxxxxxxxxxx> Thomas Gleixner <tglx@xxxxxxxxxxxxx> Thomas Weißschuh <linux@xxxxxxxxxxxxxx> Tim Schlueter <schlueter.tim@xxxxxxxxx> Tobias Geerinckx-Rice <me@xxxxxxxxx> Torge Matthies <openglfreak@xxxxxxxxxxxxxx> Trond Myklebust <trond.myklebust@xxxxxxxxxxxxxxx> Uros Bizjak <ubizjak@xxxxxxxxx> Uwe Kleine-König <u.kleine-koenig@xxxxxxxxxxxxxx> Valentin Schneider <vschneid@xxxxxxxxxx> Vincent Guittot <vincent.guittot@xxxxxxxxxx> Waiman Long <longman@xxxxxxxxxx> Wang Jinchao <wangjinchao@xxxxxxxxxxx> Wedson Almeida Filho <walmeida@xxxxxxxxxxxxx> Will Deacon <will@xxxxxxxxxx> Xin Li (Intel) <xin@xxxxxxxxx> Xiu Jianfeng <xiujianfeng@xxxxxxxxxx> Yajun Deng <yajun.deng@xxxxxxxxx> Yang Li <yang.lee@xxxxxxxxxxxxxxxxx> Yang Yang <yang.yang29@xxxxxxxxxx> Yazen Ghannam <yazen.ghannam@xxxxxxx> Yicong Yang <yangyicong@xxxxxxxxxxxxx> Yiwei Lin <s921975628@xxxxxxxxx> Yu Liao <liaoyu15@xxxxxxxxxx> Yuntao Wang <ytcoode@xxxxxxxxx> Yury Norov <yury.norov@xxxxxxxxx> Yuxuan Shui <yshuiv7@xxxxxxxxx> Zhu Wang <wangzhu9@xxxxxxxxxx> Zizhen Pang <pangzizhen001@xxxxxxxxxx> jobs: build-amd64-xsm pass build-arm64-xsm fail build-i386-xsm pass build-amd64 pass build-arm64 pass build-armhf pass build-i386 pass build-amd64-libvirt pass build-arm64-libvirt pass build-armhf-libvirt pass build-i386-libvirt pass build-amd64-pvops pass build-arm64-pvops pass build-armhf-pvops pass build-i386-pvops pass test-amd64-amd64-xl pass test-amd64-coresched-amd64-xl pass test-arm64-arm64-xl fail test-armhf-armhf-xl pass test-amd64-amd64-libvirt-qemuu-debianhvm-amd64-xsm pass test-amd64-amd64-xl-qemut-stubdom-debianhvm-amd64-xsm pass test-amd64-amd64-xl-qemut-debianhvm-i386-xsm pass test-amd64-amd64-xl-qemuu-debianhvm-i386-xsm pass test-amd64-amd64-libvirt-xsm pass test-arm64-arm64-libvirt-xsm blocked test-amd64-amd64-xl-xsm pass test-arm64-arm64-xl-xsm blocked test-amd64-amd64-qemuu-nested-amd fail test-amd64-amd64-xl-pvhv2-amd pass test-amd64-amd64-dom0pvh-xl-amd pass test-amd64-amd64-xl-qemut-debianhvm-amd64 pass test-amd64-amd64-xl-qemuu-debianhvm-amd64 pass test-amd64-amd64-freebsd11-amd64 pass test-amd64-amd64-freebsd12-amd64 pass test-amd64-amd64-xl-qemuu-ovmf-amd64 pass test-amd64-amd64-xl-qemut-win7-amd64 fail test-amd64-amd64-xl-qemuu-win7-amd64 fail test-amd64-amd64-xl-qemut-ws16-amd64 fail test-amd64-amd64-xl-qemuu-ws16-amd64 fail test-armhf-armhf-xl-arndale pass test-amd64-amd64-examine-bios pass test-amd64-amd64-xl-credit1 pass test-arm64-arm64-xl-credit1 fail test-armhf-armhf-xl-credit1 pass test-amd64-amd64-xl-credit2 pass test-arm64-arm64-xl-credit2 fail test-armhf-armhf-xl-credit2 pass test-amd64-amd64-xl-qemuu-dmrestrict-amd64-dmrestrict pass test-amd64-amd64-examine pass test-arm64-arm64-examine fail test-armhf-armhf-examine pass test-amd64-amd64-qemuu-nested-intel pass test-amd64-amd64-xl-pvhv2-intel pass test-amd64-amd64-dom0pvh-xl-intel pass test-amd64-amd64-libvirt pass test-armhf-armhf-libvirt fail test-amd64-amd64-xl-multivcpu pass test-armhf-armhf-xl-multivcpu pass test-amd64-amd64-pair pass test-amd64-amd64-libvirt-pair pass test-amd64-amd64-xl-pvshim pass test-amd64-amd64-pygrub pass test-amd64-amd64-libvirt-qcow2 pass test-armhf-armhf-libvirt-qcow2 pass test-amd64-amd64-libvirt-raw pass test-arm64-arm64-libvirt-raw fail test-armhf-armhf-libvirt-raw pass test-amd64-amd64-xl-rtds pass test-armhf-armhf-xl-rtds pass test-amd64-amd64-xl-qemuu-debianhvm-amd64-shadow pass test-amd64-amd64-xl-shadow pass test-arm64-arm64-xl-thunderx fail test-amd64-amd64-examine-uefi pass test-amd64-amd64-xl-vhd pass test-arm64-arm64-xl-vhd fail test-armhf-armhf-xl-vhd pass ------------------------------------------------------------ sg-report-flight on osstest.test-lab.xenproject.org logs: /home/logs/logs images: /home/logs/images Logs, config files, etc. are available at http://logs.test-lab.xenproject.org/osstest/logs Explanation of these reports, and of osstest in general, is at http://xenbits.xen.org/gitweb/?p=osstest.git;a=blob;f=README.email;hb=master http://xenbits.xen.org/gitweb/?p=osstest.git;a=blob;f=README;hb=master Test harness code can be found at http://xenbits.xen.org/gitweb?p=osstest.git;a=summary Not pushing. (No revision log; it would be 50990 lines long.)
|
![]() |
Lists.xenproject.org is hosted with RackSpace, monitoring our |