[Date Prev][Date Next][Thread Prev][Thread Next][Date Index][Thread Index] [linux-linus test] 183544: tolerable FAIL - PUSHED
flight 183544 linux-linus real [real] flight 183550 linux-linus real-retest [real] http://logs.test-lab.xenproject.org/osstest/logs/183544/ http://logs.test-lab.xenproject.org/osstest/logs/183550/ Failures :-/ but no regressions. Tests which are failing intermittently (not blocking): test-armhf-armhf-libvirt 8 xen-boot fail pass in 183550-retest Tests which did not succeed, but are not blocking: test-armhf-armhf-libvirt 16 saverestore-support-check fail in 183550 like 183530 test-armhf-armhf-libvirt 15 migrate-support-check fail in 183550 never pass test-amd64-amd64-xl-qemut-win7-amd64 19 guest-stop fail like 183530 test-amd64-amd64-xl-qemuu-win7-amd64 19 guest-stop fail like 183530 test-armhf-armhf-libvirt-qcow2 15 saverestore-support-check fail like 183530 test-amd64-amd64-xl-qemuu-ws16-amd64 19 guest-stop fail like 183530 test-armhf-armhf-libvirt-raw 15 saverestore-support-check fail like 183530 test-amd64-amd64-xl-qemut-ws16-amd64 19 guest-stop fail like 183530 test-amd64-amd64-qemuu-nested-amd 20 debian-hvm-install/l1/l2 fail like 183530 test-amd64-amd64-libvirt 15 migrate-support-check fail never pass test-amd64-amd64-libvirt-xsm 15 migrate-support-check fail never pass test-arm64-arm64-xl-thunderx 15 migrate-support-check fail never pass test-arm64-arm64-xl 15 migrate-support-check fail never pass test-arm64-arm64-xl-thunderx 16 saverestore-support-check fail never pass test-arm64-arm64-xl-credit1 15 migrate-support-check fail never pass test-arm64-arm64-xl 16 saverestore-support-check fail never pass test-arm64-arm64-xl-credit1 16 saverestore-support-check fail never pass test-arm64-arm64-libvirt-xsm 15 migrate-support-check fail never pass test-arm64-arm64-libvirt-xsm 16 saverestore-support-check fail never pass test-arm64-arm64-xl-xsm 15 migrate-support-check fail never pass test-arm64-arm64-xl-xsm 16 saverestore-support-check fail never pass test-arm64-arm64-xl-credit2 15 migrate-support-check fail never pass test-arm64-arm64-xl-credit2 16 saverestore-support-check fail never pass test-amd64-amd64-libvirt-qemuu-debianhvm-amd64-xsm 13 migrate-support-check fail never pass test-armhf-armhf-xl-multivcpu 15 migrate-support-check fail never pass test-armhf-armhf-xl-multivcpu 16 saverestore-support-check fail never pass test-armhf-armhf-xl-credit1 15 migrate-support-check fail never pass test-armhf-armhf-xl-credit1 16 saverestore-support-check fail never pass test-amd64-amd64-libvirt-qcow2 14 migrate-support-check fail never pass test-amd64-amd64-libvirt-raw 14 migrate-support-check fail never pass test-arm64-arm64-libvirt-raw 14 migrate-support-check fail never pass test-arm64-arm64-libvirt-raw 15 saverestore-support-check fail never pass test-arm64-arm64-xl-vhd 14 migrate-support-check fail never pass test-arm64-arm64-xl-vhd 15 saverestore-support-check fail never pass test-armhf-armhf-libvirt-qcow2 14 migrate-support-check fail never pass test-armhf-armhf-libvirt-raw 14 migrate-support-check fail never pass test-armhf-armhf-xl-credit2 15 migrate-support-check fail never pass test-armhf-armhf-xl-credit2 16 saverestore-support-check fail never pass test-armhf-armhf-xl-rtds 15 migrate-support-check fail never pass test-armhf-armhf-xl-rtds 16 saverestore-support-check fail never pass test-armhf-armhf-xl 15 migrate-support-check fail never pass test-armhf-armhf-xl 16 saverestore-support-check fail never pass test-armhf-armhf-xl-arndale 15 migrate-support-check fail never pass test-armhf-armhf-xl-arndale 16 saverestore-support-check fail never pass test-armhf-armhf-xl-vhd 14 migrate-support-check fail never pass test-armhf-armhf-xl-vhd 15 saverestore-support-check fail never pass version targeted for testing: linux 3a568e3a961ba330091cd031647e4c303fa0badb baseline version: linux 611da07b89fdd53f140d7b33013f255bf0ed8f34 Last test of basis 183530 2023-10-25 18:12:16 Z 1 days Testing same since 183544 2023-10-26 19:11:57 Z 0 days 1 attempts ------------------------------------------------------------ People who touched revisions under test: Alex Bee <knaerzche@xxxxxxxxx> Alexandru Matei <alexandru.matei@xxxxxxxxxx> Anjali Kulkarni <anjali.k.kulkarni@xxxxxxxxxx> Arnd Bergmann <arnd@xxxxxxxx> Arpana Arland <arpanax.arland@xxxxxxxxx> (A Contingent worker at Intel) Avraham Stern <avraham.stern@xxxxxxxxx> Bartosz Golaszewski <bartosz.golaszewski@xxxxxxxxxx> Ben Greear <greearb@xxxxxxxxxxxxxxx> Bjorn Andersson <andersson@xxxxxxxxxx> Christoph Hellwig <hch@xxxxxx> Christophe JAILLET <christophe.jaillet@xxxxxxxxxx> Christopher Obbard <chris.obbard@xxxxxxxxxxxxx> Ciprian Regus <ciprian.regus@xxxxxxxxxx> Conor Dooley <conor.dooley@xxxxxxxxxxxxx> Dan Carpenter <dan.carpenter@xxxxxxxxxx> David S. Miller <davem@xxxxxxxxxxxxx> Dell Jin <dell.jin.code@xxxxxxxxxxx> Deming Wang <wangdeming@xxxxxxxxxx> Dmitry Baryshkov <dmitry.baryshkov@xxxxxxxxxx> Douglas Anderson <dianders@xxxxxxxxxxxx> Drew Fustini <dfustini@xxxxxxxxxxxx> Eric Dumazet <edumazet@xxxxxxxxxx> Ermin Sunj <ermin.sunj@xxxxxxxxxxxxxxxxxxxxx> Fred Chen <fred.chenchen03@xxxxxxxxx> Gan, Yi Fang <yi.fang.gan@xxxxxxxxx> Geert Uytterhoeven <geert+renesas@xxxxxxxxx> Gregory CLEMENT <gregory.clement@xxxxxxxxxxx> Gregory Greenman <gregory.greenman@xxxxxxxxx> Hao Ge <gehao@xxxxxxxxxx> Heiko Stuebner <heiko@xxxxxxxxx> hq.dev+kernel@xxxxxxxxx Ivan Vecera <ivecera@xxxxxxxxxx> Jacob Keller <jacob.e.keller@xxxxxxxxx> Jakob Unterwurzacher <jakob.unterwurzacher@xxxxxxxxxxxxxxxxxxxxx> Jakob Unterwurzacher <jakobunt@xxxxxxxxx> Jakub Kicinski <kuba@xxxxxxxxxx> Janusz Krzysztofik <jmkrzyszt@xxxxxxxxx> Jisheng Zhang <jszhang@xxxxxxxxxx> Johannes Berg <johannes.berg@xxxxxxxxx> Krzysztof Kozlowski <krzysztof.kozlowski@xxxxxxxxxx> Kunwu Chan <chentao@xxxxxxxxxx> Linus Torvalds <torvalds@xxxxxxxxxxxxxxxxxxxx> Maciej Fijalkowski <maciej.fijalkowski@xxxxxxxxx> Marco Elver <elver@xxxxxxxxxx> Mateusz Palczewski <mateusz.palczewski@xxxxxxxxx> Michael Sit Wei Hong <michael.wei.hong.sit@xxxxxxxxx> Michal Schmidt <mschmidt@xxxxxxxxxx> Mirsad Goran Todorovac <mirsad.todorovac@xxxxxxxxxxxx> Moritz Wanzenböck <moritz.wanzenboeck@xxxxxxxxxx> Naama Meir <naamax.meir@xxxxxxxxxxxxxxx> Nam Cao <namcao@xxxxxxxxxxxxx> Neal Cardwell <ncardwell@xxxxxxxxxx> Pablo Neira Ayuso <pablo@xxxxxxxxxxxxx> Paolo Abeni <pabeni@xxxxxxxxxx> Pieter Jansen van Vuuren <pieter.jansen-van-vuuren@xxxxxxx> Pucha Himasekhar Reddy <himasekharx.reddy.pucha@xxxxxxxxx> (A Contingent worker at Intel) Rafal Romanowski <rafal.romanowski@xxxxxxxxx> Randy Dunlap <rdunlap@xxxxxxxxxxxxx> Rob Herring <robh@xxxxxxxxxx> Robert Marko <robert.marko@xxxxxxxxxx> Samuel Holland <samuel.holland@xxxxxxxxxx> Sasha Neftin <sasha.neftin@xxxxxxxxx> Shawn Guo <shawnguo@xxxxxxxxxx> Shigeru Yoshida <syoshida@xxxxxxxxxx> Stephen Boyd <sboyd@xxxxxxxxxx> Su Hui <suhui@xxxxxxxxxxxx> Tirthendu Sarkar <tirthendu.sarkar@xxxxxxxxx> Tony Lindgren <tony@xxxxxxxxxxx> Tushar Vyavahare <tushar.vyavahare@xxxxxxxxx> Vlad Buslov <vladbu@xxxxxxxxxx> jobs: build-amd64-xsm pass build-arm64-xsm pass build-i386-xsm pass build-amd64 pass build-arm64 pass build-armhf pass build-i386 pass build-amd64-libvirt pass build-arm64-libvirt pass build-armhf-libvirt pass build-i386-libvirt pass build-amd64-pvops pass build-arm64-pvops pass build-armhf-pvops pass build-i386-pvops pass test-amd64-amd64-xl pass test-amd64-coresched-amd64-xl pass test-arm64-arm64-xl pass test-armhf-armhf-xl pass test-amd64-amd64-libvirt-qemuu-debianhvm-amd64-xsm pass test-amd64-amd64-xl-qemut-stubdom-debianhvm-amd64-xsm pass test-amd64-amd64-xl-qemut-debianhvm-i386-xsm pass test-amd64-amd64-xl-qemuu-debianhvm-i386-xsm pass test-amd64-amd64-libvirt-xsm pass test-arm64-arm64-libvirt-xsm pass test-amd64-amd64-xl-xsm pass test-arm64-arm64-xl-xsm pass test-amd64-amd64-qemuu-nested-amd fail test-amd64-amd64-xl-pvhv2-amd pass test-amd64-amd64-dom0pvh-xl-amd pass test-amd64-amd64-xl-qemut-debianhvm-amd64 pass test-amd64-amd64-xl-qemuu-debianhvm-amd64 pass test-amd64-amd64-freebsd11-amd64 pass test-amd64-amd64-freebsd12-amd64 pass test-amd64-amd64-xl-qemuu-ovmf-amd64 pass test-amd64-amd64-xl-qemut-win7-amd64 fail test-amd64-amd64-xl-qemuu-win7-amd64 fail test-amd64-amd64-xl-qemut-ws16-amd64 fail test-amd64-amd64-xl-qemuu-ws16-amd64 fail test-armhf-armhf-xl-arndale pass test-amd64-amd64-examine-bios pass test-amd64-amd64-xl-credit1 pass test-arm64-arm64-xl-credit1 pass test-armhf-armhf-xl-credit1 pass test-amd64-amd64-xl-credit2 pass test-arm64-arm64-xl-credit2 pass test-armhf-armhf-xl-credit2 pass test-amd64-amd64-xl-qemuu-dmrestrict-amd64-dmrestrict pass test-amd64-amd64-examine pass test-arm64-arm64-examine pass test-armhf-armhf-examine pass test-amd64-amd64-qemuu-nested-intel pass test-amd64-amd64-xl-pvhv2-intel pass test-amd64-amd64-dom0pvh-xl-intel pass test-amd64-amd64-libvirt pass test-armhf-armhf-libvirt fail test-amd64-amd64-xl-multivcpu pass test-armhf-armhf-xl-multivcpu pass test-amd64-amd64-pair pass test-amd64-amd64-libvirt-pair pass test-amd64-amd64-xl-pvshim pass test-amd64-amd64-pygrub pass test-amd64-amd64-libvirt-qcow2 pass test-armhf-armhf-libvirt-qcow2 pass test-amd64-amd64-libvirt-raw pass test-arm64-arm64-libvirt-raw pass test-armhf-armhf-libvirt-raw pass test-amd64-amd64-xl-rtds pass test-armhf-armhf-xl-rtds pass test-amd64-amd64-xl-qemuu-debianhvm-amd64-shadow pass test-amd64-amd64-xl-shadow pass test-arm64-arm64-xl-thunderx pass test-amd64-amd64-examine-uefi pass test-amd64-amd64-xl-vhd pass test-arm64-arm64-xl-vhd pass test-armhf-armhf-xl-vhd pass ------------------------------------------------------------ sg-report-flight on osstest.test-lab.xenproject.org logs: /home/logs/logs images: /home/logs/images Logs, config files, etc. are available at http://logs.test-lab.xenproject.org/osstest/logs Explanation of these reports, and of osstest in general, is at http://xenbits.xen.org/gitweb/?p=osstest.git;a=blob;f=README.email;hb=master http://xenbits.xen.org/gitweb/?p=osstest.git;a=blob;f=README;hb=master Test harness code can be found at http://xenbits.xen.org/gitweb?p=osstest.git;a=summary Pushing revision : hint: The 'hooks/update' hook was ignored because it's not set as executable. hint: You can disable this warning with `git config advice.ignoredHook false`. hint: The 'hooks/post-receive' hook was ignored because it's not set as executable. hint: You can disable this warning with `git config advice.ignoredHook false`. hint: The 'hooks/post-update' hook was ignored because it's not set as executable. hint: You can disable this warning with `git config advice.ignoredHook false`. To xenbits.xen.org:/home/xen/git/linux-pvops.git 611da07b89fd..3a568e3a961b 3a568e3a961ba330091cd031647e4c303fa0badb -> tested/linux-linus
|
![]() |
Lists.xenproject.org is hosted with RackSpace, monitoring our |