[Date Prev][Date Next][Thread Prev][Thread Next][Date Index][Thread Index] [linux-5.4 test] 183523: tolerable trouble: fail/pass/starved - PUSHED
flight 183523 linux-5.4 real [real] flight 183531 linux-5.4 real-retest [real] http://logs.test-lab.xenproject.org/osstest/logs/183523/ http://logs.test-lab.xenproject.org/osstest/logs/183531/ Failures :-/ but no regressions. Tests which are failing intermittently (not blocking): test-armhf-armhf-xl-multivcpu 14 guest-start fail pass in 183531-retest test-arm64-arm64-libvirt-raw 17 guest-start/debian.repeat fail pass in 183531-retest Tests which did not succeed, but are not blocking: test-armhf-armhf-xl-credit2 18 guest-start/debian.repeat fail blocked in 183335 test-armhf-armhf-xl-multivcpu 18 guest-start/debian.repeat fail in 183531 like 183335 test-armhf-armhf-xl-multivcpu 15 migrate-support-check fail in 183531 never pass test-armhf-armhf-xl-multivcpu 16 saverestore-support-check fail in 183531 never pass test-armhf-armhf-libvirt 16 saverestore-support-check fail like 183335 test-amd64-amd64-xl-qemuu-win7-amd64 19 guest-stop fail like 183335 test-amd64-i386-xl-qemut-win7-amd64 19 guest-stop fail like 183335 test-amd64-i386-xl-qemuu-win7-amd64 19 guest-stop fail like 183335 test-amd64-amd64-xl-qemut-win7-amd64 19 guest-stop fail like 183335 test-amd64-i386-xl-qemut-ws16-amd64 19 guest-stop fail like 183335 test-armhf-armhf-libvirt-qcow2 15 saverestore-support-check fail like 183335 test-armhf-armhf-libvirt-raw 15 saverestore-support-check fail like 183335 test-amd64-amd64-xl-qemuu-ws16-amd64 19 guest-stop fail like 183335 test-amd64-amd64-xl-qemut-ws16-amd64 19 guest-stop fail like 183335 test-amd64-amd64-qemuu-nested-amd 20 debian-hvm-install/l1/l2 fail like 183335 test-amd64-i386-xl-qemuu-ws16-amd64 19 guest-stop fail like 183335 test-amd64-i386-xl-pvshim 14 guest-start fail never pass test-arm64-arm64-xl-thunderx 15 migrate-support-check fail never pass test-arm64-arm64-xl-thunderx 16 saverestore-support-check fail never pass test-amd64-i386-libvirt-qemuu-debianhvm-amd64-xsm 13 migrate-support-check fail never pass test-amd64-i386-libvirt-xsm 15 migrate-support-check fail never pass test-amd64-i386-libvirt 15 migrate-support-check fail never pass test-amd64-amd64-libvirt 15 migrate-support-check fail never pass test-amd64-amd64-libvirt-xsm 15 migrate-support-check fail never pass test-amd64-amd64-libvirt-qemuu-debianhvm-amd64-xsm 13 migrate-support-check fail never pass test-arm64-arm64-libvirt-xsm 15 migrate-support-check fail never pass test-arm64-arm64-libvirt-xsm 16 saverestore-support-check fail never pass test-arm64-arm64-xl-credit2 15 migrate-support-check fail never pass test-arm64-arm64-xl-credit2 16 saverestore-support-check fail never pass test-arm64-arm64-xl 15 migrate-support-check fail never pass test-arm64-arm64-xl 16 saverestore-support-check fail never pass test-amd64-amd64-libvirt-vhd 14 migrate-support-check fail never pass test-arm64-arm64-xl-credit1 15 migrate-support-check fail never pass test-arm64-arm64-xl-credit1 16 saverestore-support-check fail never pass test-armhf-armhf-xl-arndale 15 migrate-support-check fail never pass test-armhf-armhf-xl-rtds 15 migrate-support-check fail never pass test-armhf-armhf-xl-arndale 16 saverestore-support-check fail never pass test-armhf-armhf-xl-rtds 16 saverestore-support-check fail never pass test-arm64-arm64-xl-xsm 15 migrate-support-check fail never pass test-arm64-arm64-xl-xsm 16 saverestore-support-check fail never pass test-armhf-armhf-xl-credit1 15 migrate-support-check fail never pass test-armhf-armhf-xl-credit1 16 saverestore-support-check fail never pass test-armhf-armhf-xl 15 migrate-support-check fail never pass test-armhf-armhf-xl 16 saverestore-support-check fail never pass test-armhf-armhf-libvirt 15 migrate-support-check fail never pass test-amd64-i386-libvirt-raw 14 migrate-support-check fail never pass test-arm64-arm64-libvirt-raw 14 migrate-support-check fail never pass test-arm64-arm64-libvirt-raw 15 saverestore-support-check fail never pass test-arm64-arm64-xl-vhd 14 migrate-support-check fail never pass test-arm64-arm64-xl-vhd 15 saverestore-support-check fail never pass test-armhf-armhf-libvirt-qcow2 14 migrate-support-check fail never pass test-armhf-armhf-libvirt-raw 14 migrate-support-check fail never pass test-armhf-armhf-xl-vhd 14 migrate-support-check fail never pass test-armhf-armhf-xl-vhd 15 saverestore-support-check fail never pass test-armhf-armhf-xl-credit2 15 migrate-support-check fail never pass test-armhf-armhf-xl-credit2 16 saverestore-support-check fail never pass test-amd64-amd64-dom0pvh-xl-amd 3 hosts-allocate starved n/a version targeted for testing: linux 86ea40e6ad22d9d7daa54b9e8167ad1e4a8a48ee baseline version: linux 02f78c59a0ed312a41d5d76397ea812c7cb19cb2 Last test of basis 183335 2023-10-10 20:15:05 Z 15 days Testing same since 183523 2023-10-25 10:14:26 Z 0 days 1 attempts ------------------------------------------------------------ People who touched revisions under test: Abhinav Kumar <quic_abhinavk@xxxxxxxxxxx> Adrian Hunter <adrian.hunter@xxxxxxxxx> Alexander Zangerl <az@xxxxxxxxxxxxxxxx> Amelie Delaunay <amelie.delaunay@xxxxxxxxxxx> Amir Goldstein <amir73il@xxxxxxxxx> Andy Shevchenko <andriy.shevchenko@xxxxxxxxxxxxxxx> Arkadiusz Bokowy <arkadiusz.bokowy@xxxxxxxxx> Arnd Bergmann <arnd@xxxxxxxx> Artem Chernyshev <artem.chernyshev@xxxxxxxxxxx> Atish Patra <atishp@xxxxxxxxxxxx> Avri Altman <avri.altman@xxxxxxx> Bagas Sanjaya <bagasdotme@xxxxxxxxx> Bartosz Golaszewski <bartosz.golaszewski@xxxxxxxxxx> Benjamin Berg <benjamin.berg@xxxxxxxxx> Benjamin Tissoires <bentiss@xxxxxxxxxx> Benoît Monin <benoit.monin@xxxxxx> Bibek Kumar Patro <quic_bibekkum@xxxxxxxxxxx> Borislav Petkov (AMD) <bp@xxxxxxxxx> Chengfeng Ye <dg573847474@xxxxxxxxx> Christian Brauner <brauner@xxxxxxxxxx> Christophe Leroy <christophe.leroy@xxxxxxxxxx> Clément Léger <cleger@xxxxxxxxxxxx> Damien Le Moal <dlemoal@xxxxxxxxxx> Dan Carpenter <dan.carpenter@xxxxxxxxxx> David S. Miller <davem@xxxxxxxxxxxxx> David Sterba <dsterba@xxxxxxxx> Dinghao Liu <dinghao.liu@xxxxxxxxxx> Dmitry Torokhov <dmitry.torokhov@xxxxxxxxx> Duoming Zhou <duoming@xxxxxxxxxx> Dzmitry <wrkedm@xxxxxxxxx> Edward AD <twuufnxlz@xxxxxxxxx> Eric Dumazet <edumazet@xxxxxxxxxx> Fabio Porcedda <fabio.porcedda@xxxxxxxxx> Filipe Manana <fdmanana@xxxxxxxx> Florian Fainelli <florian.fainelli@xxxxxxxxxxxx> Florian Westphal <fw@xxxxxxxxx> Gavrilov Ilia <Ilia.Gavrilov@xxxxxxxxxxx> Geert Uytterhoeven <geert+renesas@xxxxxxxxx> Greg Kroah-Hartman <gregkh@xxxxxxxxxxxxxxxxxxx> Haibo Chen <haibo.chen@xxxxxxx> Hans de Goede <hdegoede@xxxxxxxxxx> Harshit Mogalapalli <harshit.m.mogalapalli@xxxxxxxxxx> Heiner Kallweit <hkallweit1@xxxxxxxxx> Herbert Xu <herbert@xxxxxxxxxxxxxxxxxxx> Hui Wang <hui.wang@xxxxxxxxxxxxx> Ilya Dryomov <idryomov@xxxxxxxxx> Jacob Keller <jacob.e.keller@xxxxxxxxx> Jakub Kicinski <kuba@xxxxxxxxxx> Jamal Hadi Salim <jhs@xxxxxxxxxxxx> Jan Kara <jack@xxxxxxx> Jason Wang <jasowang@xxxxxxxxxx> Javier Carrasco <javier.carrasco.cruz@xxxxxxxxx> Jeff Layton <jlayton@xxxxxxxxxx> Jeffery Miller <jefferymiller@xxxxxxxxxx> Jens Axboe <axboe@xxxxxxxxx> Jeremy Cline <jeremy@xxxxxxxxxx> Jesse Brandeburg <jesse.brandeburg@xxxxxxxxx> Jim Mattson <jmattson@xxxxxxxxxx> Jiri Kosina <jkosina@xxxxxxx> Johan Hovold <johan+linaro@xxxxxxxxxx> Johan Hovold <johan@xxxxxxxxxx> Johannes Berg <johannes.berg@xxxxxxxxx> John Garry <john.garry@xxxxxxxxxx> Jonathan Cameron <Jonathan.Cameron@xxxxxxxxxx> Jordan Rife <jrife@xxxxxxxxxx> Jorge Sanjuan Garcia <jorge.sanjuangarcia@xxxxxxxxxx> Jose Javier Rodriguez Barbarin <JoseJavier.Rodriguez@xxxxxxxxxx> Josef Bacik <josef@xxxxxxxxxxxxxx> Josua Mayer <josua@xxxxxxxxxxxxx> Kai Uwe Broulik <foss-linux@xxxxxxxxxx> Kees Cook <keescook@xxxxxxxxxxxx> Kellen Renshaw <kellen.renshaw@xxxxxxxxxxxxx> Kenta Sato <tosainu.maple@xxxxxxxxx> Konstantin Meskhidze <konstantin.meskhidze@xxxxxxxxxx> Krishna Kurapati <quic_kriskura@xxxxxxxxxxx> Krzysztof Kozlowski <krzysztof.kozlowski@xxxxxxxxxx> Lakshmi Yadlapati <lakshmiy@xxxxxxxxxx> Lee, Chun-Yi <jlee@xxxxxxxx> Leon Romanovsky <leon@xxxxxxxxxx> Linus Walleij <linus.walleij@xxxxxxxxxx> Linux Kernel Functional Testing <lkft@xxxxxxxxxx> Liviu Dudau <liviu.dudau@xxxxxxx> Luiz Augusto von Dentz <luiz.von.dentz@xxxxxxxxx> Ma Ke <make_ruc2021@xxxxxxx> Manish Chopra <manishc@xxxxxxxxxxx> Manuel Krause <manuelkrause@xxxxxxxxxxxx> Marc Zyngier <maz@xxxxxxxxxx> Mark Brown <broonie@xxxxxxxxxx> Martin Fuzzey <martin.fuzzey@flowbird.group> Martin Kurbanov <mmkurbanov@xxxxxxxxxxxxxx> Mathias Nyman <mathias.nyman@xxxxxxxxxxxxxxx> Matthias Berndt <matthias_berndt@xxxxxx> Michael Ellerman <mpe@xxxxxxxxxxxxxx> Michal Koutný <mkoutny@xxxxxxxx> Michal Schmidt <mschmidt@xxxxxxxxxx> Michał Mirosław <mirq-linux@xxxxxxxxxxxx> Mingwei Zhang <mizhang@xxxxxxxxxx> Miquel Raynal <miquel.raynal@xxxxxxxxxxx> Nathan Chancellor <nathan@xxxxxxxxxx> Neal Cardwell <ncardwell@xxxxxxxxxx> Nicolas Dichtel <nicolas.dichtel@xxxxxxxxx> Niklas Schnelle <schnelle@xxxxxxxxxxxxx> Pablo Neira Ayuso <pablo@xxxxxxxxxxxxx> Paolo Abeni <pabeni@xxxxxxxxxx> Paul Menzel <pmenzel@xxxxxxxxxxxxx> Pedro Tammela <pctammela@xxxxxxxxxxxx> Peter Korsgaard <peter@xxxxxxxxxxxxx> Peter Rosin <peda@xxxxxxxxxx> Peter Zijlstra (Intel) <peterz@xxxxxxxxxxxxx> Peter Zijlstra <peterz@xxxxxxxxxxxxx> Phil Elwell <phil@xxxxxxxxxxxxxxx> Piyush Mehta <piyush.mehta@xxxxxxx> Pucha Himasekhar Reddy <himasekharx.reddy.pucha@xxxxxxxxx> (A Contingent worker at Intel) Puliang Lu <puliang.lu@xxxxxxxxxxx> Rafael J. Wysocki <rafael.j.wysocki@xxxxxxxxx> Rahul Rameshbabu <sergeantsagara@xxxxxxxxxxxxxx> René Rebe <rene@xxxxxxxxxxxx> Ricardo Cañuelo <ricardo.canuelo@xxxxxxxxxxxxx> Roger Pau Monne <roger.pau@xxxxxxxxxx> Roger Pau Monné <roger.pau@xxxxxxxxxx> Sasha Levin <sashal@xxxxxxxxxx> Sean Christopherson <seanjc@xxxxxxxxxx> Simon Horman <horms@xxxxxxxxxx> # build-tested Slade Watkins <srw@xxxxxxxxxxxxxxxx> Stefan Schmidt <stefan@xxxxxxxxxxxxxxxxxx> Stefan Wahren <wahrenst@xxxxxxx> Steffen Klassert <steffen.klassert@xxxxxxxxxxx> Steven Rostedt (Google) <rostedt@xxxxxxxxxxx> Sudip Mukherjee <sudip.mukherjee@xxxxxxxxxxxxxxx> Sunand <sunandchakradhar@xxxxxxxxx> Sunil V L <sunilvl@xxxxxxxxxxxxxxxx> Tamim Khan <tamim@xxxxxxxxxxx> Tejun Heo <tj@xxxxxxxxxx> Thierry Reding <thierry.reding@xxxxxxxxx> Thinh Nguyen <Thinh.Nguyen@xxxxxxxxxxxx> Thorsten Leemhuis <linux@xxxxxxxxxxxxx> Tony Lindgren <tony@xxxxxxxxxxx> Ulf Hansson <ulf.hansson@xxxxxxxxxx> Uwe Kleine-König <u.kleine-koenig@xxxxxxxxxxxxxx> Vasily Gorbik <gor@xxxxxxxxxxxxx> Vinod Koul <vkoul@xxxxxxxxxx> Waiman Long <longman@xxxxxxxxxx> Wei Liu <wei.liu@xxxxxxxxxx> Wen Gong <quic_wgong@xxxxxxxxxxx> Wesley Cheng <quic_wcheng@xxxxxxxxxxx> Wolfram Sang <wsa@xxxxxxxxxx> Xingxing Luo <xingxing.luo@xxxxxxxxxx> Xiubo Li <xiubli@xxxxxxxxxx> Ying Hsu <yinghsu@xxxxxxxxxxxx> Yoshihiro Shimoda <yoshihiro.shimoda.uh@xxxxxxxxxxx> Yuchung Cheng <ycheng@xxxxxxxxxx> Zack Rusin <zackr@xxxxxxxxxx> zelenat <zelenat@xxxxxxxxx> Zhang Changzhong <zhangchangzhong@xxxxxxxxxx> Ziyang Xuan <william.xuanziyang@xxxxxxxxxx> jobs: build-amd64-xsm pass build-arm64-xsm pass build-i386-xsm pass build-amd64 pass build-arm64 pass build-armhf pass build-i386 pass build-amd64-libvirt pass build-arm64-libvirt pass build-armhf-libvirt pass build-i386-libvirt pass build-amd64-pvops pass build-arm64-pvops pass build-armhf-pvops pass build-i386-pvops pass test-amd64-amd64-xl pass test-amd64-coresched-amd64-xl pass test-arm64-arm64-xl pass test-armhf-armhf-xl pass test-amd64-i386-xl pass test-amd64-coresched-i386-xl pass test-amd64-amd64-libvirt-qemuu-debianhvm-amd64-xsm pass test-amd64-i386-libvirt-qemuu-debianhvm-amd64-xsm pass test-amd64-amd64-xl-qemut-stubdom-debianhvm-amd64-xsm pass test-amd64-i386-xl-qemut-stubdom-debianhvm-amd64-xsm pass test-amd64-amd64-xl-qemut-debianhvm-i386-xsm pass test-amd64-i386-xl-qemut-debianhvm-i386-xsm pass test-amd64-amd64-xl-qemuu-debianhvm-i386-xsm pass test-amd64-i386-xl-qemuu-debianhvm-i386-xsm pass test-amd64-amd64-libvirt-xsm pass test-arm64-arm64-libvirt-xsm pass test-amd64-i386-libvirt-xsm pass test-amd64-amd64-xl-xsm pass test-arm64-arm64-xl-xsm pass test-amd64-i386-xl-xsm pass test-amd64-amd64-qemuu-nested-amd fail test-amd64-amd64-xl-pvhv2-amd pass test-amd64-i386-qemut-rhel6hvm-amd pass test-amd64-i386-qemuu-rhel6hvm-amd pass test-amd64-amd64-dom0pvh-xl-amd starved test-amd64-amd64-xl-qemut-debianhvm-amd64 pass test-amd64-i386-xl-qemut-debianhvm-amd64 pass test-amd64-amd64-xl-qemuu-debianhvm-amd64 pass test-amd64-i386-xl-qemuu-debianhvm-amd64 pass test-amd64-i386-freebsd10-amd64 pass test-amd64-amd64-qemuu-freebsd11-amd64 pass test-amd64-amd64-qemuu-freebsd12-amd64 pass test-amd64-amd64-xl-qemuu-ovmf-amd64 pass test-amd64-i386-xl-qemuu-ovmf-amd64 pass test-amd64-amd64-xl-qemut-win7-amd64 fail test-amd64-i386-xl-qemut-win7-amd64 fail test-amd64-amd64-xl-qemuu-win7-amd64 fail test-amd64-i386-xl-qemuu-win7-amd64 fail test-amd64-amd64-xl-qemut-ws16-amd64 fail test-amd64-i386-xl-qemut-ws16-amd64 fail test-amd64-amd64-xl-qemuu-ws16-amd64 fail test-amd64-i386-xl-qemuu-ws16-amd64 fail test-armhf-armhf-xl-arndale pass test-amd64-amd64-examine-bios pass test-amd64-i386-examine-bios pass test-amd64-amd64-xl-credit1 pass test-arm64-arm64-xl-credit1 pass test-armhf-armhf-xl-credit1 pass test-amd64-amd64-xl-credit2 pass test-arm64-arm64-xl-credit2 pass test-armhf-armhf-xl-credit2 fail test-amd64-amd64-xl-qemuu-dmrestrict-amd64-dmrestrict pass test-amd64-i386-xl-qemuu-dmrestrict-amd64-dmrestrict pass test-amd64-amd64-examine pass test-arm64-arm64-examine pass test-armhf-armhf-examine pass test-amd64-i386-examine pass test-amd64-i386-freebsd10-i386 pass test-amd64-amd64-qemuu-nested-intel pass test-amd64-amd64-xl-pvhv2-intel pass test-amd64-i386-qemut-rhel6hvm-intel pass test-amd64-i386-qemuu-rhel6hvm-intel pass test-amd64-amd64-dom0pvh-xl-intel pass test-amd64-amd64-libvirt pass test-armhf-armhf-libvirt pass test-amd64-i386-libvirt pass test-amd64-amd64-xl-multivcpu pass test-armhf-armhf-xl-multivcpu fail test-amd64-amd64-pair pass test-amd64-i386-pair pass test-amd64-amd64-libvirt-pair pass test-amd64-i386-libvirt-pair pass test-amd64-amd64-xl-pvshim pass test-amd64-i386-xl-pvshim fail test-amd64-amd64-pygrub pass test-armhf-armhf-libvirt-qcow2 pass test-amd64-amd64-xl-qcow2 pass test-arm64-arm64-libvirt-raw fail test-armhf-armhf-libvirt-raw pass test-amd64-i386-libvirt-raw pass test-amd64-amd64-xl-rtds pass test-armhf-armhf-xl-rtds pass test-amd64-amd64-xl-qemuu-debianhvm-amd64-shadow pass test-amd64-i386-xl-qemuu-debianhvm-amd64-shadow pass test-amd64-amd64-xl-shadow pass test-amd64-i386-xl-shadow pass test-arm64-arm64-xl-thunderx pass test-amd64-amd64-examine-uefi pass test-amd64-i386-examine-uefi pass test-amd64-amd64-libvirt-vhd pass test-arm64-arm64-xl-vhd pass test-armhf-armhf-xl-vhd pass test-amd64-i386-xl-vhd pass ------------------------------------------------------------ sg-report-flight on osstest.test-lab.xenproject.org logs: /home/logs/logs images: /home/logs/images Logs, config files, etc. are available at http://logs.test-lab.xenproject.org/osstest/logs Explanation of these reports, and of osstest in general, is at http://xenbits.xen.org/gitweb/?p=osstest.git;a=blob;f=README.email;hb=master http://xenbits.xen.org/gitweb/?p=osstest.git;a=blob;f=README;hb=master Test harness code can be found at http://xenbits.xen.org/gitweb?p=osstest.git;a=summary Pushing revision : hint: The 'hooks/update' hook was ignored because it's not set as executable. hint: You can disable this warning with `git config advice.ignoredHook false`. hint: The 'hooks/post-receive' hook was ignored because it's not set as executable. hint: You can disable this warning with `git config advice.ignoredHook false`. hint: The 'hooks/post-update' hook was ignored because it's not set as executable. hint: You can disable this warning with `git config advice.ignoredHook false`. To xenbits.xen.org:/home/xen/git/linux-pvops.git 02f78c59a0ed..86ea40e6ad22 86ea40e6ad22d9d7daa54b9e8167ad1e4a8a48ee -> tested/linux-5.4
|
Lists.xenproject.org is hosted with RackSpace, monitoring our |