[Date Prev][Date Next][Thread Prev][Thread Next][Date Index][Thread Index] [linux-linus test] 183362: tolerable FAIL - PUSHED
flight 183362 linux-linus real [real] http://logs.test-lab.xenproject.org/osstest/logs/183362/ Failures :-/ but no regressions. Tests which did not succeed, but are not blocking: test-amd64-amd64-xl-qemut-win7-amd64 19 guest-stop fail like 183359 test-amd64-amd64-xl-qemuu-win7-amd64 19 guest-stop fail like 183359 test-amd64-amd64-xl-qemuu-ws16-amd64 19 guest-stop fail like 183359 test-armhf-armhf-libvirt-raw 15 saverestore-support-check fail like 183359 test-armhf-armhf-libvirt 16 saverestore-support-check fail like 183359 test-amd64-amd64-xl-qemut-ws16-amd64 19 guest-stop fail like 183359 test-armhf-armhf-libvirt-qcow2 15 saverestore-support-check fail like 183359 test-amd64-amd64-qemuu-nested-amd 20 debian-hvm-install/l1/l2 fail like 183359 test-amd64-amd64-libvirt-xsm 15 migrate-support-check fail never pass test-arm64-arm64-xl-thunderx 15 migrate-support-check fail never pass test-arm64-arm64-xl-thunderx 16 saverestore-support-check fail never pass test-arm64-arm64-xl-xsm 15 migrate-support-check fail never pass test-arm64-arm64-libvirt-xsm 15 migrate-support-check fail never pass test-arm64-arm64-xl-xsm 16 saverestore-support-check fail never pass test-arm64-arm64-libvirt-xsm 16 saverestore-support-check fail never pass test-arm64-arm64-xl 15 migrate-support-check fail never pass test-arm64-arm64-xl 16 saverestore-support-check fail never pass test-arm64-arm64-xl-credit2 15 migrate-support-check fail never pass test-arm64-arm64-xl-credit2 16 saverestore-support-check fail never pass test-amd64-amd64-libvirt-qemuu-debianhvm-amd64-xsm 13 migrate-support-check fail never pass test-armhf-armhf-xl-multivcpu 15 migrate-support-check fail never pass test-armhf-armhf-xl-multivcpu 16 saverestore-support-check fail never pass test-armhf-armhf-xl-arndale 15 migrate-support-check fail never pass test-armhf-armhf-xl-arndale 16 saverestore-support-check fail never pass test-arm64-arm64-xl-credit1 15 migrate-support-check fail never pass test-arm64-arm64-xl-credit1 16 saverestore-support-check fail never pass test-amd64-amd64-libvirt-qcow2 14 migrate-support-check fail never pass test-amd64-amd64-libvirt-raw 14 migrate-support-check fail never pass test-arm64-arm64-libvirt-raw 14 migrate-support-check fail never pass test-arm64-arm64-libvirt-raw 15 saverestore-support-check fail never pass test-arm64-arm64-xl-vhd 14 migrate-support-check fail never pass test-arm64-arm64-xl-vhd 15 saverestore-support-check fail never pass test-amd64-amd64-libvirt 15 migrate-support-check fail never pass test-armhf-armhf-libvirt-raw 14 migrate-support-check fail never pass test-armhf-armhf-xl-vhd 14 migrate-support-check fail never pass test-armhf-armhf-xl-vhd 15 saverestore-support-check fail never pass test-armhf-armhf-xl 15 migrate-support-check fail never pass test-armhf-armhf-xl 16 saverestore-support-check fail never pass test-armhf-armhf-xl-rtds 15 migrate-support-check fail never pass test-armhf-armhf-xl-credit2 15 migrate-support-check fail never pass test-armhf-armhf-xl-rtds 16 saverestore-support-check fail never pass test-armhf-armhf-xl-credit2 16 saverestore-support-check fail never pass test-armhf-armhf-libvirt 15 migrate-support-check fail never pass test-armhf-armhf-xl-credit1 15 migrate-support-check fail never pass test-armhf-armhf-xl-credit1 16 saverestore-support-check fail never pass test-armhf-armhf-libvirt-qcow2 14 migrate-support-check fail never pass version targeted for testing: linux 20f4757fa5ed2d9a7746d01b8950cfe04d593a0a baseline version: linux 401644852d0b2a278811de38081be23f74b5bb04 Last test of basis 183359 2023-10-12 13:01:48 Z 0 days Testing same since 183362 2023-10-13 02:07:59 Z 0 days 1 attempts ------------------------------------------------------------ People who touched revisions under test: Andrew Kanner <andrew.kanner@xxxxxxxxx> AngeloGioacchino Del Regno <angelogioacchino.delregno@xxxxxxxxxxxxx> Arnd Bergmann <arnd@xxxxxxxx> Björn Töpel <bjorn@xxxxxxxxxxxx> Charlotte Tan <charlotte@xxxxxxxxxxxx> Christian Marangi <ansuelsmth@xxxxxxxxx> Dan Carpenter <dan.carpenter@xxxxxxxxxx> Daniel Borkmann <daniel@xxxxxxxxxxxxx> David S. Miller <davem@xxxxxxxxxxxxx> David Vernet <void@xxxxxxxxxxxxx> Deepak Saxena <dsaxena@xxxxxxxxxxx> Dinghao Liu <dinghao.liu@xxxxxxxxxx> Dmitry Torokhov <dmitry.torokhov@xxxxxxxxx> Drew Fustini <dfustini@xxxxxxxxxxxx> Eric Dumazet <edumazet@xxxxxxxxxx> Eugen Hristev <eugen.hristev@xxxxxxxxxxxxx> Geert Uytterhoeven <geert+renesas@xxxxxxxxx> Gerd Bayer <gbayer@xxxxxxxxxxxxx> Gustavo A. R. Silva <gustavoars@xxxxxxxxxx> Haibo Chen <haibo.chen@xxxxxxx> Hal Feng <hal.feng@xxxxxxxxxxxxxxxx> Ilya Leoshkevich <iii@xxxxxxxxxxxxx> Ioana Ciornei <ioana.ciornei@xxxxxxx> Jakub Kicinski <kuba@xxxxxxxxxx> Jamal Hadi Salim <jhs@xxxxxxxxxxxx> Javier Carrasco <javier.carrasco.cruz@xxxxxxxxx> Jens Wiklander <jens.wiklander@xxxxxxxxxx> Jeremy Cline <jeremy@xxxxxxxxxx> Jeremy Kerr <jk@xxxxxxxxxxxxxxxxxxxx> Jisheng Zhang <jszhang@xxxxxxxxxx> John Watts <contact@xxxxxxxxxx> Kory Maincent <kory.maincent@xxxxxxxxxxx> Krzysztof Hałasa <khalasa@xxxxxxx> Kuniyuki Iwashima <kuniyu@xxxxxxxxxx> Linus Torvalds <torvalds@xxxxxxxxxxxxxxxxxxxx> Linus Walleij <linus.walleij@xxxxxxxxxx> Lorenz Bauer <lmb@xxxxxxxxxxxxx> Louis Peens <louis.peens@xxxxxxxxxxxx> Lucy Mielke <lucymielke@xxxxxxxxxx> Lukas Magel <lukas.magel@xxxxxxxxxx> Macpaul Lin <macpaul.lin@xxxxxxxxxxxx> Magnus Karlsson <magnus.karlsson@xxxxxxxxx> Marc Kleine-Budde <mkl@xxxxxxxxxxxxxx> Marcin Szycik <marcin.szycik@xxxxxxxxxxxxxxx> Marek Behún <kabel@xxxxxxxxxx> Markus Schneider-Pargmann <msp@xxxxxxxxxxxx> Martin KaFai Lau <martin.lau@xxxxxxxxxx> Mathieu Poirier <mathieu.poirier@xxxxxxxxxx> Matthias Brugger <matthias.bgg@xxxxxxxxx> Michal Koutný <mkoutny@xxxxxxxx> Michal Swiatkowski <michal.swiatkowski@xxxxxxxxxxxxxxx> Mikhail Kobuk <m.kobuk@xxxxxxxxx> Miquel Raynal <miquel.raynal@xxxxxxxxxxx> Moshe Shemesh <moshe@xxxxxxxxxx> Nils Hoppmann <niho@xxxxxxxxxxxxx> Nícolas F. R. A. Prado <nfraprado@xxxxxxxxxxxxx> Paolo Abeni <pabeni@xxxxxxxxxx> Peng Fan <peng.fan@xxxxxxx> Peter Korsgaard <peter@xxxxxxxxxxxxx> Radu Pirea (NXP OSS) <radu-nicolae.pirea@xxxxxxxxxxx> Ralph Siemsen <ralph.siemsen@xxxxxxxxxx> Randy Dunlap <rdunlap@xxxxxxxxxxxxx> Randy Dunlap <rdunlap@xxxxxxxxxxxxx> # build-tested Ratheesh Kannoth <rkannoth@xxxxxxxxxxx> Rijo Thomas <Rijo-john.Thomas@xxxxxxx> Roger Pau Monne <roger.pau@xxxxxxxxxx> Roger Pau Monné <roger.pau@xxxxxxxxxx> Simon Horman <horms@xxxxxxxxxx> # build-tested Stefan Schmidt <stefan@xxxxxxxxxxxxxxxxxx> Sujai Buvaneswaran <sujai.buvaneswaran@xxxxxxxxx> syzbot+fae676d3cf469331fc89@xxxxxxxxxxxxxxxxxxxxxxxxx Tejun Heo <tj@xxxxxxxxxx> Tony Nguyen <anthony.l.nguyen@xxxxxxxxx> Ulf Hansson <ulf.hansson@xxxxxxxxxx> Vladimir Oltean <vladimir.oltean@xxxxxxx> Waiman Long <longman@xxxxxxxxxx> WangJinchao <wangjinchao@xxxxxxxxxxx> Wei Liu <wei.liu@xxxxxxxxxx> Wenjia Zhang <wenjia@xxxxxxxxxxxxx> Will Mortensen <will@xxxxxxxxxxxx> Yanguo Li <yanguo.li@xxxxxxxxxxxx> Yoshihiro Shimoda <yoshihiro.shimoda.uh@xxxxxxxxxxx> YueHaibing <yuehaibing@xxxxxxxxxx> Zqiang <qiang.zhang1211@xxxxxxxxx> jobs: build-amd64-xsm pass build-arm64-xsm pass build-i386-xsm pass build-amd64 pass build-arm64 pass build-armhf pass build-i386 pass build-amd64-libvirt pass build-arm64-libvirt pass build-armhf-libvirt pass build-i386-libvirt pass build-amd64-pvops pass build-arm64-pvops pass build-armhf-pvops pass build-i386-pvops pass test-amd64-amd64-xl pass test-amd64-coresched-amd64-xl pass test-arm64-arm64-xl pass test-armhf-armhf-xl pass test-amd64-amd64-libvirt-qemuu-debianhvm-amd64-xsm pass test-amd64-amd64-xl-qemut-stubdom-debianhvm-amd64-xsm pass test-amd64-amd64-xl-qemut-debianhvm-i386-xsm pass test-amd64-amd64-xl-qemuu-debianhvm-i386-xsm pass test-amd64-amd64-libvirt-xsm pass test-arm64-arm64-libvirt-xsm pass test-amd64-amd64-xl-xsm pass test-arm64-arm64-xl-xsm pass test-amd64-amd64-qemuu-nested-amd fail test-amd64-amd64-xl-pvhv2-amd pass test-amd64-amd64-dom0pvh-xl-amd pass test-amd64-amd64-xl-qemut-debianhvm-amd64 pass test-amd64-amd64-xl-qemuu-debianhvm-amd64 pass test-amd64-amd64-freebsd11-amd64 pass test-amd64-amd64-freebsd12-amd64 pass test-amd64-amd64-xl-qemuu-ovmf-amd64 pass test-amd64-amd64-xl-qemut-win7-amd64 fail test-amd64-amd64-xl-qemuu-win7-amd64 fail test-amd64-amd64-xl-qemut-ws16-amd64 fail test-amd64-amd64-xl-qemuu-ws16-amd64 fail test-armhf-armhf-xl-arndale pass test-amd64-amd64-examine-bios pass test-amd64-amd64-xl-credit1 pass test-arm64-arm64-xl-credit1 pass test-armhf-armhf-xl-credit1 pass test-amd64-amd64-xl-credit2 pass test-arm64-arm64-xl-credit2 pass test-armhf-armhf-xl-credit2 pass test-amd64-amd64-xl-qemuu-dmrestrict-amd64-dmrestrict pass test-amd64-amd64-examine pass test-arm64-arm64-examine pass test-armhf-armhf-examine pass test-amd64-amd64-qemuu-nested-intel pass test-amd64-amd64-xl-pvhv2-intel pass test-amd64-amd64-dom0pvh-xl-intel pass test-amd64-amd64-libvirt pass test-armhf-armhf-libvirt pass test-amd64-amd64-xl-multivcpu pass test-armhf-armhf-xl-multivcpu pass test-amd64-amd64-pair pass test-amd64-amd64-libvirt-pair pass test-amd64-amd64-xl-pvshim pass test-amd64-amd64-pygrub pass test-amd64-amd64-libvirt-qcow2 pass test-armhf-armhf-libvirt-qcow2 pass test-amd64-amd64-libvirt-raw pass test-arm64-arm64-libvirt-raw pass test-armhf-armhf-libvirt-raw pass test-amd64-amd64-xl-rtds pass test-armhf-armhf-xl-rtds pass test-amd64-amd64-xl-qemuu-debianhvm-amd64-shadow pass test-amd64-amd64-xl-shadow pass test-arm64-arm64-xl-thunderx pass test-amd64-amd64-examine-uefi pass test-amd64-amd64-xl-vhd pass test-arm64-arm64-xl-vhd pass test-armhf-armhf-xl-vhd pass ------------------------------------------------------------ sg-report-flight on osstest.test-lab.xenproject.org logs: /home/logs/logs images: /home/logs/images Logs, config files, etc. are available at http://logs.test-lab.xenproject.org/osstest/logs Explanation of these reports, and of osstest in general, is at http://xenbits.xen.org/gitweb/?p=osstest.git;a=blob;f=README.email;hb=master http://xenbits.xen.org/gitweb/?p=osstest.git;a=blob;f=README;hb=master Test harness code can be found at http://xenbits.xen.org/gitweb?p=osstest.git;a=summary Pushing revision : hint: The 'hooks/update' hook was ignored because it's not set as executable. hint: You can disable this warning with `git config advice.ignoredHook false`. hint: The 'hooks/post-receive' hook was ignored because it's not set as executable. hint: You can disable this warning with `git config advice.ignoredHook false`. hint: The 'hooks/post-update' hook was ignored because it's not set as executable. hint: You can disable this warning with `git config advice.ignoredHook false`. To xenbits.xen.org:/home/xen/git/linux-pvops.git 401644852d0b..20f4757fa5ed 20f4757fa5ed2d9a7746d01b8950cfe04d593a0a -> tested/linux-linus
|
![]() |
Lists.xenproject.org is hosted with RackSpace, monitoring our |