[Date Prev][Date Next][Thread Prev][Thread Next][Date Index][Thread Index] [linux-linus test] 183304: tolerable FAIL - PUSHED
flight 183304 linux-linus real [real] http://logs.test-lab.xenproject.org/osstest/logs/183304/ Failures :-/ but no regressions. Tests which did not succeed, but are not blocking: test-amd64-amd64-xl-qemut-win7-amd64 19 guest-stop fail like 183284 test-amd64-amd64-xl-qemuu-win7-amd64 19 guest-stop fail like 183284 test-amd64-amd64-xl-qemuu-ws16-amd64 19 guest-stop fail like 183284 test-armhf-armhf-libvirt-raw 15 saverestore-support-check fail like 183284 test-armhf-armhf-libvirt 16 saverestore-support-check fail like 183284 test-amd64-amd64-xl-qemut-ws16-amd64 19 guest-stop fail like 183284 test-armhf-armhf-libvirt-qcow2 15 saverestore-support-check fail like 183284 test-amd64-amd64-qemuu-nested-amd 20 debian-hvm-install/l1/l2 fail like 183284 test-amd64-amd64-libvirt-xsm 15 migrate-support-check fail never pass test-arm64-arm64-xl-thunderx 15 migrate-support-check fail never pass test-arm64-arm64-xl-thunderx 16 saverestore-support-check fail never pass test-arm64-arm64-xl-xsm 15 migrate-support-check fail never pass test-arm64-arm64-xl-xsm 16 saverestore-support-check fail never pass test-arm64-arm64-xl 15 migrate-support-check fail never pass test-arm64-arm64-xl 16 saverestore-support-check fail never pass test-arm64-arm64-libvirt-xsm 15 migrate-support-check fail never pass test-arm64-arm64-libvirt-xsm 16 saverestore-support-check fail never pass test-arm64-arm64-xl-credit2 15 migrate-support-check fail never pass test-arm64-arm64-xl-credit2 16 saverestore-support-check fail never pass test-amd64-amd64-libvirt-qemuu-debianhvm-amd64-xsm 13 migrate-support-check fail never pass test-armhf-armhf-xl-arndale 15 migrate-support-check fail never pass test-armhf-armhf-xl-arndale 16 saverestore-support-check fail never pass test-armhf-armhf-xl-multivcpu 15 migrate-support-check fail never pass test-armhf-armhf-xl-multivcpu 16 saverestore-support-check fail never pass test-arm64-arm64-xl-credit1 15 migrate-support-check fail never pass test-arm64-arm64-xl-credit1 16 saverestore-support-check fail never pass test-amd64-amd64-libvirt-qcow2 14 migrate-support-check fail never pass test-amd64-amd64-libvirt-raw 14 migrate-support-check fail never pass test-arm64-arm64-libvirt-raw 14 migrate-support-check fail never pass test-arm64-arm64-libvirt-raw 15 saverestore-support-check fail never pass test-arm64-arm64-xl-vhd 14 migrate-support-check fail never pass test-arm64-arm64-xl-vhd 15 saverestore-support-check fail never pass test-amd64-amd64-libvirt 15 migrate-support-check fail never pass test-armhf-armhf-libvirt-raw 14 migrate-support-check fail never pass test-armhf-armhf-xl-vhd 14 migrate-support-check fail never pass test-armhf-armhf-xl-vhd 15 saverestore-support-check fail never pass test-armhf-armhf-xl 15 migrate-support-check fail never pass test-armhf-armhf-xl 16 saverestore-support-check fail never pass test-armhf-armhf-xl-rtds 15 migrate-support-check fail never pass test-armhf-armhf-xl-credit2 15 migrate-support-check fail never pass test-armhf-armhf-xl-rtds 16 saverestore-support-check fail never pass test-armhf-armhf-xl-credit2 16 saverestore-support-check fail never pass test-armhf-armhf-libvirt 15 migrate-support-check fail never pass test-armhf-armhf-xl-credit1 15 migrate-support-check fail never pass test-armhf-armhf-xl-credit1 16 saverestore-support-check fail never pass test-armhf-armhf-libvirt-qcow2 14 migrate-support-check fail never pass version targeted for testing: linux af95dc6fdc25e616051d0234aad638e15c02ec8f baseline version: linux b78b18fb8ee19f7a05f20c3abc865b3bfe182884 Last test of basis 183284 2023-10-06 05:23:40 Z 0 days Testing same since 183304 2023-10-06 21:41:37 Z 0 days 1 attempts ------------------------------------------------------------ People who touched revisions under test: Alex Deucher <alexander.deucher@xxxxxxx> Andi Shyti <andi.shyti@xxxxxxxxxxxxxxx> Armin Wolf <W_Armin@xxxxxx> Arthur Grillo <arthurgrillo@xxxxxxxxxx> Aurabindo Pillai <aurabindo.pillai@xxxxxxx> Bjorn Helgaas <bhelgaas@xxxxxxxxxx> Chris Wilson <chris.p.wilson@xxxxxxxxx> Daniel Wheeler <daniel.wheeler@xxxxxxx> Danilo Krummrich <dakr@xxxxxxxxxx> Dave Airlie <airlied@xxxxxxxxxx> David Perry <David.Perry@xxxxxxx> David Sterba <dsterba@xxxxxxxx> Faith Ekstrand <faith.ekstrand@xxxxxxxxxxxxx> Filipe Manana <fdmanana@xxxxxxxx> Hans de Goede <hdegoede@xxxxxxxxxx> Jing Zhang <renyu.zj@xxxxxxxxxxxxxxxxx> Jithu Joseph <jithu.joseph@xxxxxxxxx> Jonathan Cavitt <jonathan.cavitt@xxxxxxxxx> Josef Bacik <josef@xxxxxxxxxxxxxx> Kai Uwe Broulik <foss-linux@xxxxxxxxxx> Kenneth Feng <kenneth.feng@xxxxxxx> Linus Torvalds <torvalds@xxxxxxxxxxxxxxxxxxxx> Liviu Dudau <liviu.dudau@xxxxxxx> Lizhi Hou <lizhi.hou@xxxxxxx> Luben Tuikov <luben.tuikov@xxxxxxx> Mario Limonciello <mario.limonciello@xxxxxxx> Mathias Krause <minipli@xxxxxxxxxxxxxx> Matt Roper <matthew.d.roper@xxxxxxxxx> Maxime Ripard <mripard@xxxxxxxxxx> Maíra Canal <mairacanal@xxxxxxxxxx> Mika Westerberg <mika.westerberg@xxxxxxxxxxxxxxx> Nirmoy Das <nirmoy.das@xxxxxxxxx> Oza Pawandeep <quic_poza@xxxxxxxxxxx> Qu Wenruo <wqu@xxxxxxxx> Rafael J. Wysocki <rafael.j.wysocki@xxxxxxxxx> Randy Dunlap <rdunlap@xxxxxxxxxxxxx> Renan Guilherme Lebre Ramos <japareaggae@xxxxxxxxx> Rob Herring <robh@xxxxxxxxxx> Robert Marko <robimarko@xxxxxxxxx> Rodrigo Vivi <rodrigo.vivi@xxxxxxxxx> Samson Tam <samson.tam@xxxxxxx> Sricharan Ramabadhran <quic_srichara@xxxxxxxxxxx> Tapani Pälli <tapani.palli@xxxxxxxxx> Thomas Zimmermann <tzimmermann@xxxxxxx> Tomasz Swiatek <swiatektomasz99@xxxxxxxxx> Tvrtko Ursulin <tvrtko.ursulin@xxxxxxxxx> Uwe Kleine-König <u.kleine-koenig@xxxxxxxxxxxxxx> Will Deacon <will@xxxxxxxxxx> jobs: build-amd64-xsm pass build-arm64-xsm pass build-i386-xsm pass build-amd64 pass build-arm64 pass build-armhf pass build-i386 pass build-amd64-libvirt pass build-arm64-libvirt pass build-armhf-libvirt pass build-i386-libvirt pass build-amd64-pvops pass build-arm64-pvops pass build-armhf-pvops pass build-i386-pvops pass test-amd64-amd64-xl pass test-amd64-coresched-amd64-xl pass test-arm64-arm64-xl pass test-armhf-armhf-xl pass test-amd64-amd64-libvirt-qemuu-debianhvm-amd64-xsm pass test-amd64-amd64-xl-qemut-stubdom-debianhvm-amd64-xsm pass test-amd64-amd64-xl-qemut-debianhvm-i386-xsm pass test-amd64-amd64-xl-qemuu-debianhvm-i386-xsm pass test-amd64-amd64-libvirt-xsm pass test-arm64-arm64-libvirt-xsm pass test-amd64-amd64-xl-xsm pass test-arm64-arm64-xl-xsm pass test-amd64-amd64-qemuu-nested-amd fail test-amd64-amd64-xl-pvhv2-amd pass test-amd64-amd64-dom0pvh-xl-amd pass test-amd64-amd64-xl-qemut-debianhvm-amd64 pass test-amd64-amd64-xl-qemuu-debianhvm-amd64 pass test-amd64-amd64-freebsd11-amd64 pass test-amd64-amd64-freebsd12-amd64 pass test-amd64-amd64-xl-qemuu-ovmf-amd64 pass test-amd64-amd64-xl-qemut-win7-amd64 fail test-amd64-amd64-xl-qemuu-win7-amd64 fail test-amd64-amd64-xl-qemut-ws16-amd64 fail test-amd64-amd64-xl-qemuu-ws16-amd64 fail test-armhf-armhf-xl-arndale pass test-amd64-amd64-examine-bios pass test-amd64-amd64-xl-credit1 pass test-arm64-arm64-xl-credit1 pass test-armhf-armhf-xl-credit1 pass test-amd64-amd64-xl-credit2 pass test-arm64-arm64-xl-credit2 pass test-armhf-armhf-xl-credit2 pass test-amd64-amd64-xl-qemuu-dmrestrict-amd64-dmrestrict pass test-amd64-amd64-examine pass test-arm64-arm64-examine pass test-armhf-armhf-examine pass test-amd64-amd64-qemuu-nested-intel pass test-amd64-amd64-xl-pvhv2-intel pass test-amd64-amd64-dom0pvh-xl-intel pass test-amd64-amd64-libvirt pass test-armhf-armhf-libvirt pass test-amd64-amd64-xl-multivcpu pass test-armhf-armhf-xl-multivcpu pass test-amd64-amd64-pair pass test-amd64-amd64-libvirt-pair pass test-amd64-amd64-xl-pvshim pass test-amd64-amd64-pygrub pass test-amd64-amd64-libvirt-qcow2 pass test-armhf-armhf-libvirt-qcow2 pass test-amd64-amd64-libvirt-raw pass test-arm64-arm64-libvirt-raw pass test-armhf-armhf-libvirt-raw pass test-amd64-amd64-xl-rtds pass test-armhf-armhf-xl-rtds pass test-amd64-amd64-xl-qemuu-debianhvm-amd64-shadow pass test-amd64-amd64-xl-shadow pass test-arm64-arm64-xl-thunderx pass test-amd64-amd64-examine-uefi pass test-amd64-amd64-xl-vhd pass test-arm64-arm64-xl-vhd pass test-armhf-armhf-xl-vhd pass ------------------------------------------------------------ sg-report-flight on osstest.test-lab.xenproject.org logs: /home/logs/logs images: /home/logs/images Logs, config files, etc. are available at http://logs.test-lab.xenproject.org/osstest/logs Explanation of these reports, and of osstest in general, is at http://xenbits.xen.org/gitweb/?p=osstest.git;a=blob;f=README.email;hb=master http://xenbits.xen.org/gitweb/?p=osstest.git;a=blob;f=README;hb=master Test harness code can be found at http://xenbits.xen.org/gitweb?p=osstest.git;a=summary Pushing revision : hint: The 'hooks/update' hook was ignored because it's not set as executable. hint: You can disable this warning with `git config advice.ignoredHook false`. hint: The 'hooks/post-receive' hook was ignored because it's not set as executable. hint: You can disable this warning with `git config advice.ignoredHook false`. hint: The 'hooks/post-update' hook was ignored because it's not set as executable. hint: You can disable this warning with `git config advice.ignoredHook false`. To xenbits.xen.org:/home/xen/git/linux-pvops.git b78b18fb8ee1..af95dc6fdc25 af95dc6fdc25e616051d0234aad638e15c02ec8f -> tested/linux-linus
|
![]() |
Lists.xenproject.org is hosted with RackSpace, monitoring our |