[Date Prev][Date Next][Thread Prev][Thread Next][Date Index][Thread Index]

[xen-unstable-smoke test] 180619: regressions - trouble: blocked/broken/pass



flight 180619 xen-unstable-smoke real [real]
http://logs.test-lab.xenproject.org/osstest/logs/180619/

Regressions :-(

Tests which did not succeed and are blocking,
including tests which could not be run:
 build-armhf                     <job status>                 broken
 build-armhf                   5 host-build-prep          fail REGR. vs. 180607

Tests which did not succeed, but are not blocking:
 test-armhf-armhf-xl           1 build-check(1)               blocked  n/a
 test-amd64-amd64-libvirt     15 migrate-support-check        fail   never pass
 test-arm64-arm64-xl-xsm      15 migrate-support-check        fail   never pass
 test-arm64-arm64-xl-xsm      16 saverestore-support-check    fail   never pass

version targeted for testing:
 xen                  bdb1184d4f6bf4e0121fda34a6c1cb51fe270e7d
baseline version:
 xen                  31c65549746179e16cf3f82b694b4b1e0b7545ca

Last test of basis   180607  2023-05-10 19:03:28 Z    0 days
Testing same since   180619  2023-05-11 12:00:27 Z    0 days    1 attempts

------------------------------------------------------------
People who touched revisions under test:
  Alejandro Vallejo <alejandro.vallejo@xxxxxxxxx>
  Andrew Cooper <andrew.cooper3@xxxxxxxxxx>
  Jan Beulich <jbeulich@xxxxxxxx>

jobs:
 build-arm64-xsm                                              pass    
 build-amd64                                                  pass    
 build-armhf                                                  broken  
 build-amd64-libvirt                                          pass    
 test-armhf-armhf-xl                                          blocked 
 test-arm64-arm64-xl-xsm                                      pass    
 test-amd64-amd64-xl-qemuu-debianhvm-amd64                    pass    
 test-amd64-amd64-libvirt                                     pass    


------------------------------------------------------------
sg-report-flight on osstest.test-lab.xenproject.org
logs: /home/logs/logs
images: /home/logs/images

Logs, config files, etc. are available at
    http://logs.test-lab.xenproject.org/osstest/logs

Explanation of these reports, and of osstest in general, is at
    http://xenbits.xen.org/gitweb/?p=osstest.git;a=blob;f=README.email;hb=master
    http://xenbits.xen.org/gitweb/?p=osstest.git;a=blob;f=README;hb=master

Test harness code can be found at
    http://xenbits.xen.org/gitweb?p=osstest.git;a=summary

broken-job build-armhf broken

Not pushing.

------------------------------------------------------------
commit bdb1184d4f6bf4e0121fda34a6c1cb51fe270e7d
Author: Jan Beulich <jbeulich@xxxxxxxx>
Date:   Thu May 11 13:13:55 2023 +0200

    domctl: bump interface version
    
    The change to XEN_DOMCTL_getdomaininfo was a binary incompatible one,
    and the interface version wasn't bumped yet during the 4.18 release
    cycle.
    
    Fixes: 31c655497461 ("domctl: Modify XEN_DOMCTL_getdomaininfo to fail if 
domid is not found")
    Signed-off-by: Jan Beulich <jbeulich@xxxxxxxx>
    Acked-by: Andrew Cooper <andrew.cooper3@xxxxxxxxxx>

commit 5b49f5e09df905a3688107a06bc022a590606555
Author: Alejandro Vallejo <alejandro.vallejo@xxxxxxxxx>
Date:   Thu May 11 13:12:46 2023 +0200

    x86: Add AMD's CpuidUserDis bit definitions
    
    AMD reports support for CpuidUserDis in CPUID and provides the toggle in 
HWCR.
    This patch adds the positions of both of those bits to both xen and tools.
    
    No functional change.
    
    Signed-off-by: Alejandro Vallejo <alejandro.vallejo@xxxxxxxxx>
    Reviewed-by: Jan Beulich <jbeulich@xxxxxxxx>
(qemu changes not included)



 


Rackspace

Lists.xenproject.org is hosted with RackSpace, monitoring our
servers 24x7x365 and backed by RackSpace's Fanatical Support®.