[Date Prev][Date Next][Thread Prev][Thread Next][Date Index][Thread Index] [Xen-devel] [xen-unstable test] 13888: trouble: broken/fail/pass
flight 13888 xen-unstable real [real] http://www.chiark.greenend.org.uk/~xensrcts/logs/13888/ Failures and problems with tests :-( Tests which did not succeed and are blocking, including tests which could not be run: test-amd64-i386-pv 3 host-install(3) broken REGR. vs. 13825 test-amd64-i386-xl 3 host-install(3) broken REGR. vs. 13825 test-amd64-i386-xl-credit2 3 host-install(3) broken REGR. vs. 13825 test-amd64-i386-qemuu-rhel6hvm-amd 3 host-install(3) broken REGR. vs. 13825 test-amd64-i386-xl-win-vcpus1 3 host-install(3) broken REGR. vs. 13825 test-amd64-i386-qemuu-rhel6hvm-intel 3 host-install(3) broken REGR. vs. 13825 test-amd64-i386-xl-multivcpu 3 host-install(3) broken REGR. vs. 13825 test-amd64-i386-xl-win7-amd64 3 host-install(3) broken REGR. vs. 13825 test-amd64-i386-xend-winxpsp3 3 host-install(3) broken REGR. vs. 13825 test-amd64-i386-win 3 host-install(3) broken REGR. vs. 13825 test-amd64-i386-xl-winxpsp3-vcpus1 3 host-install(3) broken REGR. vs. 13825 test-amd64-i386-rhel6hvm-amd 3 host-install(3) broken REGR. vs. 13825 test-amd64-amd64-xl 3 host-install(3) broken REGR. vs. 13825 test-amd64-amd64-xl-win7-amd64 3 host-install(3) broken REGR. vs. 13825 test-amd64-amd64-pv 3 host-install(3) broken REGR. vs. 13825 test-amd64-amd64-xl-qemuu-winxpsp3 3 host-install(3) broken REGR. vs. 13825 test-amd64-amd64-win 3 host-install(3) broken REGR. vs. 13825 test-amd64-amd64-xl-winxpsp3 3 host-install(3) broken REGR. vs. 13825 test-amd64-amd64-xl-qemuu-win7-amd64 3 host-install(3) broken REGR. vs. 13825 test-amd64-amd64-xl-win 3 host-install(3) broken REGR. vs. 13825 test-amd64-amd64-pair 3 host-install/src_host(3) broken REGR. vs. 13825 test-amd64-amd64-pair 4 host-install/dst_host(4) broken REGR. vs. 13825 Regressions which are regarded as allowable (not blocking): test-amd64-amd64-xl-sedf 3 host-install(3) broken like 13825 test-amd64-amd64-xl-sedf-pin 3 host-install(3) broken REGR. vs. 13825 test-amd64-amd64-xl-pcipt-intel 3 host-install(3) broken REGR. vs. 13825 Tests which did not succeed, but are not blocking: test-amd64-i386-win-vcpus1 16 leak-check/check fail never pass version targeted for testing: xen 6bf8b882df8f baseline version: xen d364becfb083 ------------------------------------------------------------ People who touched revisions under test: Bastian Blank <waldi@xxxxxxxxxx> Ben Guthro <ben@xxxxxxxxxx> Christoph Egger <Christoph.Egger@xxxxxxx> Christoph Egger <Christoph.Egger@xxxxxxx> (on just this change) Daniel De Graaf <dgdegra@xxxxxxxxxxxxx> Ian Campbell <ian.campbell@xxxxxxxxxx> Ian Jackson <ian.jackson@xxxxxxxxxxxxx> Jan Beulich <jbeulich@xxxxxxxx> Keir Fraser <keir@xxxxxxx> Liu, Jinsong <jinsong.liu@xxxxxxxxx> Olaf Hering <olaf@xxxxxxxxx> ------------------------------------------------------------ jobs: build-amd64 pass build-i386 pass build-amd64-oldkern pass build-i386-oldkern pass build-amd64-pvops pass build-i386-pvops pass test-amd64-amd64-xl broken test-amd64-i386-xl broken test-amd64-i386-rhel6hvm-amd broken test-amd64-i386-qemuu-rhel6hvm-amd broken test-amd64-amd64-xl-qemuu-win7-amd64 broken test-amd64-amd64-xl-win7-amd64 broken test-amd64-i386-xl-win7-amd64 broken test-amd64-i386-xl-credit2 broken test-amd64-amd64-xl-pcipt-intel broken test-amd64-i386-rhel6hvm-intel pass test-amd64-i386-qemuu-rhel6hvm-intel broken test-amd64-i386-xl-multivcpu broken test-amd64-amd64-pair broken test-amd64-i386-pair pass test-amd64-amd64-xl-sedf-pin broken test-amd64-amd64-pv broken test-amd64-i386-pv broken test-amd64-amd64-xl-sedf broken test-amd64-i386-win-vcpus1 fail test-amd64-i386-xl-win-vcpus1 broken test-amd64-i386-xl-winxpsp3-vcpus1 broken test-amd64-amd64-win broken test-amd64-i386-win broken test-amd64-amd64-xl-win broken test-amd64-amd64-xl-qemuu-winxpsp3 broken test-amd64-i386-xend-winxpsp3 broken test-amd64-amd64-xl-winxpsp3 broken ------------------------------------------------------------ sg-report-flight on woking.cam.xci-test.com logs: /home/xc_osstest/logs images: /home/xc_osstest/images Logs, config files, etc. are available at http://www.chiark.greenend.org.uk/~xensrcts/logs Test harness code can be found at http://xenbits.xensource.com/gitweb?p=osstest.git;a=summary Not pushing. (No revision log; it would be 505 lines long.) _______________________________________________ Xen-devel mailing list Xen-devel@xxxxxxxxxxxxx http://lists.xen.org/xen-devel
|
![]() |
Lists.xenproject.org is hosted with RackSpace, monitoring our |