[Date Prev][Date Next][Thread Prev][Thread Next][Date Index][Thread Index] [Xen-devel] [xen-unstable test] 5238: regressions - FAIL
flight 5238 xen-unstable real [real] http://www.chiark.greenend.org.uk/~xensrcts/logs/5238/ Regressions :-( Tests which did not succeed and are blocking: build-amd64-oldkern 4 xen-build fail REGR. vs. 5237 build-i386-oldkern 4 xen-build fail REGR. vs. 5237 test-amd64-amd64-pair 16 guest-start fail REGR. vs. 5237 test-amd64-xcpkern-i386-rhel6hvm-amd 7 redhat-install fail REGR. vs. 5237 test-amd64-xcpkern-i386-rhel6hvm-intel 7 redhat-install fail REGR. vs. 5237 test-amd64-xcpkern-i386-xl-credit2 9 guest-start fail REGR. vs. 5237 test-amd64-xcpkern-i386-xl-multivcpu 9 guest-start fail REGR. vs. 5237 test-amd64-xcpkern-i386-xl 9 guest-start fail REGR. vs. 5237 test-i386-xcpkern-i386-pv 9 guest-start fail REGR. vs. 5237 test-i386-xcpkern-i386-win 5 xen-boot fail REGR. vs. 5237 test-i386-xcpkern-i386-xl 9 guest-start fail REGR. vs. 5237 Tests which did not succeed, but are not blocking, including regressions (tests previously passed) regarded as allowable: test-amd64-amd64-win 16 leak-check/check fail never pass test-amd64-amd64-xl-win 7 windows-install fail never pass test-amd64-i386-rhel6hvm-amd 8 guest-saverestore fail never pass test-amd64-i386-rhel6hvm-intel 8 guest-saverestore fail never pass test-amd64-i386-win-vcpus1 16 leak-check/check fail never pass test-amd64-i386-win 16 leak-check/check fail never pass test-amd64-i386-xl-win-vcpus1 7 windows-install fail never pass test-amd64-xcpkern-i386-win 16 leak-check/check fail never pass test-amd64-xcpkern-i386-xl-win 7 windows-install fail never pass test-i386-i386-win 5 xen-boot fail like 5237 test-i386-i386-xl-win 7 windows-install fail never pass version targeted for testing: xen 5e91e7a6b130 baseline version: xen b59f04eb8978 ------------------------------------------------------------ People who touched revisions under test: Ian Jackson <ian.jackson@xxxxxxxxxxxxx> Stefano Stabellini <stefano.stabellini@xxxxxxxxxxxxx> Tim Deegan <Tim.Deegan@xxxxxxxxxx> ------------------------------------------------------------ jobs: build-i386-xcpkern pass build-amd64 pass build-i386 pass build-amd64-oldkern fail build-i386-oldkern fail build-amd64-pvops pass build-i386-pvops pass test-amd64-amd64-xl pass test-amd64-i386-xl pass test-i386-i386-xl pass test-amd64-xcpkern-i386-xl fail test-i386-xcpkern-i386-xl fail test-amd64-i386-rhel6hvm-amd fail test-amd64-xcpkern-i386-rhel6hvm-amd fail test-amd64-i386-xl-credit2 pass test-amd64-xcpkern-i386-xl-credit2 fail test-amd64-i386-rhel6hvm-intel fail test-amd64-xcpkern-i386-rhel6hvm-intel fail test-amd64-i386-xl-multivcpu pass test-amd64-xcpkern-i386-xl-multivcpu fail test-amd64-amd64-pair fail test-amd64-i386-pair pass test-i386-i386-pair pass test-amd64-xcpkern-i386-pair pass test-i386-xcpkern-i386-pair pass test-amd64-amd64-pv pass test-amd64-i386-pv pass test-i386-i386-pv pass test-amd64-xcpkern-i386-pv pass test-i386-xcpkern-i386-pv fail test-amd64-i386-win-vcpus1 fail test-amd64-i386-xl-win-vcpus1 fail test-amd64-amd64-win fail test-amd64-i386-win fail test-i386-i386-win fail test-amd64-xcpkern-i386-win fail test-i386-xcpkern-i386-win fail test-amd64-amd64-xl-win fail test-i386-i386-xl-win fail test-amd64-xcpkern-i386-xl-win fail ------------------------------------------------------------ sg-report-flight on woking.cam.xci-test.com logs: /home/xc_osstest/logs images: /home/xc_osstest/images Logs, config files, etc. are available at http://www.chiark.greenend.org.uk/~xensrcts/logs Test harness code can be found at http://xenbits.xensource.com/gitweb?p=osstest.git;a=summary Not pushing. ------------------------------------------------------------ changeset: 22804:5e91e7a6b130 tag: tip user: Keir Fraser <keir@xxxxxxx> date: Tue Jan 25 14:07:39 2011 +0000 Update Xen version to 4.1.0-rc3-pre changeset: 22803:53f6e58e089e user: Keir Fraser <keir@xxxxxxx> date: Tue Jan 25 14:07:08 2011 +0000 Added signature for changeset 9dca60d88c63 changeset: 22802:6341fe0f4e5a user: Keir Fraser <keir@xxxxxxx> date: Tue Jan 25 14:06:55 2011 +0000 Added tag 4.1.0-rc2 for changeset 9dca60d88c63 changeset: 22801:9dca60d88c63 tag: 4.1.0-rc2 user: Keir Fraser <keir@xxxxxxx> date: Tue Jan 25 14:06:52 2011 +0000 Update Xen version to 4.1.0-rc2 changeset: 22800:c50ae9d5dda4 user: Keir Fraser <keir@xxxxxxx> date: Tue Jan 25 14:05:25 2011 +0000 x86/tsc: remove misleading printk on HVM restore path. This warning no longer corresponds to what the code actually does. Signed-off-by: Tim Deegan <Tim.Deegan@xxxxxxxxxx> changeset: 22799:b59f04eb8978 user: Stefano Stabellini <stefano.stabellini@xxxxxxxxxxxxx> date: Fri Jan 21 18:06:23 2011 +0000 libxl, minios: stubdom console based save/restore Add two "special" PV consoles to stubdoms that are going to be used to send and receive the qemu-xen save files on save/restore. Use the second PV console to send the qemu-xen save file and the third PV console to receive the qemu-xen save file on restore. Fix the console shutdown function free_consfront that is called when the qemu save file is closed. Stubdom save/restore is still broken with xend. Signed-off-by: Stefano Stabellini <stefano.stabellini@xxxxxxxxxxxxx> Committed-by: Ian Jackson <ian.jackson@xxxxxxxxxxxxx> (qemu changes not included) _______________________________________________ Xen-devel mailing list Xen-devel@xxxxxxxxxxxxxxxxxxx http://lists.xensource.com/xen-devel
|
![]() |
Lists.xenproject.org is hosted with RackSpace, monitoring our |