[Date Prev][Date Next][Thread Prev][Thread Next][Date Index][Thread Index]

[linux-linus test] 187896: tolerable FAIL - PUSHED



flight 187896 linux-linus real [real]
flight 187900 linux-linus real-retest [real]
http://logs.test-lab.xenproject.org/osstest/logs/187896/
http://logs.test-lab.xenproject.org/osstest/logs/187900/

Failures :-/ but no regressions.

Tests which are failing intermittently (not blocking):
 test-amd64-amd64-xl-qemut-debianhvm-i386-xsm 12 debian-hvm-install fail pass 
in 187900-retest

Tests which did not succeed, but are not blocking:
 test-amd64-amd64-xl-qemut-win7-amd64 19 guest-stop            fail like 187889
 test-amd64-amd64-xl-qemuu-win7-amd64 19 guest-stop            fail like 187889
 test-amd64-amd64-xl-qemuu-ws16-amd64 19 guest-stop            fail like 187889
 test-armhf-armhf-libvirt     16 saverestore-support-check    fail  like 187889
 test-amd64-amd64-xl-qemut-ws16-amd64 19 guest-stop            fail like 187889
 test-amd64-amd64-qemuu-nested-amd 20 debian-hvm-install/l1/l2 fail like 187889
 test-amd64-amd64-libvirt     15 migrate-support-check        fail   never pass
 test-amd64-amd64-libvirt-xsm 15 migrate-support-check        fail   never pass
 test-arm64-arm64-xl          15 migrate-support-check        fail   never pass
 test-arm64-arm64-xl          16 saverestore-support-check    fail   never pass
 test-arm64-arm64-xl-thunderx 15 migrate-support-check        fail   never pass
 test-arm64-arm64-xl-thunderx 16 saverestore-support-check    fail   never pass
 test-arm64-arm64-xl-credit2  15 migrate-support-check        fail   never pass
 test-arm64-arm64-xl-xsm      15 migrate-support-check        fail   never pass
 test-arm64-arm64-xl-credit2  16 saverestore-support-check    fail   never pass
 test-arm64-arm64-xl-xsm      16 saverestore-support-check    fail   never pass
 test-arm64-arm64-xl-credit1  15 migrate-support-check        fail   never pass
 test-arm64-arm64-xl-credit1  16 saverestore-support-check    fail   never pass
 test-arm64-arm64-libvirt-xsm 15 migrate-support-check        fail   never pass
 test-arm64-arm64-libvirt-xsm 16 saverestore-support-check    fail   never pass
 test-armhf-armhf-xl-multivcpu 15 migrate-support-check        fail  never pass
 test-armhf-armhf-xl-multivcpu 16 saverestore-support-check    fail  never pass
 test-armhf-armhf-xl-arndale  15 migrate-support-check        fail   never pass
 test-armhf-armhf-xl-arndale  16 saverestore-support-check    fail   never pass
 test-amd64-amd64-libvirt-qemuu-debianhvm-amd64-xsm 13 migrate-support-check 
fail never pass
 test-armhf-armhf-xl-rtds     15 migrate-support-check        fail   never pass
 test-armhf-armhf-xl-rtds     16 saverestore-support-check    fail   never pass
 test-amd64-amd64-libvirt-qcow2 14 migrate-support-check        fail never pass
 test-amd64-amd64-libvirt-raw 14 migrate-support-check        fail   never pass
 test-amd64-amd64-libvirt-vhd 14 migrate-support-check        fail   never pass
 test-arm64-arm64-xl-vhd      14 migrate-support-check        fail   never pass
 test-arm64-arm64-xl-vhd      15 saverestore-support-check    fail   never pass
 test-arm64-arm64-libvirt-raw 14 migrate-support-check        fail   never pass
 test-arm64-arm64-libvirt-raw 15 saverestore-support-check    fail   never pass
 test-armhf-armhf-xl-qcow2    14 migrate-support-check        fail   never pass
 test-armhf-armhf-xl-qcow2    15 saverestore-support-check    fail   never pass
 test-armhf-armhf-xl-raw      14 migrate-support-check        fail   never pass
 test-armhf-armhf-xl-raw      15 saverestore-support-check    fail   never pass
 test-armhf-armhf-xl          15 migrate-support-check        fail   never pass
 test-armhf-armhf-xl          16 saverestore-support-check    fail   never pass
 test-armhf-armhf-xl-credit1  15 migrate-support-check        fail   never pass
 test-armhf-armhf-xl-credit1  16 saverestore-support-check    fail   never pass
 test-armhf-armhf-libvirt     15 migrate-support-check        fail   never pass
 test-armhf-armhf-xl-credit2  15 migrate-support-check        fail   never pass
 test-armhf-armhf-xl-credit2  16 saverestore-support-check    fail   never pass
 test-armhf-armhf-libvirt-vhd 14 migrate-support-check        fail   never pass
 test-armhf-armhf-libvirt-vhd 15 saverestore-support-check    fail   never pass

version targeted for testing:
 linux                e7ed343658792771cf1b868df061661b7bcc5cef
baseline version:
 linux                3efc57369a0ce8f76bf0804f7e673982384e4ac9

Last test of basis   187889  2024-09-28 17:14:43 Z    1 days
Testing same since   187896  2024-09-29 17:12:59 Z    0 days    1 attempts

------------------------------------------------------------
People who touched revisions under test:
  Ahmed Ehab <bottaawesome633@xxxxxxxxx>
  Alan Huang <mmpgouride@xxxxxxxxx>
  Alexey Gladkov (Intel) <legion@xxxxxxxxxx>
  Andi Shyti <andi.shyti@xxxxxxxxxx>
  Andy Shevchenko <andriy.shevchenko@xxxxxxxxxxxxxxx>
  Ard Biesheuvel <ardb@xxxxxxxxxx>
  Arnd Bergmann <arnd@xxxxxxxx>
  Bart Van Assche <bvanassche@xxxxxxx>
  Boqun Feng <boqun.feng@xxxxxxxxx>
  Brian King <brking@xxxxxxxxxxxxx>
  Carlos Llamas <cmllamas@xxxxxxxxxx>
  Chen Ni <nichen@xxxxxxxxxxx>
  Christoph Hellwig <hch@xxxxxx>
  Christophe JAILLET <christophe.jaillet@xxxxxxxxxx>
  Colin Ian King <colin.i.king@xxxxxxxxx>
  Dan Williams <dan.j.williams@xxxxxxxxx>
  Daniel Wagner <dwagner@xxxxxxx>
  Dave Hansen <dave.hansen@xxxxxxxxxxxxxxx>
  Diogo Jahchan Koike <djahchankoike@xxxxxxxxx>
  Fei Shao <fshao@xxxxxxxxxxxx>
  Geert Uytterhoeven <geert+renesas@xxxxxxxxx>
  Hongbo Li <lihongbo22@xxxxxxxxxx>
  Huan Yang <link@xxxxxxxx>
  Ingo Molnar <mingo@xxxxxxxxxx>
  Jack Wang <jinpu.wang@xxxxxxxxx>
  Jarkko Nikula <jarkko.nikula@xxxxxxxxxxxxxxx>
  Jason A. Donenfeld <Jason@xxxxxxxxx>
  Jassi Brar <jassisinghbrar@xxxxxxxxx>
  Jingyi Wang <quic_jingyw@xxxxxxxxxxx>
  Jinjie Ruan <ruanjinjie@xxxxxxxxxx>
  Julia Lawall <Julia.Lawall@xxxxxxxx>
  Justin Tee <justin.tee@xxxxxxxxxxxx>
  Kai Mäkisara <kai.makisara@xxxxxxxxxxx>
  Kent Overstreet <kent.overstreet@xxxxxxxxx>
  Kimriver Liu <kimriver.liu@xxxxxxxxxxxx>
  Klara Modin <klarasmodin@xxxxxxxxx>
  Liao Chen <liaochen4@xxxxxxxxxx>
  Linus Torvalds <torvalds@xxxxxxxxxxxxxxxxxxxx>
  Luis Claudio R. Goncalves <lgoncalv@xxxxxxxxxx>
  Manish Pandey <quic_mapa@xxxxxxxxxxx>
  Markus Elfring <elfring@xxxxxxxxxxxxxxxxxxxxx>
  Martin K. Petersen <martin.petersen@xxxxxxxxxx>
  Martin Wilck <mwilck@xxxxxxxx>
  Nikunj Kela <quic_nkela@xxxxxxxxxxx>
  Paul E. McKenney <paulmck@xxxxxxxxxx>
  Peng Fan <peng.fan@xxxxxxx>
  Peter Zijlstra (Intel) <peterz@xxxxxxxxxxxxx>
  Peter Zijlstra <peterz@xxxxxxxxxxxxx>
  Piotr Zalewski <pZ010001011111@xxxxxxxxx>
  Prayas Patel <prayas.patel@xxxxxxxxxxxx>
  Rafael Rocha <rrochavi@xxxxxxxx>
  Ranjan Kumar <ranjan.kumar@xxxxxxxxxxxx>
  Rob Herring (Arm) <robh@xxxxxxxxxx>
  Shuah Khan <skhan@xxxxxxxxxxxxxxxxxxx>
  Stefan Wahren <wahrenst@xxxxxxx>
  Sudeep Holla <sudeep.holla@xxxxxxx>
  Sumit Saxena <sumit.saxena@xxxxxxxxxxxx>
  syzbot+95e4ef83a3024384ec7a@xxxxxxxxxxxxxxxxxxxxxxxxx
  Thomas Gleixner <tglx@xxxxxxxxxxxxx>
  Thorsten Blum <thorsten.blum@xxxxxxxxxx>
  Tomas Henzl <thenzl@xxxxxxxxxx>
  Tony Luck <tony.luck@xxxxxxxxx>
  Uros Bizjak <ubizjak@xxxxxxxxx>
  Waiman Long <longman@xxxxxxxxxx>
  Wolfram Sang <wsa+renesas@xxxxxxxxxxxxxxxxxxxx>
  Xuewen Yan <xuewen.yan@xxxxxxxxxx>
  Yan Zhen <yanzhen@xxxxxxxx>
  Zhiguo Niu <zhiguo.niu@xxxxxxxxxx>

jobs:
 build-amd64-xsm                                              pass    
 build-arm64-xsm                                              pass    
 build-i386-xsm                                               pass    
 build-amd64                                                  pass    
 build-arm64                                                  pass    
 build-armhf                                                  pass    
 build-i386                                                   pass    
 build-amd64-libvirt                                          pass    
 build-arm64-libvirt                                          pass    
 build-armhf-libvirt                                          pass    
 build-i386-libvirt                                           pass    
 build-amd64-pvops                                            pass    
 build-arm64-pvops                                            pass    
 build-armhf-pvops                                            pass    
 build-i386-pvops                                             pass    
 test-amd64-amd64-xl                                          pass    
 test-amd64-coresched-amd64-xl                                pass    
 test-arm64-arm64-xl                                          pass    
 test-armhf-armhf-xl                                          pass    
 test-amd64-amd64-libvirt-qemuu-debianhvm-amd64-xsm           pass    
 test-amd64-amd64-xl-qemut-stubdom-debianhvm-amd64-xsm        pass    
 test-amd64-amd64-xl-qemut-debianhvm-i386-xsm                 fail    
 test-amd64-amd64-xl-qemuu-debianhvm-i386-xsm                 pass    
 test-amd64-amd64-libvirt-xsm                                 pass    
 test-arm64-arm64-libvirt-xsm                                 pass    
 test-amd64-amd64-xl-xsm                                      pass    
 test-arm64-arm64-xl-xsm                                      pass    
 test-amd64-amd64-qemuu-nested-amd                            fail    
 test-amd64-amd64-xl-pvhv2-amd                                pass    
 test-amd64-amd64-dom0pvh-xl-amd                              pass    
 test-amd64-amd64-xl-qemut-debianhvm-amd64                    pass    
 test-amd64-amd64-xl-qemuu-debianhvm-amd64                    pass    
 test-amd64-amd64-qemuu-freebsd11-amd64                       pass    
 test-amd64-amd64-qemuu-freebsd12-amd64                       pass    
 test-amd64-amd64-xl-qemuu-ovmf-amd64                         pass    
 test-amd64-amd64-xl-qemut-win7-amd64                         fail    
 test-amd64-amd64-xl-qemuu-win7-amd64                         fail    
 test-amd64-amd64-xl-qemut-ws16-amd64                         fail    
 test-amd64-amd64-xl-qemuu-ws16-amd64                         fail    
 test-armhf-armhf-xl-arndale                                  pass    
 test-amd64-amd64-examine-bios                                pass    
 test-amd64-amd64-xl-credit1                                  pass    
 test-arm64-arm64-xl-credit1                                  pass    
 test-armhf-armhf-xl-credit1                                  pass    
 test-amd64-amd64-xl-credit2                                  pass    
 test-arm64-arm64-xl-credit2                                  pass    
 test-armhf-armhf-xl-credit2                                  pass    
 test-amd64-amd64-xl-qemuu-dmrestrict-amd64-dmrestrict        pass    
 test-amd64-amd64-examine                                     pass    
 test-arm64-arm64-examine                                     pass    
 test-armhf-armhf-examine                                     pass    
 test-amd64-amd64-qemuu-nested-intel                          pass    
 test-amd64-amd64-xl-pvhv2-intel                              pass    
 test-amd64-amd64-dom0pvh-xl-intel                            pass    
 test-amd64-amd64-libvirt                                     pass    
 test-armhf-armhf-libvirt                                     pass    
 test-amd64-amd64-xl-multivcpu                                pass    
 test-armhf-armhf-xl-multivcpu                                pass    
 test-amd64-amd64-pair                                        pass    
 test-amd64-amd64-libvirt-pair                                pass    
 test-amd64-amd64-xl-pvshim                                   pass    
 test-amd64-amd64-pygrub                                      pass    
 test-amd64-amd64-libvirt-qcow2                               pass    
 test-amd64-amd64-xl-qcow2                                    pass    
 test-armhf-armhf-xl-qcow2                                    pass    
 test-amd64-amd64-libvirt-raw                                 pass    
 test-arm64-arm64-libvirt-raw                                 pass    
 test-amd64-amd64-xl-raw                                      pass    
 test-armhf-armhf-xl-raw                                      pass    
 test-amd64-amd64-xl-rtds                                     pass    
 test-armhf-armhf-xl-rtds                                     pass    
 test-amd64-amd64-xl-qemuu-debianhvm-amd64-shadow             pass    
 test-amd64-amd64-xl-shadow                                   pass    
 test-arm64-arm64-xl-thunderx                                 pass    
 test-amd64-amd64-examine-uefi                                pass    
 test-amd64-amd64-libvirt-vhd                                 pass    
 test-armhf-armhf-libvirt-vhd                                 pass    
 test-amd64-amd64-xl-vhd                                      pass    
 test-arm64-arm64-xl-vhd                                      pass    


------------------------------------------------------------
sg-report-flight on osstest.test-lab.xenproject.org
logs: /home/logs/logs
images: /home/logs/images

Logs, config files, etc. are available at
    http://logs.test-lab.xenproject.org/osstest/logs

Explanation of these reports, and of osstest in general, is at
    http://xenbits.xen.org/gitweb/?p=osstest.git;a=blob;f=README.email;hb=master
    http://xenbits.xen.org/gitweb/?p=osstest.git;a=blob;f=README;hb=master

Test harness code can be found at
    http://xenbits.xen.org/gitweb?p=osstest.git;a=summary


Pushing revision :

hint: The 'hooks/update' hook was ignored because it's not set as executable.
hint: You can disable this warning with `git config advice.ignoredHook false`.
hint: The 'hooks/post-receive' hook was ignored because it's not set as 
executable.
hint: You can disable this warning with `git config advice.ignoredHook false`.
hint: The 'hooks/post-update' hook was ignored because it's not set as 
executable.
hint: You can disable this warning with `git config advice.ignoredHook false`.
To xenbits.xen.org:/home/xen/git/linux-pvops.git
   3efc57369a0c..e7ed34365879  e7ed343658792771cf1b868df061661b7bcc5cef -> 
tested/linux-linus



 


Rackspace

Lists.xenproject.org is hosted with RackSpace, monitoring our
servers 24x7x365 and backed by RackSpace's Fanatical Support®.