[Date Prev][Date Next][Thread Prev][Thread Next][Date Index][Thread Index] [libvirt test] 187853: tolerable all pass - PUSHED
flight 187853 libvirt real [real] http://logs.test-lab.xenproject.org/osstest/logs/187853/ Failures :-/ but no regressions. Tests which did not succeed, but are not blocking: test-armhf-armhf-libvirt 16 saverestore-support-check fail like 187809 test-amd64-amd64-libvirt 15 migrate-support-check fail never pass test-amd64-amd64-libvirt-xsm 15 migrate-support-check fail never pass test-arm64-arm64-libvirt 15 migrate-support-check fail never pass test-arm64-arm64-libvirt 16 saverestore-support-check fail never pass test-arm64-arm64-libvirt-xsm 15 migrate-support-check fail never pass test-arm64-arm64-libvirt-xsm 16 saverestore-support-check fail never pass test-amd64-amd64-libvirt-qemuu-debianhvm-amd64-xsm 13 migrate-support-check fail never pass test-amd64-amd64-libvirt-qcow2 14 migrate-support-check fail never pass test-amd64-amd64-libvirt-raw 14 migrate-support-check fail never pass test-amd64-amd64-libvirt-vhd 14 migrate-support-check fail never pass test-arm64-arm64-libvirt-qcow2 14 migrate-support-check fail never pass test-arm64-arm64-libvirt-qcow2 15 saverestore-support-check fail never pass test-arm64-arm64-libvirt-raw 14 migrate-support-check fail never pass test-arm64-arm64-libvirt-raw 15 saverestore-support-check fail never pass test-armhf-armhf-libvirt-vhd 14 migrate-support-check fail never pass test-armhf-armhf-libvirt-vhd 15 saverestore-support-check fail never pass test-armhf-armhf-libvirt 15 migrate-support-check fail never pass version targeted for testing: libvirt 8287ca71197b438b3f831d0978339f1fe1c19476 baseline version: libvirt e14a5fcac4d525b54f6046faad39ddcf7c51d5c1 Last test of basis 187809 2024-09-22 04:20:49 Z 4 days Testing same since 187853 2024-09-25 04:20:40 Z 1 days 1 attempts ------------------------------------------------------------ People who touched revisions under test: Andi Chandler <andi@xxxxxxxxxxx> Göran Uddeborg <goeran@xxxxxxxxxxx> Ján Tomko <jtomko@xxxxxxxxxx> Martin Kletzander <mkletzan@xxxxxxxxxx> Michal Privoznik <mprivozn@xxxxxxxxxx> Weblate <noreply-mt-weblate@xxxxxxxxxxx> jobs: build-amd64-xsm pass build-arm64-xsm pass build-i386-xsm pass build-amd64 pass build-arm64 pass build-armhf pass build-i386 pass build-amd64-libvirt pass build-arm64-libvirt pass build-armhf-libvirt pass build-i386-libvirt pass build-amd64-pvops pass build-arm64-pvops pass build-armhf-pvops pass build-i386-pvops pass test-amd64-amd64-libvirt-qemuu-debianhvm-amd64-xsm pass test-amd64-amd64-libvirt-xsm pass test-arm64-arm64-libvirt-xsm pass test-amd64-amd64-libvirt pass test-arm64-arm64-libvirt pass test-armhf-armhf-libvirt pass test-amd64-amd64-libvirt-pair pass test-amd64-amd64-libvirt-qcow2 pass test-arm64-arm64-libvirt-qcow2 pass test-amd64-amd64-libvirt-raw pass test-arm64-arm64-libvirt-raw pass test-amd64-amd64-libvirt-vhd pass test-armhf-armhf-libvirt-vhd pass ------------------------------------------------------------ sg-report-flight on osstest.test-lab.xenproject.org logs: /home/logs/logs images: /home/logs/images Logs, config files, etc. are available at http://logs.test-lab.xenproject.org/osstest/logs Explanation of these reports, and of osstest in general, is at http://xenbits.xen.org/gitweb/?p=osstest.git;a=blob;f=README.email;hb=master http://xenbits.xen.org/gitweb/?p=osstest.git;a=blob;f=README;hb=master Test harness code can be found at http://xenbits.xen.org/gitweb?p=osstest.git;a=summary Pushing revision : To xenbits.xen.org:/home/xen/git/libvirt.git e14a5fcac4..8287ca7119 8287ca71197b438b3f831d0978339f1fe1c19476 -> xen-tested-master
|
![]() |
Lists.xenproject.org is hosted with RackSpace, monitoring our |