[Date Prev][Date Next][Thread Prev][Thread Next][Date Index][Thread Index]

[libvirt test] 187374: tolerable all pass - PUSHED



flight 187374 libvirt real [real]
http://logs.test-lab.xenproject.org/osstest/logs/187374/

Failures :-/ but no regressions.

Tests which did not succeed, but are not blocking:
 test-armhf-armhf-libvirt     16 saverestore-support-check    fail  like 187357
 test-amd64-amd64-libvirt-xsm 15 migrate-support-check        fail   never pass
 test-amd64-amd64-libvirt     15 migrate-support-check        fail   never pass
 test-arm64-arm64-libvirt     15 migrate-support-check        fail   never pass
 test-arm64-arm64-libvirt     16 saverestore-support-check    fail   never pass
 test-arm64-arm64-libvirt-xsm 15 migrate-support-check        fail   never pass
 test-arm64-arm64-libvirt-xsm 16 saverestore-support-check    fail   never pass
 test-amd64-amd64-libvirt-qemuu-debianhvm-amd64-xsm 13 migrate-support-check 
fail never pass
 test-armhf-armhf-libvirt     15 migrate-support-check        fail   never pass
 test-amd64-amd64-libvirt-qcow2 14 migrate-support-check        fail never pass
 test-amd64-amd64-libvirt-raw 14 migrate-support-check        fail   never pass
 test-amd64-amd64-libvirt-vhd 14 migrate-support-check        fail   never pass
 test-arm64-arm64-libvirt-qcow2 14 migrate-support-check        fail never pass
 test-arm64-arm64-libvirt-qcow2 15 saverestore-support-check    fail never pass
 test-arm64-arm64-libvirt-raw 14 migrate-support-check        fail   never pass
 test-arm64-arm64-libvirt-raw 15 saverestore-support-check    fail   never pass
 test-armhf-armhf-libvirt-vhd 14 migrate-support-check        fail   never pass
 test-armhf-armhf-libvirt-vhd 15 saverestore-support-check    fail   never pass

version targeted for testing:
 libvirt              48bdeaf2fa49513d4be53588100807f269c36997
baseline version:
 libvirt              1b815465d9d523aacc4b7ab63c247cc2e6cefa64

Last test of basis   187357  2024-08-27 04:22:23 Z    1 days
Testing same since   187374  2024-08-28 04:18:53 Z    0 days    1 attempts

------------------------------------------------------------
People who touched revisions under test:
  Andi Chandler <andi@xxxxxxxxxxx>
  Fedora Weblate Translation <i18n@xxxxxxxxxxxxxxxxxxxxxxx>
  jianqing yan <yanjianqing@xxxxxxxxxx>
  Jiri Denemark <jdenemar@xxxxxxxxxx>
  Peter Krempa <pkrempa@xxxxxxxxxx>
  Sergey Dyasli <sergey.dyasli@xxxxxxxxxxx>
  Weblate <noreply@xxxxxxxxxxx>

jobs:
 build-amd64-xsm                                              pass    
 build-arm64-xsm                                              pass    
 build-i386-xsm                                               pass    
 build-amd64                                                  pass    
 build-arm64                                                  pass    
 build-armhf                                                  pass    
 build-i386                                                   pass    
 build-amd64-libvirt                                          pass    
 build-arm64-libvirt                                          pass    
 build-armhf-libvirt                                          pass    
 build-i386-libvirt                                           pass    
 build-amd64-pvops                                            pass    
 build-arm64-pvops                                            pass    
 build-armhf-pvops                                            pass    
 build-i386-pvops                                             pass    
 test-amd64-amd64-libvirt-qemuu-debianhvm-amd64-xsm           pass    
 test-amd64-amd64-libvirt-xsm                                 pass    
 test-arm64-arm64-libvirt-xsm                                 pass    
 test-amd64-amd64-libvirt                                     pass    
 test-arm64-arm64-libvirt                                     pass    
 test-armhf-armhf-libvirt                                     pass    
 test-amd64-amd64-libvirt-pair                                pass    
 test-amd64-amd64-libvirt-qcow2                               pass    
 test-arm64-arm64-libvirt-qcow2                               pass    
 test-amd64-amd64-libvirt-raw                                 pass    
 test-arm64-arm64-libvirt-raw                                 pass    
 test-amd64-amd64-libvirt-vhd                                 pass    
 test-armhf-armhf-libvirt-vhd                                 pass    


------------------------------------------------------------
sg-report-flight on osstest.test-lab.xenproject.org
logs: /home/logs/logs
images: /home/logs/images

Logs, config files, etc. are available at
    http://logs.test-lab.xenproject.org/osstest/logs

Explanation of these reports, and of osstest in general, is at
    http://xenbits.xen.org/gitweb/?p=osstest.git;a=blob;f=README.email;hb=master
    http://xenbits.xen.org/gitweb/?p=osstest.git;a=blob;f=README;hb=master

Test harness code can be found at
    http://xenbits.xen.org/gitweb?p=osstest.git;a=summary


Pushing revision :

To xenbits.xen.org:/home/xen/git/libvirt.git
   1b815465d9..48bdeaf2fa  48bdeaf2fa49513d4be53588100807f269c36997 -> 
xen-tested-master



 


Rackspace

Lists.xenproject.org is hosted with RackSpace, monitoring our
servers 24x7x365 and backed by RackSpace's Fanatical Support®.