[Date Prev][Date Next][Thread Prev][Thread Next][Date Index][Thread Index] [xen-unstable-smoke test] 187203: tolerable all pass - PUSHED
flight 187203 xen-unstable-smoke real [real] http://logs.test-lab.xenproject.org/osstest/logs/187203/ Failures :-/ but no regressions. Tests which did not succeed, but are not blocking: test-amd64-amd64-libvirt 15 migrate-support-check fail never pass test-arm64-arm64-xl-xsm 15 migrate-support-check fail never pass test-arm64-arm64-xl-xsm 16 saverestore-support-check fail never pass test-armhf-armhf-xl 15 migrate-support-check fail never pass test-armhf-armhf-xl 16 saverestore-support-check fail never pass version targeted for testing: xen d61248b0fa2cdfc0be1d806c43d1b211a72b5d49 baseline version: xen 08aacc392d86d4c7dbebdb5e664060ae2af72057 Last test of basis 187190 2024-08-08 12:06:01 Z 1 days Testing same since 187203 2024-08-10 01:02:14 Z 0 days 1 attempts ------------------------------------------------------------ People who touched revisions under test: Ayan Kumar Halder <ayan.kumar.halder@xxxxxxx> Bertrand Marquis <bertrand.marquis@xxxxxxx> Michal Orzel <michal.orzel@xxxxxxx> jobs: build-arm64-xsm pass build-amd64 pass build-armhf pass build-amd64-libvirt pass test-armhf-armhf-xl pass test-arm64-arm64-xl-xsm pass test-amd64-amd64-xl-qemuu-debianhvm-amd64 pass test-amd64-amd64-libvirt pass ------------------------------------------------------------ sg-report-flight on osstest.test-lab.xenproject.org logs: /home/logs/logs images: /home/logs/images Logs, config files, etc. are available at http://logs.test-lab.xenproject.org/osstest/logs Explanation of these reports, and of osstest in general, is at http://xenbits.xen.org/gitweb/?p=osstest.git;a=blob;f=README.email;hb=master http://xenbits.xen.org/gitweb/?p=osstest.git;a=blob;f=README;hb=master Test harness code can be found at http://xenbits.xen.org/gitweb?p=osstest.git;a=summary Pushing revision : To xenbits.xen.org:/home/xen/git/xen.git 08aacc392d..d61248b0fa d61248b0fa2cdfc0be1d806c43d1b211a72b5d49 -> smoke
|
![]() |
Lists.xenproject.org is hosted with RackSpace, monitoring our |