[Date Prev][Date Next][Thread Prev][Thread Next][Date Index][Thread Index] [xen-unstable-smoke test] 186993: tolerable all pass - PUSHED
flight 186993 xen-unstable-smoke real [real] http://logs.test-lab.xenproject.org/osstest/logs/186993/ Failures :-/ but no regressions. Tests which did not succeed, but are not blocking: test-amd64-amd64-libvirt 15 migrate-support-check fail never pass test-arm64-arm64-xl-xsm 15 migrate-support-check fail never pass test-arm64-arm64-xl-xsm 16 saverestore-support-check fail never pass test-armhf-armhf-xl 15 migrate-support-check fail never pass test-armhf-armhf-xl 16 saverestore-support-check fail never pass version targeted for testing: xen b25b28ede1cba43eda1e0b84ad967683b8196847 baseline version: xen 5795a0bf5493d411155093180ed16e4ba63d37bf Last test of basis 186984 2024-07-24 14:03:56 Z 0 days Testing same since 186987 2024-07-24 19:00:25 Z 0 days 2 attempts ------------------------------------------------------------ People who touched revisions under test: Andrew Cooper <andrew.cooper3@xxxxxxxxxx> jobs: build-arm64-xsm pass build-amd64 pass build-armhf pass build-amd64-libvirt pass test-armhf-armhf-xl pass test-arm64-arm64-xl-xsm pass test-amd64-amd64-xl-qemuu-debianhvm-amd64 pass test-amd64-amd64-libvirt pass ------------------------------------------------------------ sg-report-flight on osstest.test-lab.xenproject.org logs: /home/logs/logs images: /home/logs/images Logs, config files, etc. are available at http://logs.test-lab.xenproject.org/osstest/logs Explanation of these reports, and of osstest in general, is at http://xenbits.xen.org/gitweb/?p=osstest.git;a=blob;f=README.email;hb=master http://xenbits.xen.org/gitweb/?p=osstest.git;a=blob;f=README;hb=master Test harness code can be found at http://xenbits.xen.org/gitweb?p=osstest.git;a=summary Pushing revision : To xenbits.xen.org:/home/xen/git/xen.git 5795a0bf54..b25b28ede1 b25b28ede1cba43eda1e0b84ad967683b8196847 -> smoke
|
![]() |
Lists.xenproject.org is hosted with RackSpace, monitoring our |