[Date Prev][Date Next][Thread Prev][Thread Next][Date Index][Thread Index] [linux-linus test] 186761: tolerable FAIL - PUSHED
flight 186761 linux-linus real [real] http://logs.test-lab.xenproject.org/osstest/logs/186761/ Failures :-/ but no regressions. Tests which did not succeed, but are not blocking: test-armhf-armhf-xl-raw 8 xen-boot fail like 186753 test-amd64-amd64-xl-qemut-win7-amd64 19 guest-stop fail like 186753 test-amd64-amd64-xl-qemuu-win7-amd64 19 guest-stop fail like 186753 test-amd64-amd64-xl-qemuu-ws16-amd64 19 guest-stop fail like 186753 test-armhf-armhf-libvirt 16 saverestore-support-check fail like 186753 test-armhf-armhf-xl-arndale 8 xen-boot fail like 186753 test-amd64-amd64-xl-qemut-ws16-amd64 19 guest-stop fail like 186753 test-amd64-amd64-qemuu-nested-amd 20 debian-hvm-install/l1/l2 fail like 186753 test-amd64-amd64-libvirt-xsm 15 migrate-support-check fail never pass test-amd64-amd64-libvirt 15 migrate-support-check fail never pass test-arm64-arm64-xl 15 migrate-support-check fail never pass test-arm64-arm64-xl 16 saverestore-support-check fail never pass test-arm64-arm64-xl-xsm 15 migrate-support-check fail never pass test-amd64-amd64-libvirt-qemuu-debianhvm-amd64-xsm 13 migrate-support-check fail never pass test-arm64-arm64-xl-credit2 15 migrate-support-check fail never pass test-arm64-arm64-xl-xsm 16 saverestore-support-check fail never pass test-arm64-arm64-xl-credit2 16 saverestore-support-check fail never pass test-arm64-arm64-xl-thunderx 15 migrate-support-check fail never pass test-arm64-arm64-xl-thunderx 16 saverestore-support-check fail never pass test-arm64-arm64-libvirt-xsm 15 migrate-support-check fail never pass test-arm64-arm64-libvirt-xsm 16 saverestore-support-check fail never pass test-arm64-arm64-xl-credit1 15 migrate-support-check fail never pass test-arm64-arm64-xl-credit1 16 saverestore-support-check fail never pass test-armhf-armhf-xl-rtds 15 migrate-support-check fail never pass test-armhf-armhf-xl-rtds 16 saverestore-support-check fail never pass test-armhf-armhf-xl-credit1 15 migrate-support-check fail never pass test-armhf-armhf-xl-credit1 16 saverestore-support-check fail never pass test-amd64-amd64-libvirt-qcow2 14 migrate-support-check fail never pass test-armhf-armhf-xl 15 migrate-support-check fail never pass test-armhf-armhf-xl 16 saverestore-support-check fail never pass test-armhf-armhf-xl-credit2 15 migrate-support-check fail never pass test-armhf-armhf-xl-credit2 16 saverestore-support-check fail never pass test-amd64-amd64-libvirt-raw 14 migrate-support-check fail never pass test-amd64-amd64-libvirt-vhd 14 migrate-support-check fail never pass test-armhf-armhf-xl-qcow2 14 migrate-support-check fail never pass test-armhf-armhf-xl-qcow2 15 saverestore-support-check fail never pass test-arm64-arm64-xl-vhd 14 migrate-support-check fail never pass test-arm64-arm64-xl-vhd 15 saverestore-support-check fail never pass test-armhf-armhf-libvirt 15 migrate-support-check fail never pass test-armhf-armhf-libvirt-vhd 14 migrate-support-check fail never pass test-armhf-armhf-libvirt-vhd 15 saverestore-support-check fail never pass test-armhf-armhf-xl-multivcpu 15 migrate-support-check fail never pass test-armhf-armhf-xl-multivcpu 16 saverestore-support-check fail never pass test-arm64-arm64-libvirt-raw 14 migrate-support-check fail never pass test-arm64-arm64-libvirt-raw 15 saverestore-support-check fail never pass version targeted for testing: linux 9d9a2f29aefdadc86e450308ff056017a209c755 baseline version: linux 34afb82a3c67f869267a26f593b6f8fc6bf35905 Last test of basis 186753 2024-07-10 13:41:57 Z 1 days Failing since 186756 2024-07-10 21:41:59 Z 0 days 2 attempts Testing same since 186761 2024-07-11 05:47:53 Z 0 days 1 attempts ------------------------------------------------------------ People who touched revisions under test: Alex Williamson <alex.williamson@xxxxxxxxxx> Andrew Morton <akpm@xxxxxxxxxxxxxxxxxxxx> Armin Wolf <W_Armin@xxxxxx> Audra Mitchell <audra@xxxxxxxxxx> Damien Le Moal <dlemoal@xxxxxxxxxx> Daniel Lezcano <daniel.lezcano@xxxxxxxxxx> David Hildenbrand <david@xxxxxxxxxx> Gavin Shan <gshan@xxxxxxxxxx> Hans de Goede <hdegoede@xxxxxxxxxx> Hugh Dickins <hughd@xxxxxxxxxx> Johannes Weiner <hannes@xxxxxxxxxxx> Julian Sikorski <belegdol@xxxxxxxxx> Kent Overstreet <kent.overstreet@xxxxxxxxx> Kuan-Wei Chiu <visitorckw@xxxxxxxxx> Linus Torvalds <torvalds@xxxxxxxxxxxxxxxxxxxx> Lorenzo Stoakes <lorenzo.stoakes@xxxxxxxxxx> Marc Zyngier <maz@xxxxxxxxxx> Mario Limonciello <mario.limonciello@xxxxxxx> Martin K. Petersen <martin.petersen@xxxxxxxxxx> Miaohe Lin <linmiaohe@xxxxxxxxxx> Muchun Song <muchun.song@xxxxxxxxx> Nhat Pham <nphamcs@xxxxxxxxx> Nícolas F. R. A. Prado <nfraprado@xxxxxxxxxxxxx> Oliver Sang <oliver.sang@xxxxxxxxx> Paul Menzel <pmenzel@xxxxxxxxxxxxx> Peter Wang <peter.wang@xxxxxxxxxxxx> Peter Xu <peterx@xxxxxxxxxx> Rafael J. Wysocki <rafael.j.wysocki@xxxxxxxxx> Rob Herring (Arm) <robh@xxxxxxxxxx> Ryusuke Konishi <konishi.ryusuke@xxxxxxxxx> SeongJae Park <sj@xxxxxxxxxx> Shakeel Butt <shakeel.butt@xxxxxxxxx> Suren Baghdasaryan <surenb@xxxxxxxxxx> Uladzislau Rezki (Sony) <urezki@xxxxxxxxx> Viresh Kumar <viresh.kumar@xxxxxxxxxx> Waiman Long <longman@xxxxxxxxxx> Yang Shi <yang@xxxxxxxxxxxxxxxxxxxxxx> Yi Liu <yi.l.liu@xxxxxxxxx> Youling Tang <tangyouling@xxxxxxxxxx> Yu Zhao <yuzhao@xxxxxxxxxx> ZhangPeng <zhangpeng362@xxxxxxxxxx> jobs: build-amd64-xsm pass build-arm64-xsm pass build-i386-xsm pass build-amd64 pass build-arm64 pass build-armhf pass build-i386 pass build-amd64-libvirt pass build-arm64-libvirt pass build-armhf-libvirt pass build-i386-libvirt pass build-amd64-pvops pass build-arm64-pvops pass build-armhf-pvops pass build-i386-pvops pass test-amd64-amd64-xl pass test-amd64-coresched-amd64-xl pass test-arm64-arm64-xl pass test-armhf-armhf-xl pass test-amd64-amd64-libvirt-qemuu-debianhvm-amd64-xsm pass test-amd64-amd64-xl-qemut-stubdom-debianhvm-amd64-xsm pass test-amd64-amd64-xl-qemut-debianhvm-i386-xsm pass test-amd64-amd64-xl-qemuu-debianhvm-i386-xsm pass test-amd64-amd64-libvirt-xsm pass test-arm64-arm64-libvirt-xsm pass test-amd64-amd64-xl-xsm pass test-arm64-arm64-xl-xsm pass test-amd64-amd64-qemuu-nested-amd fail test-amd64-amd64-xl-pvhv2-amd pass test-amd64-amd64-dom0pvh-xl-amd pass test-amd64-amd64-xl-qemut-debianhvm-amd64 pass test-amd64-amd64-xl-qemuu-debianhvm-amd64 pass test-amd64-amd64-qemuu-freebsd11-amd64 pass test-amd64-amd64-qemuu-freebsd12-amd64 pass test-amd64-amd64-xl-qemuu-ovmf-amd64 pass test-amd64-amd64-xl-qemut-win7-amd64 fail test-amd64-amd64-xl-qemuu-win7-amd64 fail test-amd64-amd64-xl-qemut-ws16-amd64 fail test-amd64-amd64-xl-qemuu-ws16-amd64 fail test-armhf-armhf-xl-arndale fail test-amd64-amd64-examine-bios pass test-amd64-amd64-xl-credit1 pass test-arm64-arm64-xl-credit1 pass test-armhf-armhf-xl-credit1 pass test-amd64-amd64-xl-credit2 pass test-arm64-arm64-xl-credit2 pass test-armhf-armhf-xl-credit2 pass test-amd64-amd64-xl-qemuu-dmrestrict-amd64-dmrestrict pass test-amd64-amd64-examine pass test-arm64-arm64-examine pass test-armhf-armhf-examine pass test-amd64-amd64-qemuu-nested-intel pass test-amd64-amd64-xl-pvhv2-intel pass test-amd64-amd64-dom0pvh-xl-intel pass test-amd64-amd64-libvirt pass test-armhf-armhf-libvirt pass test-amd64-amd64-xl-multivcpu pass test-armhf-armhf-xl-multivcpu pass test-amd64-amd64-pair pass test-amd64-amd64-libvirt-pair pass test-amd64-amd64-xl-pvshim pass test-amd64-amd64-pygrub pass test-amd64-amd64-libvirt-qcow2 pass test-amd64-amd64-xl-qcow2 pass test-armhf-armhf-xl-qcow2 pass test-amd64-amd64-libvirt-raw pass test-arm64-arm64-libvirt-raw pass test-amd64-amd64-xl-raw pass test-armhf-armhf-xl-raw fail test-amd64-amd64-xl-rtds pass test-armhf-armhf-xl-rtds pass test-amd64-amd64-xl-qemuu-debianhvm-amd64-shadow pass test-amd64-amd64-xl-shadow pass test-arm64-arm64-xl-thunderx pass test-amd64-amd64-examine-uefi pass test-amd64-amd64-libvirt-vhd pass test-armhf-armhf-libvirt-vhd pass test-amd64-amd64-xl-vhd pass test-arm64-arm64-xl-vhd pass ------------------------------------------------------------ sg-report-flight on osstest.test-lab.xenproject.org logs: /home/logs/logs images: /home/logs/images Logs, config files, etc. are available at http://logs.test-lab.xenproject.org/osstest/logs Explanation of these reports, and of osstest in general, is at http://xenbits.xen.org/gitweb/?p=osstest.git;a=blob;f=README.email;hb=master http://xenbits.xen.org/gitweb/?p=osstest.git;a=blob;f=README;hb=master Test harness code can be found at http://xenbits.xen.org/gitweb?p=osstest.git;a=summary Pushing revision : hint: The 'hooks/update' hook was ignored because it's not set as executable. hint: You can disable this warning with `git config advice.ignoredHook false`. hint: The 'hooks/post-receive' hook was ignored because it's not set as executable. hint: You can disable this warning with `git config advice.ignoredHook false`. hint: The 'hooks/post-update' hook was ignored because it's not set as executable. hint: You can disable this warning with `git config advice.ignoredHook false`. To xenbits.xen.org:/home/xen/git/linux-pvops.git 34afb82a3c67..9d9a2f29aefd 9d9a2f29aefdadc86e450308ff056017a209c755 -> tested/linux-linus
|
![]() |
Lists.xenproject.org is hosted with RackSpace, monitoring our |