[Date Prev][Date Next][Thread Prev][Thread Next][Date Index][Thread Index] [xen-unstable-smoke test] 186435: tolerable all pass - PUSHED
flight 186435 xen-unstable-smoke real [real] http://logs.test-lab.xenproject.org/osstest/logs/186435/ Failures :-/ but no regressions. Tests which did not succeed, but are not blocking: test-amd64-amd64-libvirt 15 migrate-support-check fail never pass test-arm64-arm64-xl-xsm 15 migrate-support-check fail never pass test-arm64-arm64-xl-xsm 16 saverestore-support-check fail never pass test-armhf-armhf-xl 15 migrate-support-check fail never pass test-armhf-armhf-xl 16 saverestore-support-check fail never pass version targeted for testing: xen 62071a1c16c4dbe765491e58e456fd3a19b33298 baseline version: xen efa6e9f15ba943d154e8d7b29384581915b2aacd Last test of basis 186411 2024-06-19 12:00:22 Z 1 days Failing since 186412 2024-06-19 15:03:58 Z 1 days 8 attempts Testing same since 186435 2024-06-20 14:00:22 Z 0 days 1 attempts ------------------------------------------------------------ People who touched revisions under test: Andrew Cooper <andrew.cooper3@xxxxxxxxxx> Anthony PERARD <anthony.perard@xxxxxxxxxx> Jan Beulich <jbeulich@xxxxxxxx> Jason Andryuk <jason.andryuk@xxxxxxx> Julien Grall <jgrall@xxxxxxxxxx> Leigh Brown <leigh@xxxxxxxxxxxxx> Roger Pau Monné <roger.pau@xxxxxxxxxx> Stefano Stabellini <sstabellini@xxxxxxxxxx> jobs: build-arm64-xsm pass build-amd64 pass build-armhf pass build-amd64-libvirt pass test-armhf-armhf-xl pass test-arm64-arm64-xl-xsm pass test-amd64-amd64-xl-qemuu-debianhvm-amd64 pass test-amd64-amd64-libvirt pass ------------------------------------------------------------ sg-report-flight on osstest.test-lab.xenproject.org logs: /home/logs/logs images: /home/logs/images Logs, config files, etc. are available at http://logs.test-lab.xenproject.org/osstest/logs Explanation of these reports, and of osstest in general, is at http://xenbits.xen.org/gitweb/?p=osstest.git;a=blob;f=README.email;hb=master http://xenbits.xen.org/gitweb/?p=osstest.git;a=blob;f=README;hb=master Test harness code can be found at http://xenbits.xen.org/gitweb?p=osstest.git;a=summary Pushing revision : To xenbits.xen.org:/home/xen/git/xen.git efa6e9f15b..62071a1c16 62071a1c16c4dbe765491e58e456fd3a19b33298 -> smoke
|
Lists.xenproject.org is hosted with RackSpace, monitoring our |