[Date Prev][Date Next][Thread Prev][Thread Next][Date Index][Thread Index] [linux-linus test] 186389: regressions - FAIL
flight 186389 linux-linus real [real] flight 186395 linux-linus real-retest [real] http://logs.test-lab.xenproject.org/osstest/logs/186389/ http://logs.test-lab.xenproject.org/osstest/logs/186395/ Regressions :-( Tests which did not succeed and are blocking, including tests which could not be run: test-armhf-armhf-xl-arndale 8 xen-boot fail REGR. vs. 186385 Tests which are failing intermittently (not blocking): test-armhf-armhf-libvirt 8 xen-boot fail pass in 186395-retest test-armhf-armhf-libvirt-vhd 8 xen-boot fail pass in 186395-retest test-amd64-amd64-xl-qemuu-debianhvm-i386-xsm 12 debian-hvm-install fail pass in 186395-retest Regressions which are regarded as allowable (not blocking): test-armhf-armhf-xl-rtds 8 xen-boot fail REGR. vs. 186385 Tests which did not succeed, but are not blocking: test-armhf-armhf-libvirt 16 saverestore-support-check fail in 186395 like 186385 test-armhf-armhf-libvirt 15 migrate-support-check fail in 186395 never pass test-armhf-armhf-libvirt-vhd 14 migrate-support-check fail in 186395 never pass test-armhf-armhf-libvirt-vhd 15 saverestore-support-check fail in 186395 never pass test-amd64-amd64-xl-qemut-win7-amd64 19 guest-stop fail like 186385 test-amd64-amd64-xl-qemuu-win7-amd64 19 guest-stop fail like 186385 test-amd64-amd64-xl-qemuu-ws16-amd64 19 guest-stop fail like 186385 test-amd64-amd64-xl-qemut-ws16-amd64 19 guest-stop fail like 186385 test-amd64-amd64-qemuu-nested-amd 20 debian-hvm-install/l1/l2 fail like 186385 test-amd64-amd64-libvirt 15 migrate-support-check fail never pass test-amd64-amd64-libvirt-xsm 15 migrate-support-check fail never pass test-amd64-amd64-libvirt-qemuu-debianhvm-amd64-xsm 13 migrate-support-check fail never pass test-arm64-arm64-libvirt-xsm 15 migrate-support-check fail never pass test-arm64-arm64-xl 15 migrate-support-check fail never pass test-arm64-arm64-xl 16 saverestore-support-check fail never pass test-arm64-arm64-xl-thunderx 15 migrate-support-check fail never pass test-arm64-arm64-libvirt-xsm 16 saverestore-support-check fail never pass test-arm64-arm64-xl-thunderx 16 saverestore-support-check fail never pass test-arm64-arm64-xl-credit1 15 migrate-support-check fail never pass test-arm64-arm64-xl-credit1 16 saverestore-support-check fail never pass test-arm64-arm64-xl-xsm 15 migrate-support-check fail never pass test-arm64-arm64-xl-xsm 16 saverestore-support-check fail never pass test-arm64-arm64-xl-credit2 15 migrate-support-check fail never pass test-arm64-arm64-xl-credit2 16 saverestore-support-check fail never pass test-armhf-armhf-xl 15 migrate-support-check fail never pass test-armhf-armhf-xl 16 saverestore-support-check fail never pass test-amd64-amd64-libvirt-qcow2 14 migrate-support-check fail never pass test-amd64-amd64-libvirt-raw 14 migrate-support-check fail never pass test-armhf-armhf-xl-credit2 15 migrate-support-check fail never pass test-armhf-armhf-xl-credit2 16 saverestore-support-check fail never pass test-armhf-armhf-xl-credit1 15 migrate-support-check fail never pass test-armhf-armhf-xl-credit1 16 saverestore-support-check fail never pass test-amd64-amd64-libvirt-vhd 14 migrate-support-check fail never pass test-arm64-arm64-libvirt-raw 14 migrate-support-check fail never pass test-arm64-arm64-libvirt-raw 15 saverestore-support-check fail never pass test-armhf-armhf-xl-qcow2 14 migrate-support-check fail never pass test-armhf-armhf-xl-qcow2 15 saverestore-support-check fail never pass test-arm64-arm64-xl-vhd 14 migrate-support-check fail never pass test-arm64-arm64-xl-vhd 15 saverestore-support-check fail never pass test-armhf-armhf-xl-raw 14 migrate-support-check fail never pass test-armhf-armhf-xl-raw 15 saverestore-support-check fail never pass test-armhf-armhf-xl-multivcpu 15 migrate-support-check fail never pass test-armhf-armhf-xl-multivcpu 16 saverestore-support-check fail never pass version targeted for testing: linux 14d7c92f8df9c0964ae6f8b813c1b3ac38120825 baseline version: linux 6226e74900d7c106c7c86b878dc6779cfdb20c2b Last test of basis 186385 2024-06-17 19:43:39 Z 0 days Testing same since 186389 2024-06-18 03:58:06 Z 0 days 1 attempts ------------------------------------------------------------ People who touched revisions under test: Aleksandr Nogikh <nogikh@xxxxxxxxxx> Andrew Morton <akpm@xxxxxxxxxxxxxxxxxxxx> Andrey Konovalov <andreyknvl@xxxxxxxxx> Baolin Wang <baolin.wang@xxxxxxxxxxxxxxxxx> Christian Göttsche <cgzones@xxxxxxxxxxxxxx> Christian Schrefl <chrisi.schrefl@xxxxxxxxx> Chuck Lever <chuck.lever@xxxxxxxxxx> David Hildenbrand <david@xxxxxxxxxx> Hugh Dickins <hughd@xxxxxxxxxx> Jean-Philippe Brucker <jean-philippe@xxxxxxxxxx> Jeff Xu <jeffxu@xxxxxxxxxxxx> Joseph Qi <joseph.qi@xxxxxxxxxxxxxxxxx> Kees Cook <kees@xxxxxxxxxx> Kefeng Wang <wangkefeng.wang@xxxxxxxxxx> Lance Yang <ioworker0@xxxxxxxxx> Linus Torvalds <torvalds@xxxxxxxxxxxxxxxxxxxx> Lorenzo Stoakes <lstoakes@xxxxxxxxx> Mark Brown <broonie@xxxxxxxxxx> Mikhail Gavrilov <mikhail.v.gavrilov@xxxxxxxxx> Oleg Nesterov <oleg@xxxxxxxxxx> Peter Oberparleiter <oberpar@xxxxxxxxxxxxx> Peter Xu <peterx@xxxxxxxxxx> Rafael Aquini <aquini@xxxxxxxxxx> Ran Xiaokai <ran.xiaokai@xxxxxxxxxx> Suren Baghdasaryan <surenb@xxxxxxxxxx> Vlastimil Babka <vbabka@xxxxxxx> Wei Fu <fuweid89@xxxxxxxxx> Yury Norov <yury.norov@xxxxxxxxx> jobs: build-amd64-xsm pass build-arm64-xsm pass build-i386-xsm pass build-amd64 pass build-arm64 pass build-armhf pass build-i386 pass build-amd64-libvirt pass build-arm64-libvirt pass build-armhf-libvirt pass build-i386-libvirt pass build-amd64-pvops pass build-arm64-pvops pass build-armhf-pvops pass build-i386-pvops pass test-amd64-amd64-xl pass test-amd64-coresched-amd64-xl pass test-arm64-arm64-xl pass test-armhf-armhf-xl pass test-amd64-amd64-libvirt-qemuu-debianhvm-amd64-xsm pass test-amd64-amd64-xl-qemut-stubdom-debianhvm-amd64-xsm pass test-amd64-amd64-xl-qemut-debianhvm-i386-xsm pass test-amd64-amd64-xl-qemuu-debianhvm-i386-xsm fail test-amd64-amd64-libvirt-xsm pass test-arm64-arm64-libvirt-xsm pass test-amd64-amd64-xl-xsm pass test-arm64-arm64-xl-xsm pass test-amd64-amd64-qemuu-nested-amd fail test-amd64-amd64-xl-pvhv2-amd pass test-amd64-amd64-dom0pvh-xl-amd pass test-amd64-amd64-xl-qemut-debianhvm-amd64 pass test-amd64-amd64-xl-qemuu-debianhvm-amd64 pass test-amd64-amd64-qemuu-freebsd11-amd64 pass test-amd64-amd64-qemuu-freebsd12-amd64 pass test-amd64-amd64-xl-qemuu-ovmf-amd64 pass test-amd64-amd64-xl-qemut-win7-amd64 fail test-amd64-amd64-xl-qemuu-win7-amd64 fail test-amd64-amd64-xl-qemut-ws16-amd64 fail test-amd64-amd64-xl-qemuu-ws16-amd64 fail test-armhf-armhf-xl-arndale fail test-amd64-amd64-examine-bios pass test-amd64-amd64-xl-credit1 pass test-arm64-arm64-xl-credit1 pass test-armhf-armhf-xl-credit1 pass test-amd64-amd64-xl-credit2 pass test-arm64-arm64-xl-credit2 pass test-armhf-armhf-xl-credit2 pass test-amd64-amd64-xl-qemuu-dmrestrict-amd64-dmrestrict pass test-amd64-amd64-examine pass test-arm64-arm64-examine pass test-armhf-armhf-examine pass test-amd64-amd64-qemuu-nested-intel pass test-amd64-amd64-xl-pvhv2-intel pass test-amd64-amd64-dom0pvh-xl-intel pass test-amd64-amd64-libvirt pass test-armhf-armhf-libvirt fail test-amd64-amd64-xl-multivcpu pass test-armhf-armhf-xl-multivcpu pass test-amd64-amd64-pair pass test-amd64-amd64-libvirt-pair pass test-amd64-amd64-xl-pvshim pass test-amd64-amd64-pygrub pass test-amd64-amd64-libvirt-qcow2 pass test-amd64-amd64-xl-qcow2 pass test-armhf-armhf-xl-qcow2 pass test-amd64-amd64-libvirt-raw pass test-arm64-arm64-libvirt-raw pass test-amd64-amd64-xl-raw pass test-armhf-armhf-xl-raw pass test-amd64-amd64-xl-rtds pass test-armhf-armhf-xl-rtds fail test-amd64-amd64-xl-qemuu-debianhvm-amd64-shadow pass test-amd64-amd64-xl-shadow pass test-arm64-arm64-xl-thunderx pass test-amd64-amd64-examine-uefi pass test-amd64-amd64-libvirt-vhd pass test-armhf-armhf-libvirt-vhd fail test-amd64-amd64-xl-vhd pass test-arm64-arm64-xl-vhd pass ------------------------------------------------------------ sg-report-flight on osstest.test-lab.xenproject.org logs: /home/logs/logs images: /home/logs/images Logs, config files, etc. are available at http://logs.test-lab.xenproject.org/osstest/logs Explanation of these reports, and of osstest in general, is at http://xenbits.xen.org/gitweb/?p=osstest.git;a=blob;f=README.email;hb=master http://xenbits.xen.org/gitweb/?p=osstest.git;a=blob;f=README;hb=master Test harness code can be found at http://xenbits.xen.org/gitweb?p=osstest.git;a=summary Not pushing. (No revision log; it would be 963 lines long.)
|
![]() |
Lists.xenproject.org is hosted with RackSpace, monitoring our |