[Date Prev][Date Next][Thread Prev][Thread Next][Date Index][Thread Index] [linux-linus test] 186212: tolerable FAIL - PUSHED
flight 186212 linux-linus real [real] flight 186215 linux-linus real-retest [real] http://logs.test-lab.xenproject.org/osstest/logs/186212/ http://logs.test-lab.xenproject.org/osstest/logs/186215/ Failures :-/ but no regressions. Tests which are failing intermittently (not blocking): test-armhf-armhf-xl-credit2 8 xen-boot fail pass in 186215-retest Tests which did not succeed, but are not blocking: test-armhf-armhf-xl-credit2 15 migrate-support-check fail in 186215 never pass test-armhf-armhf-xl-credit2 16 saverestore-support-check fail in 186215 never pass test-armhf-armhf-xl 8 xen-boot fail like 186196 test-armhf-armhf-xl-arndale 8 xen-boot fail like 186196 test-armhf-armhf-libvirt 8 xen-boot fail like 186196 test-armhf-armhf-libvirt-vhd 8 xen-boot fail like 186196 test-amd64-amd64-xl-qemut-win7-amd64 19 guest-stop fail like 186202 test-amd64-amd64-xl-qemuu-win7-amd64 19 guest-stop fail like 186202 test-amd64-amd64-xl-qemuu-ws16-amd64 19 guest-stop fail like 186202 test-amd64-amd64-xl-qemut-ws16-amd64 19 guest-stop fail like 186202 test-amd64-amd64-qemuu-nested-amd 20 debian-hvm-install/l1/l2 fail like 186202 test-amd64-amd64-libvirt 15 migrate-support-check fail never pass test-amd64-amd64-libvirt-xsm 15 migrate-support-check fail never pass test-amd64-amd64-libvirt-qemuu-debianhvm-amd64-xsm 13 migrate-support-check fail never pass test-arm64-arm64-xl-xsm 15 migrate-support-check fail never pass test-arm64-arm64-xl-xsm 16 saverestore-support-check fail never pass test-arm64-arm64-xl-credit1 15 migrate-support-check fail never pass test-arm64-arm64-xl-credit1 16 saverestore-support-check fail never pass test-arm64-arm64-libvirt-xsm 15 migrate-support-check fail never pass test-arm64-arm64-libvirt-xsm 16 saverestore-support-check fail never pass test-arm64-arm64-xl 15 migrate-support-check fail never pass test-arm64-arm64-xl 16 saverestore-support-check fail never pass test-armhf-armhf-xl-rtds 15 migrate-support-check fail never pass test-armhf-armhf-xl-rtds 16 saverestore-support-check fail never pass test-arm64-arm64-xl-credit2 15 migrate-support-check fail never pass test-arm64-arm64-xl-credit2 16 saverestore-support-check fail never pass test-arm64-arm64-xl-thunderx 15 migrate-support-check fail never pass test-arm64-arm64-xl-thunderx 16 saverestore-support-check fail never pass test-amd64-amd64-libvirt-qcow2 14 migrate-support-check fail never pass test-amd64-amd64-libvirt-raw 14 migrate-support-check fail never pass test-armhf-armhf-xl-multivcpu 15 migrate-support-check fail never pass test-armhf-armhf-xl-multivcpu 16 saverestore-support-check fail never pass test-armhf-armhf-xl-credit1 15 migrate-support-check fail never pass test-armhf-armhf-xl-credit1 16 saverestore-support-check fail never pass test-amd64-amd64-libvirt-vhd 14 migrate-support-check fail never pass test-armhf-armhf-xl-qcow2 14 migrate-support-check fail never pass test-armhf-armhf-xl-qcow2 15 saverestore-support-check fail never pass test-arm64-arm64-xl-vhd 14 migrate-support-check fail never pass test-arm64-arm64-xl-vhd 15 saverestore-support-check fail never pass test-arm64-arm64-libvirt-raw 14 migrate-support-check fail never pass test-arm64-arm64-libvirt-raw 15 saverestore-support-check fail never pass test-armhf-armhf-xl-raw 14 migrate-support-check fail never pass test-armhf-armhf-xl-raw 15 saverestore-support-check fail never pass version targeted for testing: linux d8ec19857b095b39d114ae299713bd8ea6c1e66a baseline version: linux 4a4be1ad3a6efea16c56615f31117590fd881358 Last test of basis 186202 2024-05-30 22:43:12 Z 1 days Testing same since 186212 2024-05-31 19:10:39 Z 0 days 1 attempts ------------------------------------------------------------ People who touched revisions under test: Alexander Lobakin <aleksander.lobakin@xxxxxxxxx> Alexander Maltsev <keltar.gw@xxxxxxxxx> Alexander Mikhalitsyn <aleksandr.mikhalitsyn@xxxxxxxxxxxxx> Alexei Starovoitov <ast@xxxxxxxxxx> Andrii Nakryiko <andrii@xxxxxxxxxx> Arun Ramadoss <arun.ramadoss@xxxxxxxxxxxxx> Carolina Jubran <cjubran@xxxxxxxxxx> Christian Brauner <brauner@xxxxxxxxxx> Daniel Borkmann <daniel@xxxxxxxxxxxxx> Dave Ertman <david.m.ertman@xxxxxxxxx> David S. Miller <davem@xxxxxxxxxxxxx> Edward Adam Davis <eadavis@xxxxxx> Emil Renner Berthing <emil.renner.berthing@xxxxxxxxxxxxx> Eric Dumazet <edumazet@xxxxxxxxxx> Eric Garver <eric@xxxxxxxxxxx> Florian Westphal <fw@xxxxxxxxx> Friedrich Vock <friedrich.vock@xxxxxx> Gal Pressman <gal@xxxxxxxxxx> Geliang Tang <tanggeliang@xxxxxxxxxx> Hariprasad Kelam <hkelam@xxxxxxxxxxx> Hengqi Chen <hengqi.chen@xxxxxxxxx> Horatiu Vultur <horatiu.vultur@xxxxxxxxxxxxx> Hui Wang <hui.wang@xxxxxxxxxxxxx> Ido Schimmel <idosch@xxxxxxxxxx> Jacob Keller <jacob.e.keller@xxxxxxxxx> Jakub Kicinski <kuba@xxxxxxxxxx> Jakub Sitnicki <jakub@xxxxxxxxxxxxxx> Jerry Ray <jerry.ray@xxxxxxxxxxxxx> Jiri Olsa <jolsa@xxxxxxxxxx> John Fastabend <john.fastabend@xxxxxxxxx> Jozsef Kadlecsik <kadlec@xxxxxxxxxxxxx> Karim Ben Houcine <karim.benhoucine@xxxxxxxxxxxxx> Kory Maincent <kory.maincent@xxxxxxxxxxx> Krishneil Singh <krishneil.k.singh@xxxxxxxxx> Kuniyuki Iwashima <kuniyu@xxxxxxxxxx> Linus Torvalds <torvalds@xxxxxxxxxxxxxxxxxxxx> Maher Sanalla <msanalla@xxxxxxxxxx> Mathieu Othacehe <othacehe@xxxxxxx> Matt Jan <zoo868e@xxxxxxxxx> Matthieu Baerts (NGI0) <matttbe@xxxxxxxxxx> MD Danish Anwar <danishanwar@xxxxxx> Minda Chen <minda.chen@xxxxxxxxxxxxxxxx> Naama Meir <naamax.meir@xxxxxxxxxxxxxxx> Neal Cardwell <ncardwell@xxxxxxxxxx> Nikolay Aleksandrov <razor@xxxxxxxxxxxxx> Pablo Neira Ayuso <pablo@xxxxxxxxxxxxx> Paolo Abeni <pabeni@xxxxxxxxxx> Parthiban Veerasooran <Parthiban.Veerasooran@xxxxxxxxxxxxx> Paul Greenwalt <paul.greenwalt@xxxxxxxxx> Pucha Himasekhar Reddy <himasekharx.reddy.pucha@xxxxxxxxx> Rahul Rameshbabu <rrameshbabu@xxxxxxxxxx> Rob Herring (Arm) <robh@xxxxxxxxxx> Robert Thomas <rob.thomas@xxxxxxx> Roded Zats <rzats@xxxxxxxxxxxxxxxxxxxx> Shahab Vahedi <shahab@xxxxxxxxxxxx> Shay Agroskin <shayagr@xxxxxxxxxx> Stanislav Fomichev <sdf@xxxxxxxxxx> Stéphane Graber <stgraber@xxxxxxxxxxxx> syzbot+ec941d6e24f633a59172@xxxxxxxxxxxxxxxxxxxxxxxxx Tariq Toukan <tariqt@xxxxxxxxxx> Thadeu Lima de Souza Cascardo <cascardo@xxxxxxxxxx> Thinh Tran <thinhtr@xxxxxxxxxxxxx> Thorsten Blum <thorsten.blum@xxxxxxxxxx> Tony Nguyen <anthony.l.nguyen@xxxxxxxxx> Tristram Ha <tristram.ha@xxxxxxxxxxxxx> Vitaly Lifshits <vitaly.lifshits@xxxxxxxxx> Vladimir Oltean <vladimir.oltean@xxxxxxx> Willem de Bruijn <willemb@xxxxxxxxxx> Xiaolei Wang <xiaolei.wang@xxxxxxxxxxxxx> Xu Kuohai <xukuohai@xxxxxxxxxxxxxxx> Yue Haibing <yuehaibing@xxxxxxxxxx> Zhang Rui <rui.zhang@xxxxxxxxx> jobs: build-amd64-xsm pass build-arm64-xsm pass build-i386-xsm pass build-amd64 pass build-arm64 pass build-armhf pass build-i386 pass build-amd64-libvirt pass build-arm64-libvirt pass build-armhf-libvirt pass build-i386-libvirt pass build-amd64-pvops pass build-arm64-pvops pass build-armhf-pvops pass build-i386-pvops pass test-amd64-amd64-xl pass test-amd64-coresched-amd64-xl pass test-arm64-arm64-xl pass test-armhf-armhf-xl fail test-amd64-amd64-libvirt-qemuu-debianhvm-amd64-xsm pass test-amd64-amd64-xl-qemut-stubdom-debianhvm-amd64-xsm pass test-amd64-amd64-xl-qemut-debianhvm-i386-xsm pass test-amd64-amd64-xl-qemuu-debianhvm-i386-xsm pass test-amd64-amd64-libvirt-xsm pass test-arm64-arm64-libvirt-xsm pass test-amd64-amd64-xl-xsm pass test-arm64-arm64-xl-xsm pass test-amd64-amd64-qemuu-nested-amd fail test-amd64-amd64-xl-pvhv2-amd pass test-amd64-amd64-dom0pvh-xl-amd pass test-amd64-amd64-xl-qemut-debianhvm-amd64 pass test-amd64-amd64-xl-qemuu-debianhvm-amd64 pass test-amd64-amd64-qemuu-freebsd11-amd64 pass test-amd64-amd64-qemuu-freebsd12-amd64 pass test-amd64-amd64-xl-qemuu-ovmf-amd64 pass test-amd64-amd64-xl-qemut-win7-amd64 fail test-amd64-amd64-xl-qemuu-win7-amd64 fail test-amd64-amd64-xl-qemut-ws16-amd64 fail test-amd64-amd64-xl-qemuu-ws16-amd64 fail test-armhf-armhf-xl-arndale fail test-amd64-amd64-examine-bios pass test-amd64-amd64-xl-credit1 pass test-arm64-arm64-xl-credit1 pass test-armhf-armhf-xl-credit1 pass test-amd64-amd64-xl-credit2 pass test-arm64-arm64-xl-credit2 pass test-armhf-armhf-xl-credit2 fail test-amd64-amd64-xl-qemuu-dmrestrict-amd64-dmrestrict pass test-amd64-amd64-examine pass test-arm64-arm64-examine pass test-armhf-armhf-examine pass test-amd64-amd64-qemuu-nested-intel pass test-amd64-amd64-xl-pvhv2-intel pass test-amd64-amd64-dom0pvh-xl-intel pass test-amd64-amd64-libvirt pass test-armhf-armhf-libvirt fail test-amd64-amd64-xl-multivcpu pass test-armhf-armhf-xl-multivcpu pass test-amd64-amd64-pair pass test-amd64-amd64-libvirt-pair pass test-amd64-amd64-xl-pvshim pass test-amd64-amd64-pygrub pass test-amd64-amd64-libvirt-qcow2 pass test-amd64-amd64-xl-qcow2 pass test-armhf-armhf-xl-qcow2 pass test-amd64-amd64-libvirt-raw pass test-arm64-arm64-libvirt-raw pass test-amd64-amd64-xl-raw pass test-armhf-armhf-xl-raw pass test-amd64-amd64-xl-rtds pass test-armhf-armhf-xl-rtds pass test-amd64-amd64-xl-qemuu-debianhvm-amd64-shadow pass test-amd64-amd64-xl-shadow pass test-arm64-arm64-xl-thunderx pass test-amd64-amd64-examine-uefi pass test-amd64-amd64-libvirt-vhd pass test-armhf-armhf-libvirt-vhd fail test-amd64-amd64-xl-vhd pass test-arm64-arm64-xl-vhd pass ------------------------------------------------------------ sg-report-flight on osstest.test-lab.xenproject.org logs: /home/logs/logs images: /home/logs/images Logs, config files, etc. are available at http://logs.test-lab.xenproject.org/osstest/logs Explanation of these reports, and of osstest in general, is at http://xenbits.xen.org/gitweb/?p=osstest.git;a=blob;f=README.email;hb=master http://xenbits.xen.org/gitweb/?p=osstest.git;a=blob;f=README;hb=master Test harness code can be found at http://xenbits.xen.org/gitweb?p=osstest.git;a=summary Pushing revision : hint: The 'hooks/update' hook was ignored because it's not set as executable. hint: You can disable this warning with `git config advice.ignoredHook false`. hint: The 'hooks/post-receive' hook was ignored because it's not set as executable. hint: You can disable this warning with `git config advice.ignoredHook false`. hint: The 'hooks/post-update' hook was ignored because it's not set as executable. hint: You can disable this warning with `git config advice.ignoredHook false`. To xenbits.xen.org:/home/xen/git/linux-pvops.git 4a4be1ad3a6e..d8ec19857b09 d8ec19857b095b39d114ae299713bd8ea6c1e66a -> tested/linux-linus
|
![]() |
Lists.xenproject.org is hosted with RackSpace, monitoring our |