[Date Prev][Date Next][Thread Prev][Thread Next][Date Index][Thread Index] [xen-4.15-testing test] 185866: regressions - FAIL
flight 185866 xen-4.15-testing real [real] http://logs.test-lab.xenproject.org/osstest/logs/185866/ Regressions :-( Tests which did not succeed and are blocking, including tests which could not be run: test-armhf-armhf-xl 8 xen-boot fail REGR. vs. 185709 build-amd64-xsm 6 xen-build fail REGR. vs. 185709 Tests which did not succeed, but are not blocking: test-amd64-amd64-xl-qemuu-debianhvm-i386-xsm 1 build-check(1) blocked n/a test-amd64-amd64-xl-qemut-stubdom-debianhvm-amd64-xsm 1 build-check(1) blocked n/a test-amd64-amd64-xl-qemut-debianhvm-i386-xsm 1 build-check(1) blocked n/a test-amd64-amd64-libvirt-qemuu-debianhvm-amd64-xsm 1 build-check(1) blocked n/a test-amd64-amd64-libvirt-xsm 1 build-check(1) blocked n/a test-amd64-amd64-xl-xsm 1 build-check(1) blocked n/a test-armhf-armhf-libvirt 16 saverestore-support-check fail like 185709 test-amd64-amd64-xl-qemuu-win7-amd64 19 guest-stop fail like 185709 test-amd64-amd64-xl-qemut-win7-amd64 19 guest-stop fail like 185709 test-amd64-amd64-qemuu-nested-amd 20 debian-hvm-install/l1/l2 fail like 185709 test-amd64-amd64-xl-qemuu-ws16-amd64 19 guest-stop fail like 185709 test-amd64-amd64-xl-qemut-ws16-amd64 19 guest-stop fail like 185709 test-arm64-arm64-xl 15 migrate-support-check fail never pass test-arm64-arm64-xl 16 saverestore-support-check fail never pass test-amd64-amd64-libvirt-qcow2 14 migrate-support-check fail never pass test-amd64-amd64-libvirt 15 migrate-support-check fail never pass test-amd64-amd64-libvirt-raw 14 migrate-support-check fail never pass test-armhf-armhf-xl-multivcpu 15 migrate-support-check fail never pass test-arm64-arm64-xl-xsm 15 migrate-support-check fail never pass test-armhf-armhf-xl-multivcpu 16 saverestore-support-check fail never pass test-arm64-arm64-xl-xsm 16 saverestore-support-check fail never pass test-arm64-arm64-xl-credit2 15 migrate-support-check fail never pass test-arm64-arm64-xl-credit2 16 saverestore-support-check fail never pass test-arm64-arm64-xl-thunderx 15 migrate-support-check fail never pass test-arm64-arm64-xl-credit1 15 migrate-support-check fail never pass test-arm64-arm64-xl-thunderx 16 saverestore-support-check fail never pass test-arm64-arm64-xl-credit1 16 saverestore-support-check fail never pass test-arm64-arm64-libvirt-xsm 15 migrate-support-check fail never pass test-arm64-arm64-libvirt-xsm 16 saverestore-support-check fail never pass test-armhf-armhf-xl-credit2 15 migrate-support-check fail never pass test-armhf-armhf-xl-credit2 16 saverestore-support-check fail never pass test-armhf-armhf-xl-arndale 15 migrate-support-check fail never pass test-armhf-armhf-xl-arndale 16 saverestore-support-check fail never pass test-armhf-armhf-xl-rtds 15 migrate-support-check fail never pass test-armhf-armhf-xl-rtds 16 saverestore-support-check fail never pass test-armhf-armhf-xl-credit1 15 migrate-support-check fail never pass test-armhf-armhf-xl-credit1 16 saverestore-support-check fail never pass test-amd64-amd64-libvirt-vhd 14 migrate-support-check fail never pass test-armhf-armhf-libvirt 15 migrate-support-check fail never pass test-arm64-arm64-libvirt-raw 14 migrate-support-check fail never pass test-arm64-arm64-libvirt-raw 15 saverestore-support-check fail never pass test-arm64-arm64-xl-vhd 14 migrate-support-check fail never pass test-arm64-arm64-xl-vhd 15 saverestore-support-check fail never pass test-armhf-armhf-xl-qcow2 14 migrate-support-check fail never pass test-armhf-armhf-xl-qcow2 15 saverestore-support-check fail never pass test-armhf-armhf-libvirt-vhd 14 migrate-support-check fail never pass test-armhf-armhf-libvirt-vhd 15 saverestore-support-check fail never pass test-armhf-armhf-xl-raw 14 migrate-support-check fail never pass test-armhf-armhf-xl-raw 15 saverestore-support-check fail never pass version targeted for testing: xen 056500003eb44314cb90f2e3e7b2d405e86b5657 baseline version: xen 0a1c1a01a8028a929d460a966c8f8e7384f5b3a6 Last test of basis 185709 2024-04-17 07:07:02 Z 13 days Testing same since 185866 2024-04-29 08:38:32 Z 1 days 1 attempts ------------------------------------------------------------ People who touched revisions under test: Roger Pau Monné <roger.pau@xxxxxxxxxx> jobs: build-amd64-xsm fail build-arm64-xsm pass build-i386-xsm pass build-amd64-xtf pass build-amd64 pass build-arm64 pass build-armhf pass build-i386 pass build-amd64-libvirt pass build-arm64-libvirt pass build-armhf-libvirt pass build-i386-libvirt pass build-amd64-prev pass build-i386-prev pass build-amd64-pvops pass build-arm64-pvops pass build-armhf-pvops pass build-i386-pvops pass test-xtf-amd64-amd64-1 pass test-xtf-amd64-amd64-2 pass test-xtf-amd64-amd64-3 pass test-xtf-amd64-amd64-4 pass test-xtf-amd64-amd64-5 pass test-amd64-amd64-xl pass test-amd64-coresched-amd64-xl pass test-arm64-arm64-xl pass test-armhf-armhf-xl fail test-amd64-amd64-libvirt-qemuu-debianhvm-amd64-xsm blocked test-amd64-amd64-xl-qemut-stubdom-debianhvm-amd64-xsm blocked test-amd64-amd64-xl-qemut-debianhvm-i386-xsm blocked test-amd64-amd64-xl-qemuu-debianhvm-i386-xsm blocked test-amd64-amd64-libvirt-xsm blocked test-arm64-arm64-libvirt-xsm pass test-amd64-amd64-xl-xsm blocked test-arm64-arm64-xl-xsm pass test-amd64-amd64-qemuu-nested-amd fail test-amd64-amd64-xl-pvhv2-amd pass test-amd64-amd64-dom0pvh-xl-amd pass test-amd64-amd64-xl-qemut-debianhvm-amd64 pass test-amd64-amd64-xl-qemuu-debianhvm-amd64 pass test-amd64-amd64-qemuu-freebsd11-amd64 pass test-amd64-amd64-qemuu-freebsd12-amd64 pass test-amd64-amd64-xl-qemuu-ovmf-amd64 pass test-amd64-amd64-xl-qemut-win7-amd64 fail test-amd64-amd64-xl-qemuu-win7-amd64 fail test-amd64-amd64-xl-qemut-ws16-amd64 fail test-amd64-amd64-xl-qemuu-ws16-amd64 fail test-armhf-armhf-xl-arndale pass test-amd64-amd64-xl-credit1 pass test-arm64-arm64-xl-credit1 pass test-armhf-armhf-xl-credit1 pass test-amd64-amd64-xl-credit2 pass test-arm64-arm64-xl-credit2 pass test-armhf-armhf-xl-credit2 pass test-amd64-amd64-xl-qemuu-dmrestrict-amd64-dmrestrict pass test-amd64-amd64-qemuu-nested-intel pass test-amd64-amd64-xl-pvhv2-intel pass test-amd64-amd64-dom0pvh-xl-intel pass test-amd64-amd64-libvirt pass test-armhf-armhf-libvirt pass test-amd64-amd64-livepatch pass test-amd64-amd64-migrupgrade pass test-amd64-amd64-xl-multivcpu pass test-armhf-armhf-xl-multivcpu pass test-amd64-amd64-pair pass test-amd64-amd64-libvirt-pair pass test-amd64-amd64-xl-pvshim pass test-amd64-amd64-pygrub pass test-amd64-amd64-libvirt-qcow2 pass test-amd64-amd64-xl-qcow2 pass test-armhf-armhf-xl-qcow2 pass test-amd64-amd64-libvirt-raw pass test-arm64-arm64-libvirt-raw pass test-amd64-amd64-xl-raw pass test-armhf-armhf-xl-raw pass test-amd64-amd64-xl-rtds pass test-armhf-armhf-xl-rtds pass test-amd64-amd64-xl-qemuu-debianhvm-amd64-shadow pass test-amd64-amd64-xl-shadow pass test-arm64-arm64-xl-thunderx pass test-amd64-amd64-libvirt-vhd pass test-armhf-armhf-libvirt-vhd pass test-amd64-amd64-xl-vhd pass test-arm64-arm64-xl-vhd pass ------------------------------------------------------------ sg-report-flight on osstest.test-lab.xenproject.org logs: /home/logs/logs images: /home/logs/images Logs, config files, etc. are available at http://logs.test-lab.xenproject.org/osstest/logs Explanation of these reports, and of osstest in general, is at http://xenbits.xen.org/gitweb/?p=osstest.git;a=blob;f=README.email;hb=master http://xenbits.xen.org/gitweb/?p=osstest.git;a=blob;f=README;hb=master Test harness code can be found at http://xenbits.xen.org/gitweb?p=osstest.git;a=summary Not pushing. ------------------------------------------------------------ commit 056500003eb44314cb90f2e3e7b2d405e86b5657 Author: Roger Pau Monné <roger.pau@xxxxxxxxxx> Date: Mon Apr 29 10:23:03 2024 +0200 x86/spec: adjust logic that elides lfence It's currently too restrictive by just checking whether there's a BHB clearing sequence selected. It should instead check whether BHB clearing is used on entry from PV or HVM specifically. Switch to use opt_bhb_entry_{pv,hvm} instead, and then remove cpu_has_bhb_seq since it no longer has any users. Reported-by: Jan Beulich <jbeulich@xxxxxxxx> Fixes: 954c983abcee ('x86/spec-ctrl: Software BHB-clearing sequences') Signed-off-by: Roger Pau Monné <roger.pau@xxxxxxxxxx> Reviewed-by: Jan Beulich <jbeulich@xxxxxxxx> Reviewed-by: Andrew Cooper <andrew.cooper3@xxxxxxxxxx> master commit: 656ae8f1091bcefec9c46ec3ea3ac2118742d4f6 master date: 2024-04-25 16:37:01 +0200 commit 7f73536e2644722ec87dc491511cc0f9f762d1eb Author: Roger Pau Monné <roger.pau@xxxxxxxxxx> Date: Mon Apr 29 10:20:58 2024 +0200 x86/spec: fix reporting of BHB clearing usage from guest entry points Reporting whether the BHB clearing on entry is done for the different domains types based on cpu_has_bhb_seq is unhelpful, as that variable signals whether there's a BHB clearing sequence selected, but that alone doesn't imply that such sequence is used from the PV and/or HVM entry points. Instead use opt_bhb_entry_{pv,hvm} which do signal whether BHB clearing is performed on entry from PV/HVM. Fixes: 689ad48ce9cf ('x86/spec-ctrl: Wire up the Native-BHI software sequences') Signed-off-by: Roger Pau Monné <roger.pau@xxxxxxxxxx> Reviewed-by: Jan Beulich <jbeulich@xxxxxxxx> Reviewed-by: Andrew Cooper <andrew.cooper3@xxxxxxxxxx> master commit: 049ab0b2c9f1f5edb54b505fef0bc575787dafe9 master date: 2024-04-25 16:35:56 +0200 (qemu changes not included)
|
Lists.xenproject.org is hosted with RackSpace, monitoring our |