[Date Prev][Date Next][Thread Prev][Thread Next][Date Index][Thread Index]

[linux-6.1 test] 185227: regressions - FAIL



flight 185227 linux-6.1 real [real]
http://logs.test-lab.xenproject.org/osstest/logs/185227/

Regressions :-(

Tests which did not succeed and are blocking,
including tests which could not be run:
 build-arm64                   6 xen-build                fail REGR. vs. 185167

Tests which did not succeed, but are not blocking:
 build-arm64-libvirt           1 build-check(1)               blocked  n/a
 test-arm64-arm64-examine      1 build-check(1)               blocked  n/a
 test-arm64-arm64-libvirt-raw  1 build-check(1)               blocked  n/a
 test-arm64-arm64-libvirt-xsm  1 build-check(1)               blocked  n/a
 test-arm64-arm64-xl           1 build-check(1)               blocked  n/a
 test-arm64-arm64-xl-credit1   1 build-check(1)               blocked  n/a
 test-arm64-arm64-xl-credit2   1 build-check(1)               blocked  n/a
 test-arm64-arm64-xl-thunderx  1 build-check(1)               blocked  n/a
 test-arm64-arm64-xl-vhd       1 build-check(1)               blocked  n/a
 test-armhf-armhf-libvirt     16 saverestore-support-check    fail  like 185167
 test-amd64-amd64-xl-qemuu-win7-amd64 19 guest-stop            fail like 185167
 test-amd64-amd64-xl-qemut-win7-amd64 19 guest-stop            fail like 185167
 test-amd64-amd64-xl-qemut-ws16-amd64 19 guest-stop            fail like 185167
 test-amd64-amd64-xl-qemuu-ws16-amd64 19 guest-stop            fail like 185167
 test-amd64-amd64-qemuu-nested-amd 20 debian-hvm-install/l1/l2 fail like 185167
 test-armhf-armhf-xl-multivcpu 15 migrate-support-check        fail  never pass
 test-armhf-armhf-xl-multivcpu 16 saverestore-support-check    fail  never pass
 test-amd64-amd64-libvirt-xsm 15 migrate-support-check        fail   never pass
 test-amd64-amd64-libvirt     15 migrate-support-check        fail   never pass
 test-amd64-amd64-libvirt-qemuu-debianhvm-amd64-xsm 13 migrate-support-check 
fail never pass
 test-amd64-amd64-libvirt-qcow2 14 migrate-support-check        fail never pass
 test-arm64-arm64-xl-xsm      15 migrate-support-check        fail   never pass
 test-arm64-arm64-xl-xsm      16 saverestore-support-check    fail   never pass
 test-amd64-amd64-libvirt-vhd 14 migrate-support-check        fail   never pass
 test-armhf-armhf-xl-rtds     15 migrate-support-check        fail   never pass
 test-armhf-armhf-xl-rtds     16 saverestore-support-check    fail   never pass
 test-armhf-armhf-xl-credit1  15 migrate-support-check        fail   never pass
 test-armhf-armhf-xl-credit1  16 saverestore-support-check    fail   never pass
 test-armhf-armhf-libvirt     15 migrate-support-check        fail   never pass
 test-armhf-armhf-xl-credit2  15 migrate-support-check        fail   never pass
 test-armhf-armhf-xl-credit2  16 saverestore-support-check    fail   never pass
 test-armhf-armhf-xl          15 migrate-support-check        fail   never pass
 test-armhf-armhf-xl          16 saverestore-support-check    fail   never pass
 test-armhf-armhf-xl-arndale  15 migrate-support-check        fail   never pass
 test-armhf-armhf-xl-arndale  16 saverestore-support-check    fail   never pass
 test-amd64-amd64-libvirt-raw 14 migrate-support-check        fail   never pass
 test-armhf-armhf-xl-qcow2    14 migrate-support-check        fail   never pass
 test-armhf-armhf-xl-qcow2    15 saverestore-support-check    fail   never pass
 test-armhf-armhf-libvirt-vhd 14 migrate-support-check        fail   never pass
 test-armhf-armhf-libvirt-vhd 15 saverestore-support-check    fail   never pass
 test-armhf-armhf-xl-raw      14 migrate-support-check        fail   never pass
 test-armhf-armhf-xl-raw      15 saverestore-support-check    fail   never pass

version targeted for testing:
 linux                347385861c50adc8d4801d4b899eded38a2f04cd
baseline version:
 linux                e5cd595e23c1a075359a337c0e5c3a4f2dc28dd1

Last test of basis   185167  2024-03-26 22:43:26 Z    7 days
Testing same since   185227  2024-04-03 13:42:39 Z    0 days    1 attempts

------------------------------------------------------------
People who touched revisions under test:
  "Andrey Jr. Melnikov" <temnota.am@xxxxxxxxx>
  "Huang, Ying" <ying.huang@xxxxxxxxx>
  "Rafael J. Wysocki" <rafael@xxxxxxxxxx>
  Adamos Ttofari <attofari@xxxxxxxxx>
  Adrian Hunter <adrian.hunter@xxxxxxxxx>
  Alan Stern <stern@xxxxxxxxxxxxxxxxxxx>
  Alex Deucher <alexander.deucher@xxxxxxx>
  Alex Hung <alex.hung@xxxxxxx>
  Alex Williamson <alex.williamson@xxxxxxxxxx>
  Alexander Aring <aahringo@xxxxxxxxxx>
  Alexander Stein <alexander.stein@xxxxxxxxxxxxxxx>
  Alexander Usyskin <alexander.usyskin@xxxxxxxxx>
  Alexei Starovoitov <ast@xxxxxxxxxx>
  Amit Pundir <amit.pundir@xxxxxxxxxx>
  Andi Shyti <andi.shyti@xxxxxxxxxx>
  Andi Shyti <andi.shyti@xxxxxxxxxxxxxxx>
  Andreas Larsson <andreas@xxxxxxxxxxx>
  Andrew Morton <akpm@xxxxxxxxxxxxxxxxxxxx>
  Andrey Jr. Melnikov <temnota.am@xxxxxxxxx>
  André Rösti <an.roesti@xxxxxxxxx>
  Andy Chi <andy.chi@xxxxxxxxxxxxx>
  Anton Altaparmakov <anton@xxxxxxxxxx>
  Ard Biesheuvel <ardb@xxxxxxxxxx>
  Arend van Spriel <arend.vanspriel@xxxxxxxxxxxx>
  Arnaud Pouliquen <arnaud.pouliquen@xxxxxxxxxxx>
  Arnd Bergmann <arnd@xxxxxxxx>
  Arseniy Krasnov <avkrasnov@xxxxxxxxxxxxxxxxx>
  Aurélien Jacobs <aurel@xxxxxxxxxx>
  Baokun Li <libaokun1@xxxxxxxxxx>
  Bart Van Assche <bvanassche@xxxxxxx>
  Biju Das <biju.das.jz@xxxxxxxxxxxxxx>
  Bikash Hazarika <bhazarika@xxxxxxxxxxx>
  Bjorn Andersson <andersson@xxxxxxxxxx>
  Bjorn Helgaas <bhelgaas@xxxxxxxxxx>
  Borislav Petkov (AMD) <bp@xxxxxxxxx>
  Borislav Petkov <bp@xxxxxxx>
  Cameron Williams <cang1@xxxxxxxxxx>
  Casey Schaufler <casey@xxxxxxxxxxxxxxxx>
  Chang S. Bae <chang.seok.bae@xxxxxxxxx>
  Charan Teja Kalla <quic_charante@xxxxxxxxxxx>
  Charlie Jenkins <charlie@xxxxxxxxxxxx>
  Chengming Zhou <zhouchengming@xxxxxxxxxxxxx>
  Chris Wilson <chris@xxxxxxxxxxxxxxxxxx>
  Christian A. Ehrhardt <lk@xxxxxxx>
  Christian Brauner <brauner@xxxxxxxxxx>
  Christian Gmeiner <cgmeiner@xxxxxxxxxx>
  Christian Häggström <christian.haggstrom@xxxxxxxxxxxxx>
  Christoph Hellwig <hch@xxxxxx>
  Christoph Niedermaier <cniedermaier@xxxxxxxxxxxxxxxxxx>
  Christophe JAILLET <christophe.jaillet@xxxxxxxxxx>
  Chuck Lever <chuck.lever@xxxxxxxxxx>
  Claudiu Beznea <claudiu.beznea.uj@xxxxxxxxxxxxxx>
  Claus Hansen Ries <chr@xxxxxxxxx>
  Clayton Craft <clayton@xxxxxxxxxxxxx>
  Conrad Kostecki <conikost@xxxxxxxxxx>
  Cosmin Tanislav <demonsingur@xxxxxxxxx>
  Damian Muszynski <damian.muszynski@xxxxxxxxx>
  Damien Le Moal <dlemoal@xxxxxxxxxx>
  Dan Carpenter <dan.carpenter@xxxxxxxxxx>
  Daniel Lezcano <daniel.lezcano@xxxxxxxxxx>
  Daniel Vogelbacher <daniel@xxxxxxxxxxxxxx>
  Daniel Wheeler <daniel.wheeler@xxxxxxx>
  Danil Rybakov <danilrybakov249@xxxxxxxxx>
  Danilo Krummrich <dakr@xxxxxxxxxx>
  Dave Hansen <dave.hansen@xxxxxxxxxxxxxxx>
  David Hildenbrand <david@xxxxxxxxxx>
  David Laight <david.laight@xxxxxxxxxx>
  David S. Miller <davem@xxxxxxxxxxxxx>
  David Sterba <dsterba@xxxxxxxx>
  David Woodhouse <dwmw@xxxxxxxxxxxx>
  Dirk Behme <dirk.behme@xxxxxxxxxxxx>
  Dominique Martinet <dominique.martinet@xxxxxxxxxxxxxxxxx>
  Duje Mihanović <duje.mihanovic@xxxxxxxx>
  Duoming Zhou <duoming@xxxxxxxxxx>
  Eric Huang <jinhuieric.huang@xxxxxxx>
  Eugene Korenevsky <ekorenevsky@xxxxxxxxxxxxx>
  Fedor Pchelkin <pchelkin@xxxxxxxxx>
  Felix Fietkau <nbd@xxxxxxxx>
  Filipe Manana <fdmanana@xxxxxxxx>
  Florian Fainelli <florian.fainelli@xxxxxxxxxxxx>
  Francesco Dolcini <francesco.dolcini@xxxxxxxxxxx>
  Gabor Juhos <j4g8y7@xxxxxxxxx>
  Geliang Tang <tanggeliang@xxxxxxxxxx>
  Giovanni Cabiddu <giovanni.cabiddu@xxxxxxxxx>
  Greg Edwards <gedwards@xxxxxxx>
  Greg Kroah-Hartman <gregkh@xxxxxxxxxxxxxxxxxxx>
  Greg Thelen <gthelen@xxxxxxxxxx>
  Guenter Roeck <linux@xxxxxxxxxxxx>
  Gui-Dong Han <2045gemini@xxxxxxxxx>
  Guilherme G. Piccoli <gpiccoli@xxxxxxxxxx>
  Hans de Goede <hdegoede@xxxxxxxxxx>
  Hans Verkuil <hverkuil-cisco@xxxxxxxxx>
  Harald Freudenberger <freude@xxxxxxxxxxxxx>
  Heiko Carstens <hca@xxxxxxxxxxxxx>
  Heiner Kallweit <hkallweit1@xxxxxxxxx>
  Helge Deller <deller@xxxxxx>
  Herbert Xu <herbert@xxxxxxxxxxxxxxxxxxx>
  Hidenori Kobayashi <hidenorik@xxxxxxxxxxxx>
  Hongchen Zhang <zhanghongchen@xxxxxxxxxxx>
  Huacai Chen <chenhuacai@xxxxxxxxxxx>
  Huang Ying <ying.huang@xxxxxxxxx>
  Hugo Villeneuve <hvilleneuve@xxxxxxxxxxxx>
  Ingo Molnar <mingo@xxxxxxxxxx>
  Jaegeuk Kim <jaegeuk@xxxxxxxxxx>
  Jakub Kicinski <kuba@xxxxxxxxxx>
  Jameson Thies <jthies@xxxxxxxxxx>
  Jan Kara <jack@xxxxxxx>
  Jani Nikula <jani.nikula@xxxxxxxxx>
  Janusz Krzysztofik <janusz.krzysztofik@xxxxxxxxxxxxxxx>
  Jason A. Donenfeld <Jason@xxxxxxxxx>
  Jason Gunthorpe <jgg@xxxxxxxxxx>
  Jeff Layton <jlayton@xxxxxxxxxx>
  Jens Axboe <axboe@xxxxxxxxx>
  Jens Wiklander <jens.wiklander@xxxxxxxxxx>
  Jerome Brunet <jbrunet@xxxxxxxxxxxx>
  Jiawei Wang <me@xxxxxxxxxx>
  Jim Mattson <jmattson@xxxxxxxxxx>
  Jinghao Jia <jinghao7@xxxxxxxxxxxx>
  Joakim Zhang <joakim.zhang@xxxxxxxxxxx>
  Jocelyn Falempe <jfalempe@xxxxxxxxxx>
  Johan Hovold <johan@xxxxxxxxxx>
  Johannes Berg <johannes.berg@xxxxxxxxx>
  Johannes Thumshirn <johannes.thumshirn@xxxxxxx>
  John David Anglin <dave.anglin@xxxxxxxx>
  John Ogness <john.ogness@xxxxxxxxxxxxx>
  John Sperbeck <jsperbeck@xxxxxxxxxx>
  Jon Hunter <jonathanh@xxxxxxxxxx>
  Jonathan Cameron <Jonathan.Cameron@xxxxxxxxxx>
  Joonas Lahtinen <joonas.lahtinen@xxxxxxxxxxxxxxx>
  Josef Bacik <josef@xxxxxxxxxxxxxx>
  Josua Mayer <josua@xxxxxxxxxxxxx>
  Kai-Heng Feng <kai.heng.feng@xxxxxxxxxxxxx>
  Kailang Yang <kailang@xxxxxxxxxxx>
  Kalle Valo <kvalo@xxxxxxxxxx>
  Karthikeyan Ramasubramanian <kramasub@xxxxxxxxxxxx>
  Kazuma Kondo <kazuma-kondo@xxxxxxx>
  Kees Cook <keescook@xxxxxxxxxxxx>
  Kelsey Steele <kelseysteele@xxxxxxxxxxxxxxxxxxx>
  Kevin Loughlin <kevinloughlin@xxxxxxxxxx>
  Kim Phillips <kim.phillips@xxxxxxx>
  KONDO KAZUMA(近藤 和真) <kazuma-kondo@xxxxxxx>
  Krishna chaitanya chundru <quic_krichai@xxxxxxxxxxx>
  Krishna Kurapati <quic_kriskura@xxxxxxxxxxx>
  Krzysztof Kozlowski <krzysztof.kozlowski@xxxxxxxxxx>
  Krzysztof Wilczyński <kwilczynski@xxxxxxxxxx>
  Kyle Tso <kyletso@xxxxxxxxxx>
  Ladislav Michl <ladis@xxxxxxxxxxxxxx>
  Laurent Pinchart <laurent.pinchart@xxxxxxxxxxxxxxxx>
  Lee Jones <lee@xxxxxxxxxx>
  Leo Ma <hanghong.ma@xxxxxxx>
  Linus Torvalds <torvalds@xxxxxxxxxxxxxxxxxxxx>
  Linux Kernel Functional Testing <lkft@xxxxxxxxxx>
  Lorenzo Pieralisi <lpieralisi@xxxxxxxxxx>
  Lucas Stach <l.stach@xxxxxxxxxxxxxx>
  Luiz Augusto von Dentz <luiz.von.dentz@xxxxxxxxx>
  Ma Jun <Jun.Ma2@xxxxxxx>
  Manivannan Sadhasivam <manivannan.sadhasivam@xxxxxxxxxx>
  Mano Ségransan <mano.segransan@xxxxxxxxxxxxxx>
  Marek Szyprowski <m.szyprowski@xxxxxxxxxxx>
  Marios Makassikis <mmakassikis@xxxxxxxxxx>
  Mark Brown <broonie@xxxxxxxxxx>
  Martin Blumenstingl <martin.blumenstingl@xxxxxxxxxxxxxx>
  Martin K. Petersen <martin.petersen@xxxxxxxxxx>
  Masahiro Yamada <masahiroy@xxxxxxxxxx>
  Masami Hiramatsu (Google) <mhiramat@xxxxxxxxxx>
  Mateusz Jończyk <mat.jonczyk@xxxxx>
  Mathias Nyman <mathias.nyman@xxxxxxxxxxxxxxx>
  Mathieu Poirier <mathieu.poirier@xxxxxxxxxx>
  Matthew Wilcox (Oracle) <willy@xxxxxxxxxxxxx>
  Matthieu Baerts (NGI0) <matttbe@xxxxxxxxxx>
  Maulik Shah <quic_mkshah@xxxxxxxxxxx>
  Max Filippov <jcmvbkbc@xxxxxxxxx>
  Maxime Ripard <mripard@xxxxxxxxxx>
  Maximilian Heyne <mheyne@xxxxxxxxx>
  Mel Gorman <mgorman@xxxxxxxxxxxxxxxxxxx>
  Michael Ellerman <mpe@xxxxxxxxxxxxxx>
  Michael Kelley <mhklinux@xxxxxxxxxxx>
  Mickaël Salaün <mic@xxxxxxxxxxx>
  Mike Snitzer <snitzer@xxxxxxxxxx>
  Mikko Rapeli <mikko.rapeli@xxxxxxxxxx>
  Miklos Szeredi <mszeredi@xxxxxxxxxx>
  Mikulas Patocka <mpatocka@xxxxxxxxxx>
  Minas Harutyunyan <Minas.Harutyunyan@xxxxxxxxxxxx>
  Miquel Raynal <miquel.raynal@xxxxxxxxxxx>
  Miri Korenblit <miriam.rachel.korenblit@xxxxxxxxx>
  Muhammad Usama Anjum <usama.anjum@xxxxxxxxxxxxx>
  Namjae Jeon <linkinjeon@xxxxxxxxxx>
  Natanael Copa <ncopa@xxxxxxxxxxxxxxx>
  Nathan Chancellor <nathan@xxxxxxxxxx>
  Neil Armstrong <neil.armstrong@xxxxxxxxxx> # on SM8550-QRD
  Nicolas Pitre <nico@xxxxxxxxxxx>
  Nicolin Chen <nicolinc@xxxxxxxxxx>
  Nikhil V <quic_nprakash@xxxxxxxxxxx>
  Niklas Cassel <cassel@xxxxxxxxxx>
  Nilesh Javali <njavali@xxxxxxxxxxx>
  Nirmoy Das <nirmoy.das@xxxxxxxxx>
  OGAWA Hirofumi <hirofumi@xxxxxxxxxxxxxxxxxx>
  Oleksandr Tymoshenko <ovt@xxxxxxxxxx>
  Oliver Neukum <oneukum@xxxxxxxx>
  Pablo Neira Ayuso <pablo@xxxxxxxxxxxxx>
  Paolo Abeni <pabeni@xxxxxxxxxx>
  Paolo Bonzini <pbonzini@xxxxxxxxxx>
  Paul Menzel <pmenzel@xxxxxxxxxxxxx>
  Paul Menzel <pmenzel@xxxxxxxxxxxxx> # Dell XPS 15 7590
  Pavel Machek (CIP) <pavel@xxxxxxx>
  Peter Collingbourne <pcc@xxxxxxxxxx>
  Petr Mladek <pmladek@xxxxxxxx>
  Philip Yang <Philip.Yang@xxxxxxx>
  Philipp Stanner <pstanner@xxxxxxxxxx>
  Philipp Zabel <p.zabel@xxxxxxxxxxxxxx>
  Prashanth K <quic_prashk@xxxxxxxxxxx>
  Qiang Zhang <qiang4.zhang@xxxxxxxxx>
  Qingliang Li <qingliang.li@xxxxxxxxxxxx>
  Qu Wenruo <wqu@xxxxxxxx>
  Quinn Tran <qutran@xxxxxxxxxxx>
  Rafael J. Wysocki <rafael.j.wysocki@xxxxxxxxx>
  Rafael J. Wysocki <rafael@xxxxxxxxxx>
  Randy Dunlap <rdunlap@xxxxxxxxxxxxx>
  Randy Dunlap <rdunlap@xxxxxxxxxxxxx> # build-tested
  Reinette Chatre <reinette.chatre@xxxxxxxxx>
  Richard Weinberger <richard@xxxxxx>
  Rickard x Andersson <rickaran@xxxxxxxx>
  Ricky Wu <ricky_wu@xxxxxxxxxxx>
  Rob Herring <robh@xxxxxxxxxx>
  Roberto Sassu <roberto.sassu@xxxxxxxxxx>
  Robin Murphy <robin.murphy@xxxxxxx>
  Rodrigo Siqueira <Rodrigo.Siqueira@xxxxxxx>
  Rodrigo Vivi <rodrigo.vivi@xxxxxxxxx>
  Roger Quadros <rogerq@xxxxxxxxxx>
  Romain Naour <romain.naour@xxxxxxx>
  Ron Economos <re@xxxxxxxx>
  Rui Wang <wangrui@xxxxxxxxxxx>
  Ryan Roberts <ryan.roberts@xxxxxxx>
  Ryusuke Konishi <konishi.ryusuke@xxxxxxxxx>
  Sabrina Dubroca <sd@xxxxxxxxxxxxxxx>
  Sakari Ailus <sakari.ailus@xxxxxxxxxxxxxxx>
  Salvatore Bonaccorso <carnil@xxxxxxxxxx>
  Sam Ravnborg <sam@xxxxxxxxxxxx>
  Samuel Thibault <samuel.thibault@xxxxxxxxxxxx>
  Sasha Levin <sashal@xxxxxxxxxx>
  Saurav Kashyap <skashyap@xxxxxxxxxxx>
  Sean Anderson <sean.anderson@xxxxxxxxx>
  Sean Christopherson <seanjc@xxxxxxxxxx>
  SeongJae Park <sj@xxxxxxxxxx>
  Sherry Sun <sherry.sun@xxxxxxx>
  Shivnandan Kumar <quic_kshivnan@xxxxxxxxxxx>
  Shuah Khan <skhan@xxxxxxxxxxxxxxxxxxx>
  Song Liu <song@xxxxxxxxxx>
  Souradeep Chakrabarti <schakrabarti@xxxxxxxxxxxxxxxxxxx>
  Srinivas Kandagatla <srinivas.kandagatla@xxxxxxxxxx>
  Srish Srinivasan <srish.srinivasan@xxxxxxxxxxxx>
  Srivathsa Dara <srivathsa.d.dara@xxxxxxxxxx>
  Stanislaw Gruszka <stanislaw.gruszka@xxxxxxxxxxxxxxx>
  Stefan Schmidt <stefan@xxxxxxxxxxxxxxxxxx>
  Steffen Klassert <steffen.klassert@xxxxxxxxxxx>
  Steve French <stfrench@xxxxxxxxxxxxx>
  Steven Rostedt (Google) <rostedt@xxxxxxxxxxx>
  Steven Rostedt <rostedt@xxxxxxxxxxx>
  Sumit Garg <sumit.garg@xxxxxxxxxx>
  Sunmin Jeong <s_min.jeong@xxxxxxxxxxx>
  Svyatoslav Pankratov <svyatoslav.pankratov@xxxxxxxxx>
  Takashi Iwai <tiwai@xxxxxxx>
  Theodore Ts'o <tytso@xxxxxxx>
  Thomas Gleixner <tglx@xxxxxxxxxxxxx>
  Thomas Zimmermann <tzimmermann@xxxxxxx>
  Tomas Winkler <tomas.winkler@xxxxxxxxx>
  Tony Battersby <tonyb@xxxxxxxxxxxxxxx>
  Tor Vic <torvic9@xxxxxxxxxxx>
  Toru Katagiri <Toru.Katagiri@xxxxxxx>
  Trond Myklebust <trond.myklebust@xxxxxxxxxxxxxxx>
  Tvrtko Ursulin <tvrtko.ursulin@xxxxxxxxx>
  Ulf Hansson <ulf.hansson@xxxxxxxxxx>
  Uwe Kleine-König <u.kleine-koenig@xxxxxxxxxxxxxx>
  Ville Syrjälä <ville.syrjala@xxxxxxxxxxxxxxx>
  Viresh Kumar <viresh.kumar@xxxxxxxxxx>
  Vladimir Oltean <vladimir.oltean@xxxxxxx>
  Vlastimil Babka <vbabka@xxxxxxx>
  Wayne Chang <waynec@xxxxxxxxxx>
  Wayne Lin <wayne.lin@xxxxxxx>
  Wei Liu <wei.liu@xxxxxxxxxx>
  Weitao Wang <WeitaoWang-oc@xxxxxxxxxxx>
  Will Deacon <will@xxxxxxxxxx>
  Wolfram Sang <wsa+renesas@xxxxxxxxxxxxxxxxxxxx>
  Xiao Ni <xni@xxxxxxxxxx>
  Xing Li <lixing@xxxxxxxxxxx>
  Xingui Yang <yangxingui@xxxxxxxxxx>
  yangerkun <yangerkun@xxxxxxxxxx>
  Yann Sionneau <ysionneau@xxxxxxxxxxxxx>
  Ye Zhang <ye.zhang@xxxxxxxxxxxxxx>
  Yishai Hadas <yishaih@xxxxxxxxxx>
  Yonghong Song <yonghong.song@xxxxxxxxx>
  Yu Kuai <yukuai3@xxxxxxxxxx>
  yuan linyu <yuanlinyu@xxxxxxxxxxx>
  Zack Rusin <zack.rusin@xxxxxxxxxxxx>
  Zhang Yi <yi.zhang@xxxxxxxxxx>
  Zheng Wang <zyytlz.wz@xxxxxxx>
  Zi Yan <ziy@xxxxxxxxxx>
  Zoltan HERPAI <wigyori@xxxxxxx>

jobs:
 build-amd64-xsm                                              pass    
 build-arm64-xsm                                              pass    
 build-i386-xsm                                               pass    
 build-amd64                                                  pass    
 build-arm64                                                  fail    
 build-armhf                                                  pass    
 build-i386                                                   pass    
 build-amd64-libvirt                                          pass    
 build-arm64-libvirt                                          blocked 
 build-armhf-libvirt                                          pass    
 build-i386-libvirt                                           pass    
 build-amd64-pvops                                            pass    
 build-arm64-pvops                                            pass    
 build-armhf-pvops                                            pass    
 build-i386-pvops                                             pass    
 test-amd64-amd64-xl                                          pass    
 test-amd64-coresched-amd64-xl                                pass    
 test-arm64-arm64-xl                                          blocked 
 test-armhf-armhf-xl                                          pass    
 test-amd64-amd64-libvirt-qemuu-debianhvm-amd64-xsm           pass    
 test-amd64-amd64-xl-qemut-stubdom-debianhvm-amd64-xsm        pass    
 test-amd64-amd64-xl-qemut-debianhvm-i386-xsm                 pass    
 test-amd64-amd64-xl-qemuu-debianhvm-i386-xsm                 pass    
 test-amd64-amd64-libvirt-xsm                                 pass    
 test-arm64-arm64-libvirt-xsm                                 blocked 
 test-amd64-amd64-xl-xsm                                      pass    
 test-arm64-arm64-xl-xsm                                      pass    
 test-amd64-amd64-qemuu-nested-amd                            fail    
 test-amd64-amd64-xl-pvhv2-amd                                pass    
 test-amd64-amd64-dom0pvh-xl-amd                              pass    
 test-amd64-amd64-xl-qemut-debianhvm-amd64                    pass    
 test-amd64-amd64-xl-qemuu-debianhvm-amd64                    pass    
 test-amd64-amd64-qemuu-freebsd11-amd64                       pass    
 test-amd64-amd64-qemuu-freebsd12-amd64                       pass    
 test-amd64-amd64-xl-qemuu-ovmf-amd64                         pass    
 test-amd64-amd64-xl-qemut-win7-amd64                         fail    
 test-amd64-amd64-xl-qemuu-win7-amd64                         fail    
 test-amd64-amd64-xl-qemut-ws16-amd64                         fail    
 test-amd64-amd64-xl-qemuu-ws16-amd64                         fail    
 test-armhf-armhf-xl-arndale                                  pass    
 test-amd64-amd64-examine-bios                                pass    
 test-amd64-amd64-xl-credit1                                  pass    
 test-arm64-arm64-xl-credit1                                  blocked 
 test-armhf-armhf-xl-credit1                                  pass    
 test-amd64-amd64-xl-credit2                                  pass    
 test-arm64-arm64-xl-credit2                                  blocked 
 test-armhf-armhf-xl-credit2                                  pass    
 test-amd64-amd64-xl-qemuu-dmrestrict-amd64-dmrestrict        pass    
 test-amd64-amd64-examine                                     pass    
 test-arm64-arm64-examine                                     blocked 
 test-armhf-armhf-examine                                     pass    
 test-amd64-amd64-qemuu-nested-intel                          pass    
 test-amd64-amd64-xl-pvhv2-intel                              pass    
 test-amd64-amd64-dom0pvh-xl-intel                            pass    
 test-amd64-amd64-libvirt                                     pass    
 test-armhf-armhf-libvirt                                     pass    
 test-amd64-amd64-xl-multivcpu                                pass    
 test-armhf-armhf-xl-multivcpu                                pass    
 test-amd64-amd64-pair                                        pass    
 test-amd64-amd64-libvirt-pair                                pass    
 test-amd64-amd64-xl-pvshim                                   pass    
 test-amd64-amd64-pygrub                                      pass    
 test-amd64-amd64-libvirt-qcow2                               pass    
 test-amd64-amd64-xl-qcow2                                    pass    
 test-armhf-armhf-xl-qcow2                                    pass    
 test-amd64-amd64-libvirt-raw                                 pass    
 test-arm64-arm64-libvirt-raw                                 blocked 
 test-amd64-amd64-xl-raw                                      pass    
 test-armhf-armhf-xl-raw                                      pass    
 test-amd64-amd64-xl-rtds                                     pass    
 test-armhf-armhf-xl-rtds                                     pass    
 test-amd64-amd64-xl-qemuu-debianhvm-amd64-shadow             pass    
 test-amd64-amd64-xl-shadow                                   pass    
 test-arm64-arm64-xl-thunderx                                 blocked 
 test-amd64-amd64-examine-uefi                                pass    
 test-amd64-amd64-libvirt-vhd                                 pass    
 test-armhf-armhf-libvirt-vhd                                 pass    
 test-amd64-amd64-xl-vhd                                      pass    
 test-arm64-arm64-xl-vhd                                      blocked 


------------------------------------------------------------
sg-report-flight on osstest.test-lab.xenproject.org
logs: /home/logs/logs
images: /home/logs/images

Logs, config files, etc. are available at
    http://logs.test-lab.xenproject.org/osstest/logs

Explanation of these reports, and of osstest in general, is at
    http://xenbits.xen.org/gitweb/?p=osstest.git;a=blob;f=README.email;hb=master
    http://xenbits.xen.org/gitweb/?p=osstest.git;a=blob;f=README;hb=master

Test harness code can be found at
    http://xenbits.xen.org/gitweb?p=osstest.git;a=summary


Not pushing.

(No revision log; it would be 8551 lines long.)



 


Rackspace

Lists.xenproject.org is hosted with RackSpace, monitoring our
servers 24x7x365 and backed by RackSpace's Fanatical Support®.