[Date Prev][Date Next][Thread Prev][Thread Next][Date Index][Thread Index] [xen-unstable-smoke test] 185225: tolerable all pass - PUSHED
flight 185225 xen-unstable-smoke real [real] http://logs.test-lab.xenproject.org/osstest/logs/185225/ Failures :-/ but no regressions. Tests which did not succeed, but are not blocking: test-amd64-amd64-libvirt 15 migrate-support-check fail never pass test-armhf-armhf-xl 15 migrate-support-check fail never pass test-armhf-armhf-xl 16 saverestore-support-check fail never pass test-arm64-arm64-xl-xsm 15 migrate-support-check fail never pass test-arm64-arm64-xl-xsm 16 saverestore-support-check fail never pass version targeted for testing: xen ac682fbac14a4286645810c02f60a2ba844b6c0a baseline version: xen 7a09966e7b2823b70f6d56d0cf66c11124f4a3c1 Last test of basis 185196 2024-03-28 21:04:03 Z 5 days Testing same since 185225 2024-04-03 08:02:08 Z 0 days 1 attempts ------------------------------------------------------------ People who touched revisions under test: Federico Serafini <federico.serafini@xxxxxxxxxxx> Jan Beulich <jbeulich@xxxxxxxx> Marek Marczykowski-Górecki <marmarek@xxxxxxxxxxxxxxxxxxxxxx> Nicola Vetrini <nicola.vetrini@xxxxxxxxxxx> Tamas K Lengyel <tamas@xxxxxxxxxxxxx> jobs: build-arm64-xsm pass build-amd64 pass build-armhf pass build-amd64-libvirt pass test-armhf-armhf-xl pass test-arm64-arm64-xl-xsm pass test-amd64-amd64-xl-qemuu-debianhvm-amd64 pass test-amd64-amd64-libvirt pass ------------------------------------------------------------ sg-report-flight on osstest.test-lab.xenproject.org logs: /home/logs/logs images: /home/logs/images Logs, config files, etc. are available at http://logs.test-lab.xenproject.org/osstest/logs Explanation of these reports, and of osstest in general, is at http://xenbits.xen.org/gitweb/?p=osstest.git;a=blob;f=README.email;hb=master http://xenbits.xen.org/gitweb/?p=osstest.git;a=blob;f=README;hb=master Test harness code can be found at http://xenbits.xen.org/gitweb?p=osstest.git;a=summary Pushing revision : To xenbits.xen.org:/home/xen/git/xen.git 7a09966e7b..ac682fbac1 ac682fbac14a4286645810c02f60a2ba844b6c0a -> smoke
|
![]() |
Lists.xenproject.org is hosted with RackSpace, monitoring our |