[Date Prev][Date Next][Thread Prev][Thread Next][Date Index][Thread Index] [xen-unstable-smoke test] 184781: tolerable all pass - PUSHED
flight 184781 xen-unstable-smoke real [real] http://logs.test-lab.xenproject.org/osstest/logs/184781/ Failures :-/ but no regressions. Tests which did not succeed, but are not blocking: test-amd64-amd64-libvirt 15 migrate-support-check fail never pass test-armhf-armhf-xl 15 migrate-support-check fail never pass test-armhf-armhf-xl 16 saverestore-support-check fail never pass test-arm64-arm64-xl-xsm 15 migrate-support-check fail never pass test-arm64-arm64-xl-xsm 16 saverestore-support-check fail never pass version targeted for testing: xen ca7c872c70cb58f1e4b59f8eb619ffa0ecc1ed87 baseline version: xen 37541208f119a9c552c6c6c3246ea61be0d44035 Last test of basis 184774 2024-02-26 22:00:26 Z 0 days Testing same since 184781 2024-02-27 10:00:25 Z 0 days 1 attempts ------------------------------------------------------------ People who touched revisions under test: Maria Celeste Cesario <maria.celeste.cesario@xxxxxxxxxxx> Olaf Hering <olaf@xxxxxxxxx> Roger Pau Monné <roger.pau@xxxxxxxxxx> Shawn Anastasio <sanastasio@xxxxxxxxxxxxxxxxxxxxx> Simone Ballarin <simone.ballarin@xxxxxxxxxxx> Stefano Stabellini <sstabellini@xxxxxxxxxx> jobs: build-arm64-xsm pass build-amd64 pass build-armhf pass build-amd64-libvirt pass test-armhf-armhf-xl pass test-arm64-arm64-xl-xsm pass test-amd64-amd64-xl-qemuu-debianhvm-amd64 pass test-amd64-amd64-libvirt pass ------------------------------------------------------------ sg-report-flight on osstest.test-lab.xenproject.org logs: /home/logs/logs images: /home/logs/images Logs, config files, etc. are available at http://logs.test-lab.xenproject.org/osstest/logs Explanation of these reports, and of osstest in general, is at http://xenbits.xen.org/gitweb/?p=osstest.git;a=blob;f=README.email;hb=master http://xenbits.xen.org/gitweb/?p=osstest.git;a=blob;f=README;hb=master Test harness code can be found at http://xenbits.xen.org/gitweb?p=osstest.git;a=summary Pushing revision : To xenbits.xen.org:/home/xen/git/xen.git 37541208f1..ca7c872c70 ca7c872c70cb58f1e4b59f8eb619ffa0ecc1ed87 -> smoke
|
![]() |
Lists.xenproject.org is hosted with RackSpace, monitoring our |