[Date Prev][Date Next][Thread Prev][Thread Next][Date Index][Thread Index] [xen-unstable-smoke test] 184657: tolerable all pass - PUSHED
flight 184657 xen-unstable-smoke real [real] http://logs.test-lab.xenproject.org/osstest/logs/184657/ Failures :-/ but no regressions. Tests which did not succeed, but are not blocking: test-amd64-amd64-libvirt 15 migrate-support-check fail never pass test-arm64-arm64-xl-xsm 15 migrate-support-check fail never pass test-arm64-arm64-xl-xsm 16 saverestore-support-check fail never pass test-armhf-armhf-xl 15 migrate-support-check fail never pass test-armhf-armhf-xl 16 saverestore-support-check fail never pass version targeted for testing: xen a185f88e9858987e05d91eb3e9bda68d4a6b4f1d baseline version: xen 772380f7547bac7e4c10c9ceff87af3f54151ae5 Last test of basis 184650 2024-02-12 09:02:17 Z 1 days Testing same since 184657 2024-02-13 09:02:20 Z 0 days 1 attempts ------------------------------------------------------------ People who touched revisions under test: George Dunlap <george.dunlap@xxxxxxxxx> Jan Beulich <jbeulich@xxxxxxxx> Jason Andryuk <jandryuk@xxxxxxxxx> Oleksii Kurochko <oleksii.kurochko@xxxxxxxxx> Paul Durrant <paul@xxxxxxx> Roger Pau Monné <roger.pau@xxxxxxxxxx> jobs: build-arm64-xsm pass build-amd64 pass build-armhf pass build-amd64-libvirt pass test-armhf-armhf-xl pass test-arm64-arm64-xl-xsm pass test-amd64-amd64-xl-qemuu-debianhvm-amd64 pass test-amd64-amd64-libvirt pass ------------------------------------------------------------ sg-report-flight on osstest.test-lab.xenproject.org logs: /home/logs/logs images: /home/logs/images Logs, config files, etc. are available at http://logs.test-lab.xenproject.org/osstest/logs Explanation of these reports, and of osstest in general, is at http://xenbits.xen.org/gitweb/?p=osstest.git;a=blob;f=README.email;hb=master http://xenbits.xen.org/gitweb/?p=osstest.git;a=blob;f=README;hb=master Test harness code can be found at http://xenbits.xen.org/gitweb?p=osstest.git;a=summary Pushing revision : To xenbits.xen.org:/home/xen/git/xen.git 772380f754..a185f88e98 a185f88e9858987e05d91eb3e9bda68d4a6b4f1d -> smoke
|
![]() |
Lists.xenproject.org is hosted with RackSpace, monitoring our |