[Date Prev][Date Next][Thread Prev][Thread Next][Date Index][Thread Index] [xen-unstable-smoke test] 184605: tolerable all pass - PUSHED
flight 184605 xen-unstable-smoke real [real] http://logs.test-lab.xenproject.org/osstest/logs/184605/ Failures :-/ but no regressions. Tests which did not succeed, but are not blocking: test-amd64-amd64-libvirt 15 migrate-support-check fail never pass test-arm64-arm64-xl-xsm 15 migrate-support-check fail never pass test-arm64-arm64-xl-xsm 16 saverestore-support-check fail never pass test-armhf-armhf-xl 15 migrate-support-check fail never pass test-armhf-armhf-xl 16 saverestore-support-check fail never pass version targeted for testing: xen 57a923bfd920307c5bfa533c95dba16a13ea0225 baseline version: xen 1cb7949b37b3d8892d8a3cea3ad1e2448352a34d Last test of basis 184599 2024-02-06 01:00:34 Z 0 days Testing same since 184605 2024-02-06 11:03:06 Z 0 days 1 attempts ------------------------------------------------------------ People who touched revisions under test: Anthony PERARD <anthony.perard@xxxxxxxxxx> David Woodhouse <dwmw2@xxxxxxxxxx> Elias El Yandouzi <eliasely@xxxxxxxxxx> Frediano Ziglio <frediano.ziglio@xxxxxxxxx> George Dunlap <george.dunlap@xxxxxxxxx> Hongyan Xia <hongyxia@xxxxxxxxxx> Jan Beulich <jbeulich@xxxxxxxx> Julien Grall <jgrall@xxxxxxxxxx> oxjo <oxjo@xxxxxxxxx> Roger Pau Monné <roger.pau@xxxxxxxxxx> Stefano Stabellini <sstabellini@xxxxxxxxxx> Wei Liu <wei.liu2@xxxxxxxxxx> jobs: build-arm64-xsm pass build-amd64 pass build-armhf pass build-amd64-libvirt pass test-armhf-armhf-xl pass test-arm64-arm64-xl-xsm pass test-amd64-amd64-xl-qemuu-debianhvm-amd64 pass test-amd64-amd64-libvirt pass ------------------------------------------------------------ sg-report-flight on osstest.test-lab.xenproject.org logs: /home/logs/logs images: /home/logs/images Logs, config files, etc. are available at http://logs.test-lab.xenproject.org/osstest/logs Explanation of these reports, and of osstest in general, is at http://xenbits.xen.org/gitweb/?p=osstest.git;a=blob;f=README.email;hb=master http://xenbits.xen.org/gitweb/?p=osstest.git;a=blob;f=README;hb=master Test harness code can be found at http://xenbits.xen.org/gitweb?p=osstest.git;a=summary Pushing revision : To xenbits.xen.org:/home/xen/git/xen.git 1cb7949b37..57a923bfd9 57a923bfd920307c5bfa533c95dba16a13ea0225 -> smoke
|
![]() |
Lists.xenproject.org is hosted with RackSpace, monitoring our |