[Date Prev][Date Next][Thread Prev][Thread Next][Date Index][Thread Index] [xen-unstable-smoke test] 184599: tolerable all pass - PUSHED
flight 184599 xen-unstable-smoke real [real] http://logs.test-lab.xenproject.org/osstest/logs/184599/ Failures :-/ but no regressions. Tests which did not succeed, but are not blocking: test-amd64-amd64-libvirt 15 migrate-support-check fail never pass test-arm64-arm64-xl-xsm 15 migrate-support-check fail never pass test-arm64-arm64-xl-xsm 16 saverestore-support-check fail never pass test-armhf-armhf-xl 15 migrate-support-check fail never pass test-armhf-armhf-xl 16 saverestore-support-check fail never pass version targeted for testing: xen 1cb7949b37b3d8892d8a3cea3ad1e2448352a34d baseline version: xen 29f17d837421f13c0e0010802de1b2d51d2ded4a Last test of basis 184593 2024-02-05 18:00:25 Z 0 days Failing since 184596 2024-02-05 21:00:25 Z 0 days 2 attempts Testing same since 184599 2024-02-06 01:00:34 Z 0 days 1 attempts ------------------------------------------------------------ People who touched revisions under test: Frediano Ziglio <frediano.ziglio@xxxxxxxxx> Juergen Gross <jgross@xxxxxxxx> jobs: build-arm64-xsm pass build-amd64 pass build-armhf pass build-amd64-libvirt pass test-armhf-armhf-xl pass test-arm64-arm64-xl-xsm pass test-amd64-amd64-xl-qemuu-debianhvm-amd64 pass test-amd64-amd64-libvirt pass ------------------------------------------------------------ sg-report-flight on osstest.test-lab.xenproject.org logs: /home/logs/logs images: /home/logs/images Logs, config files, etc. are available at http://logs.test-lab.xenproject.org/osstest/logs Explanation of these reports, and of osstest in general, is at http://xenbits.xen.org/gitweb/?p=osstest.git;a=blob;f=README.email;hb=master http://xenbits.xen.org/gitweb/?p=osstest.git;a=blob;f=README;hb=master Test harness code can be found at http://xenbits.xen.org/gitweb?p=osstest.git;a=summary Pushing revision : To xenbits.xen.org:/home/xen/git/xen.git 29f17d8374..1cb7949b37 1cb7949b37b3d8892d8a3cea3ad1e2448352a34d -> smoke
|
![]() |
Lists.xenproject.org is hosted with RackSpace, monitoring our |