[Date Prev][Date Next][Thread Prev][Thread Next][Date Index][Thread Index] [linux-linus test] 184487: tolerable FAIL - PUSHED
flight 184487 linux-linus real [real] http://logs.test-lab.xenproject.org/osstest/logs/184487/ Failures :-/ but no regressions. Tests which did not succeed, but are not blocking: test-amd64-amd64-xl-qemut-win7-amd64 19 guest-stop fail like 184474 test-amd64-amd64-xl-qemuu-win7-amd64 19 guest-stop fail like 184474 test-amd64-amd64-xl-qemuu-ws16-amd64 19 guest-stop fail like 184474 test-armhf-armhf-libvirt-raw 15 saverestore-support-check fail like 184474 test-armhf-armhf-libvirt-qcow2 15 saverestore-support-check fail like 184474 test-armhf-armhf-libvirt 16 saverestore-support-check fail like 184474 test-amd64-amd64-xl-qemut-ws16-amd64 19 guest-stop fail like 184474 test-amd64-amd64-qemuu-nested-amd 20 debian-hvm-install/l1/l2 fail like 184474 test-amd64-amd64-libvirt-xsm 15 migrate-support-check fail never pass test-amd64-amd64-libvirt 15 migrate-support-check fail never pass test-arm64-arm64-xl 15 migrate-support-check fail never pass test-arm64-arm64-xl 16 saverestore-support-check fail never pass test-arm64-arm64-xl-thunderx 15 migrate-support-check fail never pass test-arm64-arm64-xl-thunderx 16 saverestore-support-check fail never pass test-arm64-arm64-xl-credit2 15 migrate-support-check fail never pass test-arm64-arm64-xl-credit2 16 saverestore-support-check fail never pass test-arm64-arm64-libvirt-xsm 15 migrate-support-check fail never pass test-arm64-arm64-libvirt-xsm 16 saverestore-support-check fail never pass test-arm64-arm64-xl-credit1 15 migrate-support-check fail never pass test-arm64-arm64-xl-xsm 15 migrate-support-check fail never pass test-arm64-arm64-xl-credit1 16 saverestore-support-check fail never pass test-arm64-arm64-xl-xsm 16 saverestore-support-check fail never pass test-amd64-amd64-libvirt-qemuu-debianhvm-amd64-xsm 13 migrate-support-check fail never pass test-armhf-armhf-xl-arndale 15 migrate-support-check fail never pass test-armhf-armhf-xl-arndale 16 saverestore-support-check fail never pass test-armhf-armhf-xl-rtds 15 migrate-support-check fail never pass test-armhf-armhf-xl-rtds 16 saverestore-support-check fail never pass test-armhf-armhf-xl-multivcpu 15 migrate-support-check fail never pass test-armhf-armhf-xl-multivcpu 16 saverestore-support-check fail never pass test-arm64-arm64-libvirt-raw 14 migrate-support-check fail never pass test-arm64-arm64-libvirt-raw 15 saverestore-support-check fail never pass test-amd64-amd64-libvirt-raw 14 migrate-support-check fail never pass test-arm64-arm64-xl-vhd 14 migrate-support-check fail never pass test-arm64-arm64-xl-vhd 15 saverestore-support-check fail never pass test-armhf-armhf-libvirt-raw 14 migrate-support-check fail never pass test-armhf-armhf-libvirt-qcow2 14 migrate-support-check fail never pass test-amd64-amd64-libvirt-qcow2 14 migrate-support-check fail never pass test-armhf-armhf-xl-vhd 14 migrate-support-check fail never pass test-armhf-armhf-xl-vhd 15 saverestore-support-check fail never pass test-armhf-armhf-xl 15 migrate-support-check fail never pass test-armhf-armhf-xl 16 saverestore-support-check fail never pass test-armhf-armhf-libvirt 15 migrate-support-check fail never pass test-armhf-armhf-xl-credit1 15 migrate-support-check fail never pass test-armhf-armhf-xl-credit1 16 saverestore-support-check fail never pass test-armhf-armhf-xl-credit2 15 migrate-support-check fail never pass test-armhf-armhf-xl-credit2 16 saverestore-support-check fail never pass version targeted for testing: linux 3a5879d495b226d0404098e3564462d5f1daa33b baseline version: linux ecb1b8288dc7ccbdcb3b9df005fa1c0e0c0388a7 Last test of basis 184474 2024-01-26 07:24:13 Z 1 days Testing same since 184487 2024-01-27 02:12:46 Z 0 days 1 attempts ------------------------------------------------------------ People who touched revisions under test: Alex Deucher <alexander.deucher@xxxxxxx> Alex Hung <alex.hung@xxxxxxx> Alexander Stein <alexander.stein@xxxxxxxxxxxxxxx> Alvin Lee <alvin.lee2@xxxxxxx> Amit Kumar Mahapatra <amit.kumar-mahapatra@xxxxxxx> Andreas Larsson <andreas@xxxxxxxxxxx> Arnd Bergmann <arnd@xxxxxxxx> Artur Weber <aweber.kernel@xxxxxxxxx> Bagas Sanjaya <bagasdotme@xxxxxxxxx> Bartosz Golaszewski <bartosz.golaszewski@xxxxxxxxxx> Benjamin Gaignard <benjamin.gaignard@xxxxxxxxxxxxx> Brandon Brnich <b-brnich@xxxxxx> Charles Keepax <ckeepax@xxxxxxxxxxxxxxxxxxxxx> Chen Wang <unicorn_wang@xxxxxxxxxxx> Christian A. Ehrhardt <lk@xxxxxxx> Christian König <christian.koenig@xxxxxxx> ChunTao Tso <chuntao.tso@xxxxxxx> Chunyan Zhang <zhang.lyra@xxxxxxxxx> Conrad Kostecki <conikost@xxxxxxxxxx> Cristian Marussi <cristian.marussi@xxxxxxx> Daniel Wheeler <daniel.wheeler@xxxxxxx> Dave Airlie <airlied@xxxxxxxxxx> David Lechner <dlechner@xxxxxxxxxxxx> Devyn Liu <liudingyuan@xxxxxxxxxx> Douglas Anderson <dianders@xxxxxxxxxxxx> Fedor Pchelkin <pchelkin@xxxxxxxxx> Florian Fainelli <florian.fainelli@xxxxxxxxxxxx> Gustavo Sousa <gustavo.sousa@xxxxxxxxx> Hans Verkuil <hverkuil-cisco@xxxxxxxxx> Hawking Zhang <Hawking.Zhang@xxxxxxx> Heiko Stuebner <heiko@xxxxxxxxx> Himal Prasad Ghimiray <himal.prasad.ghimiray@xxxxxxxxx> Hsin-Yi Wang <hsinyi@xxxxxxxxxxxx> Hu Haowen <2023002089@xxxxxxxxxxxxxxxx> Inki Dae <inki.dae@xxxxxxxxxxx> Inochi Amaoto <inochiama@xxxxxxxxxxx> Jacek Lawrynowicz <jacek.lawrynowicz@xxxxxxxxxxxxxxx> Jani Nikula <jani.nikula@xxxxxxxxx> Jens Axboe <axboe@xxxxxxxxx> John Paul Adrian Glaubitz <glaubitz@xxxxxxxxxxxxxxxxxxx> Jonathan Corbet <corbet@xxxxxxx> Joonas Lahtinen <joonas.lahtinen@xxxxxxxxxxxxxxx> Jose E. Marchesi <jose.marchesi@xxxxxxxxxx> Kamal Dasu <kamal.dasu@xxxxxxxxxxxx> Kenneth Feng <kenneth.feng@xxxxxxx> Khaled Almahallawy <khaled.almahallawy@xxxxxxxxx> Krzysztof Kozlowski <krzysztof.kozlowski@xxxxxxxxxx> Lennert Buytenhek <kernel@xxxxxxxxxxxxxx> Li Lingfeng <lilingfeng3@xxxxxxxxxx> Lijo Lazar <lijo.lazar@xxxxxxx> Linus Torvalds <torvalds@xxxxxxxxxxxxxxxxxxxx> Linus Walleij <linus.walleij@xxxxxxxxxx> Lucas De Marchi <lucas.demarchi@xxxxxxxxx> Lukas Bulwahn <lukas.bulwahn@xxxxxxxxx> Lukas Wunner <lukas@xxxxxxxxx> Ma Jun <Jun.Ma2@xxxxxxx> Maksim Kiselev <bigunclemax@xxxxxxxxx> Mario Limonciello <mario.limonciello@xxxxxxx> Mark Broadworth <mark.broadworth@xxxxxxx> Mark Brown <broonie@xxxxxxxxxx> Markus Niebel <Markus.Niebel@xxxxxxxxxxxxxxx> Matt Roper <matthew.d.roper@xxxxxxxxx> Matthew Brost <matthew.brost@xxxxxxxxx> Maxime Ripard <mripard@xxxxxxxxxx> Maxime Ripard <mripard@xxxxxxxxxx> Maíra Canal <mcanal@xxxxxxxxxx> Michael Walle <mwalle@xxxxxxxxxx> Michał Winiarski <michal.winiarski@xxxxxxxxx> Mika Westerberg <mika.westerberg@xxxxxxxxxxxxxxx> Mikulas Patocka <mpatocka@xxxxxxxxxx> Moti Haimovski <mhaimovski@xxxxxxxxx> Neil Armstrong <neil.armstrong@xxxxxxxxxx> Nicholas Kazlauskas <nicholas.kazlauskas@xxxxxxx> Niklas Cassel <cassel@xxxxxxxxxx> Paul Moore <paul@xxxxxxxxxxxxxx> Pin-yen Lin <treapking@xxxxxxxxxxxx> Rafael J. Wysocki <rafael.j.wysocki@xxxxxxxxx> Rob Herring <robh@xxxxxxxxxx> Roman Li <roman.li@xxxxxxx> Sam Ravnborg <sam@xxxxxxxxxxxx> Shuah Khan <skhan@xxxxxxxxxxxxxxxxxxx> Song Liu <song@xxxxxxxxxx> Srinivas Pandruvada <srinivas.pandruvada@xxxxxxxxxxxxxxx> Srinivasan Shanmugam <srinivasan.shanmugam@xxxxxxx> Stanislaw Gruszka <stanislaw.gruszka@xxxxxxxxxxxxxxx> Stanley Chan <schan@xxxxxxxxxxxxxx> Sudeep Holla <sudeep.holla@xxxxxxx> Tanzir Hasan <tanzirh@xxxxxxxxxx> Thomas Hellstrom <thomas.hellstrom@xxxxxxxxxxxxxxx> Thomas Hellström <thomas.hellstrom@xxxxxxxxxxxxxxx> Thomas Zimmermann <tzimmermann@xxxxxxx> Tom St Denis <tom.stdenis@xxxxxxx> Tomasz Figa <tfiga@xxxxxxxxxxxx> Tomi Valkeinen <tomi.valkeinen@xxxxxxxxxxxxxxxx> Tudor Ambarus <tudor.ambarus@xxxxxxxxxx> Umesh Nerlige Ramappa <umesh.nerlige.ramappa@xxxxxxxxx> Vegard Nossum <vegard.nossum@xxxxxxxxxx> Ville Syrjälä <ville.syrjala@xxxxxxxxxxxxxxx> Vlastimil Babka <vbabka@xxxxxxx> Wachowski, Karol <karol.wachowski@xxxxxxxxx> Wenhua Lin <Wenhua.Lin@xxxxxxxxxx> Xinglong Yang <xinglong.yang@xxxxxxxxxxx> Xuxin Xiong <xuxinxiong@xxxxxxxxxxxxxxxxxxxxxxxxxxxxxx> Yang Wang <kevinyang.wang@xxxxxxx> Yangyu Chen <cyy@xxxxxxxxxxxx> jobs: build-amd64-xsm pass build-arm64-xsm pass build-i386-xsm pass build-amd64 pass build-arm64 pass build-armhf pass build-i386 pass build-amd64-libvirt pass build-arm64-libvirt pass build-armhf-libvirt pass build-i386-libvirt pass build-amd64-pvops pass build-arm64-pvops pass build-armhf-pvops pass build-i386-pvops pass test-amd64-amd64-xl pass test-amd64-coresched-amd64-xl pass test-arm64-arm64-xl pass test-armhf-armhf-xl pass test-amd64-amd64-libvirt-qemuu-debianhvm-amd64-xsm pass test-amd64-amd64-xl-qemut-stubdom-debianhvm-amd64-xsm pass test-amd64-amd64-xl-qemut-debianhvm-i386-xsm pass test-amd64-amd64-xl-qemuu-debianhvm-i386-xsm pass test-amd64-amd64-libvirt-xsm pass test-arm64-arm64-libvirt-xsm pass test-amd64-amd64-xl-xsm pass test-arm64-arm64-xl-xsm pass test-amd64-amd64-qemuu-nested-amd fail test-amd64-amd64-xl-pvhv2-amd pass test-amd64-amd64-dom0pvh-xl-amd pass test-amd64-amd64-xl-qemut-debianhvm-amd64 pass test-amd64-amd64-xl-qemuu-debianhvm-amd64 pass test-amd64-amd64-freebsd11-amd64 pass test-amd64-amd64-freebsd12-amd64 pass test-amd64-amd64-xl-qemuu-ovmf-amd64 pass test-amd64-amd64-xl-qemut-win7-amd64 fail test-amd64-amd64-xl-qemuu-win7-amd64 fail test-amd64-amd64-xl-qemut-ws16-amd64 fail test-amd64-amd64-xl-qemuu-ws16-amd64 fail test-armhf-armhf-xl-arndale pass test-amd64-amd64-examine-bios pass test-amd64-amd64-xl-credit1 pass test-arm64-arm64-xl-credit1 pass test-armhf-armhf-xl-credit1 pass test-amd64-amd64-xl-credit2 pass test-arm64-arm64-xl-credit2 pass test-armhf-armhf-xl-credit2 pass test-amd64-amd64-xl-qemuu-dmrestrict-amd64-dmrestrict pass test-amd64-amd64-examine pass test-arm64-arm64-examine pass test-armhf-armhf-examine pass test-amd64-amd64-qemuu-nested-intel pass test-amd64-amd64-xl-pvhv2-intel pass test-amd64-amd64-dom0pvh-xl-intel pass test-amd64-amd64-libvirt pass test-armhf-armhf-libvirt pass test-amd64-amd64-xl-multivcpu pass test-armhf-armhf-xl-multivcpu pass test-amd64-amd64-pair pass test-amd64-amd64-libvirt-pair pass test-amd64-amd64-xl-pvshim pass test-amd64-amd64-pygrub pass test-amd64-amd64-libvirt-qcow2 pass test-armhf-armhf-libvirt-qcow2 pass test-amd64-amd64-libvirt-raw pass test-arm64-arm64-libvirt-raw pass test-armhf-armhf-libvirt-raw pass test-amd64-amd64-xl-rtds pass test-armhf-armhf-xl-rtds pass test-amd64-amd64-xl-qemuu-debianhvm-amd64-shadow pass test-amd64-amd64-xl-shadow pass test-arm64-arm64-xl-thunderx pass test-amd64-amd64-examine-uefi pass test-amd64-amd64-xl-vhd pass test-arm64-arm64-xl-vhd pass test-armhf-armhf-xl-vhd pass ------------------------------------------------------------ sg-report-flight on osstest.test-lab.xenproject.org logs: /home/logs/logs images: /home/logs/images Logs, config files, etc. are available at http://logs.test-lab.xenproject.org/osstest/logs Explanation of these reports, and of osstest in general, is at http://xenbits.xen.org/gitweb/?p=osstest.git;a=blob;f=README.email;hb=master http://xenbits.xen.org/gitweb/?p=osstest.git;a=blob;f=README;hb=master Test harness code can be found at http://xenbits.xen.org/gitweb?p=osstest.git;a=summary Pushing revision : hint: The 'hooks/update' hook was ignored because it's not set as executable. hint: You can disable this warning with `git config advice.ignoredHook false`. hint: The 'hooks/post-receive' hook was ignored because it's not set as executable. hint: You can disable this warning with `git config advice.ignoredHook false`. hint: The 'hooks/post-update' hook was ignored because it's not set as executable. hint: You can disable this warning with `git config advice.ignoredHook false`. To xenbits.xen.org:/home/xen/git/linux-pvops.git ecb1b8288dc7..3a5879d495b2 3a5879d495b226d0404098e3564462d5f1daa33b -> tested/linux-linus
|
![]() |
Lists.xenproject.org is hosted with RackSpace, monitoring our |