[Date Prev][Date Next][Thread Prev][Thread Next][Date Index][Thread Index] [linux-linus test] 184402: tolerable FAIL - PUSHED
flight 184402 linux-linus real [real] http://logs.test-lab.xenproject.org/osstest/logs/184402/ Failures :-/ but no regressions. Tests which did not succeed, but are not blocking: test-armhf-armhf-libvirt 16 saverestore-support-check fail like 184396 test-amd64-amd64-xl-qemut-win7-amd64 19 guest-stop fail like 184396 test-amd64-amd64-xl-qemuu-win7-amd64 19 guest-stop fail like 184396 test-amd64-amd64-xl-qemuu-ws16-amd64 19 guest-stop fail like 184396 test-armhf-armhf-libvirt-raw 15 saverestore-support-check fail like 184396 test-amd64-amd64-xl-qemut-ws16-amd64 19 guest-stop fail like 184396 test-armhf-armhf-libvirt-qcow2 15 saverestore-support-check fail like 184396 test-amd64-amd64-qemuu-nested-amd 20 debian-hvm-install/l1/l2 fail like 184396 test-amd64-amd64-libvirt 15 migrate-support-check fail never pass test-amd64-amd64-libvirt-xsm 15 migrate-support-check fail never pass test-arm64-arm64-xl-xsm 15 migrate-support-check fail never pass test-arm64-arm64-xl-credit1 15 migrate-support-check fail never pass test-arm64-arm64-xl-xsm 16 saverestore-support-check fail never pass test-arm64-arm64-xl-credit1 16 saverestore-support-check fail never pass test-arm64-arm64-xl 15 migrate-support-check fail never pass test-arm64-arm64-xl 16 saverestore-support-check fail never pass test-arm64-arm64-xl-thunderx 15 migrate-support-check fail never pass test-arm64-arm64-xl-thunderx 16 saverestore-support-check fail never pass test-arm64-arm64-libvirt-xsm 15 migrate-support-check fail never pass test-arm64-arm64-xl-credit2 15 migrate-support-check fail never pass test-arm64-arm64-libvirt-xsm 16 saverestore-support-check fail never pass test-arm64-arm64-xl-credit2 16 saverestore-support-check fail never pass test-armhf-armhf-xl-arndale 15 migrate-support-check fail never pass test-armhf-armhf-xl-arndale 16 saverestore-support-check fail never pass test-amd64-amd64-libvirt-qemuu-debianhvm-amd64-xsm 13 migrate-support-check fail never pass test-armhf-armhf-libvirt 15 migrate-support-check fail never pass test-armhf-armhf-xl-multivcpu 15 migrate-support-check fail never pass test-armhf-armhf-xl-multivcpu 16 saverestore-support-check fail never pass test-armhf-armhf-xl-rtds 15 migrate-support-check fail never pass test-armhf-armhf-xl-rtds 16 saverestore-support-check fail never pass test-armhf-armhf-xl-credit1 15 migrate-support-check fail never pass test-armhf-armhf-xl-credit1 16 saverestore-support-check fail never pass test-arm64-arm64-libvirt-raw 14 migrate-support-check fail never pass test-arm64-arm64-libvirt-raw 15 saverestore-support-check fail never pass test-amd64-amd64-libvirt-raw 14 migrate-support-check fail never pass test-arm64-arm64-xl-vhd 14 migrate-support-check fail never pass test-arm64-arm64-xl-vhd 15 saverestore-support-check fail never pass test-armhf-armhf-libvirt-raw 14 migrate-support-check fail never pass test-armhf-armhf-xl-vhd 14 migrate-support-check fail never pass test-armhf-armhf-xl-vhd 15 saverestore-support-check fail never pass test-amd64-amd64-libvirt-qcow2 14 migrate-support-check fail never pass test-armhf-armhf-xl 15 migrate-support-check fail never pass test-armhf-armhf-xl 16 saverestore-support-check fail never pass test-armhf-armhf-xl-credit2 15 migrate-support-check fail never pass test-armhf-armhf-xl-credit2 16 saverestore-support-check fail never pass test-armhf-armhf-libvirt-qcow2 14 migrate-support-check fail never pass version targeted for testing: linux 9d1694dc91ce7b80bc96d6d8eaf1a1eca668d847 baseline version: linux b0d326da462e20285236e11e4cbc32085de9f363 Last test of basis 184396 2024-01-18 20:42:11 Z 0 days Testing same since 184402 2024-01-19 05:57:15 Z 0 days 1 attempts ------------------------------------------------------------ People who touched revisions under test: Abel Vesa <abel.vesa@xxxxxxxxxx> Akinobu Mita <akinobu.mita@xxxxxxxxx> Alain Volmat <alain.volmat@xxxxxxxxxxx> Alejandro Jimenez <alejandro.j.jimenez@xxxxxxxxxx> Alex Bee <knaerzche@xxxxxxxxx> Alex Deucher <alexander.deucher@xxxxxxx> Alex Williamson <alex.williamson@xxxxxxxxxx> Alexander Gordeev <agordeev@xxxxxxxxxxxxx> Alexander Stein <alexander.stein@xxxxxxxxxxxxxxx> Alexandra Winter <wintera@xxxxxxxxxxxxx> Alexandre Belloni <alexandre.belloni@xxxxxxxxxxx> Alexandre Ghiti <alexghiti@xxxxxxxxxxxx> Alexei Starovoitov <ast@xxxxxxxxxx> Alison Schofield <alison.schofield@xxxxxxxxx> Amit Cohen <amcohen@xxxxxxxxxx> Andi Shyti <andi.shyti@xxxxxxxxxx> Andreas Kemnade <andreas@xxxxxxxxxxxx> Andrew Halaney <ahalaney@xxxxxxxxxx> # sa8775p-ride Andrii Nakryiko <andrii@xxxxxxxxxx> Andy Shevchenko <andriy.shevchenko@xxxxxxxxxxxxxxx> Andy Yan <andy.yan@xxxxxxxxxxxxxx> Anshul Dalal <anshulusr@xxxxxxxxx> Antoniu Miclaus <antoniu.miclaus@xxxxxxxxxx> Ard Biesheuvel <ardb@xxxxxxxxxx> Arnd Bergmann <arnd@xxxxxxxx> Arpana Arland <arpanax.arland@xxxxxxxxx> (A Contingent worker at Intel) Arınç ÜNAL <arinc.unal@xxxxxxxxxx> Ashish Mhetre <amhetre@xxxxxxxxxx> Bard Liao <yung-chuan.liao@xxxxxxxxxxxxxxx> Bart Van Assche <bvanassche@xxxxxxx> Bartosz Golaszewski <bartosz.golaszewski@xxxxxxxxxx> Benjamin Poirier <benjamin.poirier@xxxxxxxxx> Benjamin Poirier <bpoirier@xxxxxxxxxx> Biju Das <biju.das.jz@xxxxxxxxxxxxxx> Bjorn Helgaas <bhelgaas@xxxxxxxxxx> Boris Brezillon <boris.brezillon@xxxxxxxxxxxxx> Breno Leitao <leitao@xxxxxxxxxx> Brett Creeley <brett.creeley@xxxxxxx> Can Guo <quic_cang@xxxxxxxxxxx> Changyuan Lyu <changyuanl@xxxxxxxxxx> Chintan Vankar <c-vankar@xxxxxx> Christian Borntraeger <borntraeger@xxxxxxxxxxxxx> Christian Heusel <christian@xxxxxxxxx> Christian Loehle <christian.loehle@xxxxxxx> Christoph Hellwig <hch@xxxxxx> Christophe JAILLET <christophe.jaillet@xxxxxxxxxx> Christophe Leroy <christophe.leroy@xxxxxxxxxx> Chunfeng Yun <chunfeng.yun@xxxxxxxxxxxx> Claudiu Beznea <claudiu.beznea.uj@xxxxxxxxxxxxxx> Colin Ian King <colin.i.king@xxxxxxxxx> Conor Dooley <conor.dooley@xxxxxxxxxxxxx> Damien Le Moal <dlemoal@xxxxxxxxxx> Dan Carpenter <dan.carpenter@xxxxxxxxxx> Dan Williams <dan.j.williams@xxxxxxxxx> Daniel Borkmann <daniel@xxxxxxxxxxxxx> Daniel Wagner <dwagner@xxxxxxx> Danny Lin <danny@xxxxxxxxxxx> Dave Hansen <dave.hansen@xxxxxxxxxxxxxxx> Dave Jiang <dave.jiang@xxxxxxxxx> David Howells <dhowells@xxxxxxxxxx> David Rientjes <rientjes@xxxxxxxxxx> David S. Miller <davem@xxxxxxxxxxxxx> David Stevens <stevensd@xxxxxxxxxxxx> Davidlohr Bueso <dave@xxxxxxxxxxxx> Dennis Zhou <dennis@xxxxxxxxxx> Derek Chickles <dchickles@xxxxxxxxxxx> Dhruva Gole <d-gole@xxxxxx> Dmitrii Bundin <dmitrii.bundin.a@xxxxxxxxx> Dmitry Antipov <dmantipov@xxxxxxxxx> Dmitry Baryshkov <dmitry.baryshkov@xxxxxxxxxx> Dmitry Safonov <dima@xxxxxxxxxx> Dmitry Torokhov <dmitry.torokhov@xxxxxxxxx> Dmytro Maluka <dmaluka@xxxxxxxxxxxx> Dragos Tatulea <dtatulea@xxxxxxxxxx> Eric Dumazet <edumazet@xxxxxxxxxx> Erick Archer <erick.archer@xxxxxxx> Esteban Blanc <eblanc@xxxxxxxxxxxx> Eugenio Pérez <eperezma@xxxxxxxxxx> Fedor Pchelkin <pchelkin@xxxxxxxxx> Feng Liu <feliu@xxxxxxxxxx> Flavio Suligoi <f.suligoi@xxxxxxx> Gao Xiang <hsiangkao@xxxxxxxxxxxxxxxxx> Geert Uytterhoeven <geert@xxxxxxxxxxxxxx> Greg Kroah-Hartman <gregkh@xxxxxxxxxxxxxxxxxxx> Guenter Roeck <linux@xxxxxxxxxxxx> Guixin Liu <kanie@xxxxxxxxxxxxxxxxx> Halil Pasic <pasic@xxxxxxxxxxxxx> Hangbin Liu <liuhangbin@xxxxxxxxx> Hannes Reinecke <hare@xxxxxxx> Hans de Goede <hdegoede@xxxxxxxxxx> Hans Hu <hanshu-oc@xxxxxxxxxxx> Hans Verkuil <hverkuil-cisco@xxxxxxxxx> Hao Sun <sunhao.th@xxxxxxxxx> Harry Wentland <harry.wentland@xxxxxxx> Harshit Mogalapalli <harshit.m.mogalapalli@xxxxxxxxxx> Hector Martin <marcan@xxxxxxxxx> Heiko Carstens <hca@xxxxxxxxxxxxx> Heiko Stuebner <heiko@xxxxxxxxx> Heiner Kallweit <hkallweit1@xxxxxxxxx> Helge Deller <deller@xxxxxx> Hermes Zhang <chenhuiz@xxxxxxxx> Horatiu Vultur <horatiu.vultur@xxxxxxxxxxxxx> Huang Ying <ying.huang@xxxxxxxxx> Huang, Ying <ying.huang@xxxxxxxxx> Ido Schimmel <idosch@xxxxxxxxxx> Ira Weiny <ira.weiny@xxxxxxxxx> Isaac J. Manjarres <isaacmanjarres@xxxxxxxxxx> Jacky Huang <ychuang3@xxxxxxxxxxx> Jakub Kicinski <kuba@xxxxxxxxxx> Jamal Hadi Salim <jhs@xxxxxxxxxxxx> Jani Nikula <jani.nikula@xxxxxxxxx> Jason Gunthorpe <jgg@xxxxxxxxxx> Jason Wang <jasowang@xxxxxxxxxx> Jean Delvare <jdelvare@xxxxxxx> Jeff LaBundy <jeff@xxxxxxxxxxx> Jens Axboe <axboe@xxxxxxxxx> Jernej Skrabec <jernej.skrabec@xxxxxxxxx> Jim Cromie <jim.cromie@xxxxxxxxx> # for SCX Jim Harris <jim.harris@xxxxxxxxxxx> Jim.Lin <jim.chihjung.lin@xxxxxxxxx> Jim.Lin <jim.lin@xxxxxxxxxxxxxxxxx> Jiri Pirko <jiri@xxxxxxxxxx> Jiri Valek - 2N <jiriv@xxxxxxxx> Jo Van Bulck <jo.vanbulck@xxxxxxxxxxxxxx> Jochen Friedrich <jochen@xxxxxxxx> Joerg Roedel <jroedel@xxxxxxx> Johan Hovold <johan+linaro@xxxxxxxxxx> John Crispin <john@xxxxxxxxxxx> John Fastabend <john.fastabend@xxxxxxxxx> John Moon <quic_johmoo@xxxxxxxxxxx> Jorge Sanjuan Garcia <jorge.sanjuangarcia@xxxxxxxxxx> Julian Anastasov <ja@xxxxxx> Kai Huang <kai.huang@xxxxxxxxx> Kees Cook <keescook@xxxxxxxxxxxx> Keith Busch <kbusch@xxxxxxxxxx> Kemeng Shi <shikemeng@xxxxxxxxxxxxxxx> Konrad Dybcio <konrad.dybcio@xxxxxxxxxx> Krzysztof Kozlowski <krzysztof.kozlowski@xxxxxxxxxx> Kunwu Chan <chentao@xxxxxxxxxx> Laurentiu Tudor <laurentiu.tudor@xxxxxxx> Lee Jones <lee@xxxxxxxxxx> Leonardo Bras <leobras@xxxxxxxxxx> Li RongQing <lirongqing@xxxxxxxxx> Lin Ma <linma@xxxxxxxxxx> Linus Torvalds <torvalds@xxxxxxxxxxxxxxxxxxxx> Linus Walleij <linus.walleij@xxxxxxxxxx> Longfang Liu <liulongfang@xxxxxxxxxx> Lu Baolu <baolu.lu@xxxxxxxxxxxxxxx> Luca Weiss <luca@xxxxxxxxx> Ludvig Pärsson <ludvig.parsson@xxxxxxxx> Lukas Wunner <lukas@xxxxxxxxx> Marc Kleine-Budde <mkl@xxxxxxxxxxxxxx> Marcin Wojtas <marcin.s.wojtas@xxxxxxxxx> Marcus Folkesson <marcus.folkesson@xxxxxxxxx> Marek Szyprowski <m.szyprowski@xxxxxxxxxxx> Mario Limonciello <mario.limonciello@xxxxxxx> Mark Brown <broonie@xxxxxxxxxx> Markus Schneider-Pargmann <msp@xxxxxxxxxxxx> Martin KaFai Lau <martin.lau@xxxxxxxxxx> Masahiro Yamada <masahiroy@xxxxxxxxxx> Masami Hiramatsu (Google) <mhiramat@xxxxxxxxxx> Mateusz Jończyk <mat.jonczyk@xxxxx> Matthew Wilcox (Oracle) <willy@xxxxxxxxxxxxx> Maurizio Lombardi <mlombard@xxxxxxxxxx> Max Gurtovoy <mgurtovoy@xxxxxxxxxx> Mete Durlu <meted@xxxxxxxxxxxxx> Mia Lin <mimi05633@xxxxxxxxx> Michael S. Tsirkin <mst@xxxxxxxxxx> Michael Walle <mwalle@xxxxxxxxxx> Michal Simek <michal.simek@xxxxxxx> Mickaël Salaün <mic@xxxxxxxxxxx> Mike Christie <michael.christie@xxxxxxxxxx> Mike Rapoport (IBM) <rppt@xxxxxxxxxx> Ming Lei <ming.lei@xxxxxxxxxx> Muhammad Usama Anjum <usama.anjum@xxxxxxxxxxxxx> Nathan Chancellor <nathan@xxxxxxxxxx> Nathan Lynch <nathanl@xxxxxxxxxxxxx> Naveen Mamindlapalli <naveenm@xxxxxxxxxxx> Naveen N Rao <naveen@xxxxxxxxxx> Neil Armstrong <neil.armstrong@xxxxxxxxxx> Neil Armstrong <neil.armstrong@xxxxxxxxxx> # on SM8550-QRD Nicky Chorley <ndchorley@xxxxxxxxx> Nicolas Dichtel <nicolas.dichtel@xxxxxxxxx> Nicolin Chen <nicolinc@xxxxxxxxxx> Nikita Yushchenko <nikita.yoush@xxxxxxxxxxxxxxxxxx> Nikita Zhandarovich <n.zhandarovich@xxxxxxxxxx> Niklas Schnelle <schnelle@xxxxxxxxxxxxx> Nithin Dabilpuram <ndabilpuram@xxxxxxxxxxx> Oliver Graute <oliver.graute@xxxxxxxxxxxxxxxxx> Pablo Neira Ayuso <pablo@xxxxxxxxxxxxx> Pali Rohár <pali@xxxxxxxxxx> Paolo Abeni <pabeni@xxxxxxxxxx> Pasha Tatashin <pasha.tatashin@xxxxxxxxxx> Paul Menzel <pmenzel@xxxxxxxxxxxxx> Pavel Begunkov <asml.silence@xxxxxxxxx> Pavel Tikhomirov <ptikhomirov@xxxxxxxxxxxxx> Petr Machata <petrm@xxxxxxxxxx> Petr Vorel <petr.vorel@xxxxxxxxx> Petr Vorel <pvorel@xxxxxxx> Philipp Zabel <p.zabel@xxxxxxxxxxxxxx> Pierre-Louis Bossart <pierre-louis.bossart@xxxxxxxxxxxxxxx> Qiang Ma <maqianga@xxxxxxxxxxxxx> Rafael J. Wysocki <rafael.j.wysocki@xxxxxxxxx> Rajendra Nayak <quic_rjendra@xxxxxxxxxxx> Randy Dunlap <rdunlap@xxxxxxxxxxxxx> Rob Clark <robdclark@xxxxxxxxxxxx> Rob Herring <robh@xxxxxxxxxx> Robin Murphy <robin.murphy@xxxxxxx> Rohit Agarwal <quic_rohiagar@xxxxxxxxxxx> Roland Hieber <rhi@xxxxxxxxxxxxxx> Romain Gantois <romain.gantois@xxxxxxxxxxx> Russell King (Oracle) <rmk+kernel@xxxxxxxxxxxxxxx> Sam Ravnborg <sam@xxxxxxxxxxxx> Sanjuán García, Jorge <Jorge.SanjuanGarcia@xxxxxxxxxx> Sean Young <sean@xxxxxxxx> Sergey Senozhatsky <senozhatsky@xxxxxxxxxxxx> Shameer Kolothum <shameerali.kolothum.thodi@xxxxxxxxxx> Shannon Nelson <shannon.nelson@xxxxxxx> Shin'ichiro Kawasaki <shinichiro.kawasaki@xxxxxxx> Shiyang Ruan <ruansy.fnst@xxxxxxxxxxx> Shuah Khan <skhan@xxxxxxxxxxxxxxxxxxx> Sibi Sankar <quic_sibis@xxxxxxxxxxx> Simon Horman <horms@xxxxxxxxxx> Smita-Koralahalli <Smita.KoralahalliChannabasappa@xxxxxxx> Sneh Shah <quic_snehshah@xxxxxxxxxxx> Song Liu <song@xxxxxxxxxx> Srinivas Kandagatla <srinivas.kandagatla@xxxxxxxxxx> Stefan Eichenberger <eichest@xxxxxxxxx> Steven Rostedt (Google) <rostedt@xxxxxxxxxxx> Su Hui <suhui@xxxxxxxxxxxx> Suravee Suthikulpanit <suravee.suthikulpanit@xxxxxxx> Sven Peter <sven@xxxxxxxxxxxxx> Taehee Yoo <ap420073@xxxxxxxxx> Theodore Ts'o <tytso@xxxxxxx> Thierry Reding <treding@xxxxxxxxxx> Thomas Petazzoni <thomas.petazzoni@xxxxxxxxxxx> Thomas Richard <thomas.richard@xxxxxxxxxxx> Thomas Richter <tmricht@xxxxxxxxxxxxx> Thomas Zimmermann <tzimmermann@xxxxxxx> Thorsten Winkler <twinkler@xxxxxxxxxxxxx> Tim Lunn <tim@xxxxxxxxxxxxxx> Tina Zhang <tina.zhang@xxxxxxxxx> Tony Krowiak <akrowiak@xxxxxxxxxxxxx> Tony Lindgren <tony@xxxxxxxxxxx> Tony Nguyen <anthony.l.nguyen@xxxxxxxxx> Tzvetomir Stoyanov (VMware) <tz.stoyanov@xxxxxxxxx> Uwe Kleine-König <u.kleine-koenig@xxxxxxxxxxxxxx> Valentin Caron <valentin.caron@xxxxxxxxxxx> Vasant Hegde <vasant.hegde@xxxxxxx> Victor Nogueira <victor@xxxxxxxxxxxx> Vijendar Mukunda <Vijendar.Mukunda@xxxxxxx> Vincent Mailhol <mailhol.vincent@xxxxxxxxxx> Vinod Koul <vkoul@xxxxxxxxxx> Vladimir Lypak <vladimir.lypak@xxxxxxxxx> Vladimir Oltean <vladimir.oltean@xxxxxxx> Wang Jinchao <wangjinchao@xxxxxxxxxxx> Wenjia Zhang <wenjia@xxxxxxxxxxxxx> Wenkai Lin <linwenkai6@xxxxxxxxxxxxx> Will Deacon <will@xxxxxxxxxx> William Butler <wab@xxxxxxxxxx> Wolfram Sang <wsa+renesas@xxxxxxxxxxxxxxxxxxxx> Wolfram Sang <wsa@xxxxxxxxxx> Xuan Zhuo <xuanzhuo@xxxxxxxxxxxxxxxxx> ye xingchen <ye.xingchen@xxxxxxxxxx> Yi Liu <yi.l.liu@xxxxxxxxx> Yishai Hadas <yishaih@xxxxxxxxxx> Yonghong Song <yonghong.song@xxxxxxxxx> Yu Kuai <yukuai3@xxxxxxxxxx> Yuntao Wang <ytcoode@xxxxxxxxx> Zhangfei Gao <zhangfei.gao@xxxxxxxxxx> ZhangPeng <zhangpeng362@xxxxxxxxxx> Zhao Mengmeng <zhaomengmeng@xxxxxxxxxx> Zhu Yanjun <yanjun.zhu@xxxxxxxxx> Íñigo Huguet <ihuguet@xxxxxxxxxx> jobs: build-amd64-xsm pass build-arm64-xsm pass build-i386-xsm pass build-amd64 pass build-arm64 pass build-armhf pass build-i386 pass build-amd64-libvirt pass build-arm64-libvirt pass build-armhf-libvirt pass build-i386-libvirt pass build-amd64-pvops pass build-arm64-pvops pass build-armhf-pvops pass build-i386-pvops pass test-amd64-amd64-xl pass test-amd64-coresched-amd64-xl pass test-arm64-arm64-xl pass test-armhf-armhf-xl pass test-amd64-amd64-libvirt-qemuu-debianhvm-amd64-xsm pass test-amd64-amd64-xl-qemut-stubdom-debianhvm-amd64-xsm pass test-amd64-amd64-xl-qemut-debianhvm-i386-xsm pass test-amd64-amd64-xl-qemuu-debianhvm-i386-xsm pass test-amd64-amd64-libvirt-xsm pass test-arm64-arm64-libvirt-xsm pass test-amd64-amd64-xl-xsm pass test-arm64-arm64-xl-xsm pass test-amd64-amd64-qemuu-nested-amd fail test-amd64-amd64-xl-pvhv2-amd pass test-amd64-amd64-dom0pvh-xl-amd pass test-amd64-amd64-xl-qemut-debianhvm-amd64 pass test-amd64-amd64-xl-qemuu-debianhvm-amd64 pass test-amd64-amd64-freebsd11-amd64 pass test-amd64-amd64-freebsd12-amd64 pass test-amd64-amd64-xl-qemuu-ovmf-amd64 pass test-amd64-amd64-xl-qemut-win7-amd64 fail test-amd64-amd64-xl-qemuu-win7-amd64 fail test-amd64-amd64-xl-qemut-ws16-amd64 fail test-amd64-amd64-xl-qemuu-ws16-amd64 fail test-armhf-armhf-xl-arndale pass test-amd64-amd64-examine-bios pass test-amd64-amd64-xl-credit1 pass test-arm64-arm64-xl-credit1 pass test-armhf-armhf-xl-credit1 pass test-amd64-amd64-xl-credit2 pass test-arm64-arm64-xl-credit2 pass test-armhf-armhf-xl-credit2 pass test-amd64-amd64-xl-qemuu-dmrestrict-amd64-dmrestrict pass test-amd64-amd64-examine pass test-arm64-arm64-examine pass test-armhf-armhf-examine pass test-amd64-amd64-qemuu-nested-intel pass test-amd64-amd64-xl-pvhv2-intel pass test-amd64-amd64-dom0pvh-xl-intel pass test-amd64-amd64-libvirt pass test-armhf-armhf-libvirt pass test-amd64-amd64-xl-multivcpu pass test-armhf-armhf-xl-multivcpu pass test-amd64-amd64-pair pass test-amd64-amd64-libvirt-pair pass test-amd64-amd64-xl-pvshim pass test-amd64-amd64-pygrub pass test-amd64-amd64-libvirt-qcow2 pass test-armhf-armhf-libvirt-qcow2 pass test-amd64-amd64-libvirt-raw pass test-arm64-arm64-libvirt-raw pass test-armhf-armhf-libvirt-raw pass test-amd64-amd64-xl-rtds pass test-armhf-armhf-xl-rtds pass test-amd64-amd64-xl-qemuu-debianhvm-amd64-shadow pass test-amd64-amd64-xl-shadow pass test-arm64-arm64-xl-thunderx pass test-amd64-amd64-examine-uefi pass test-amd64-amd64-xl-vhd pass test-arm64-arm64-xl-vhd pass test-armhf-armhf-xl-vhd pass ------------------------------------------------------------ sg-report-flight on osstest.test-lab.xenproject.org logs: /home/logs/logs images: /home/logs/images Logs, config files, etc. are available at http://logs.test-lab.xenproject.org/osstest/logs Explanation of these reports, and of osstest in general, is at http://xenbits.xen.org/gitweb/?p=osstest.git;a=blob;f=README.email;hb=master http://xenbits.xen.org/gitweb/?p=osstest.git;a=blob;f=README;hb=master Test harness code can be found at http://xenbits.xen.org/gitweb?p=osstest.git;a=summary Pushing revision : hint: The 'hooks/update' hook was ignored because it's not set as executable. hint: You can disable this warning with `git config advice.ignoredHook false`. hint: The 'hooks/post-receive' hook was ignored because it's not set as executable. hint: You can disable this warning with `git config advice.ignoredHook false`. hint: The 'hooks/post-update' hook was ignored because it's not set as executable. hint: You can disable this warning with `git config advice.ignoredHook false`. To xenbits.xen.org:/home/xen/git/linux-pvops.git b0d326da462e..9d1694dc91ce 9d1694dc91ce7b80bc96d6d8eaf1a1eca668d847 -> tested/linux-linus
|
![]() |
Lists.xenproject.org is hosted with RackSpace, monitoring our |