[Date Prev][Date Next][Thread Prev][Thread Next][Date Index][Thread Index] [xen-unstable-smoke test] 184260: tolerable all pass - PUSHED
flight 184260 xen-unstable-smoke real [real] http://logs.test-lab.xenproject.org/osstest/logs/184260/ Failures :-/ but no regressions. Tests which did not succeed, but are not blocking: test-amd64-amd64-libvirt 15 migrate-support-check fail never pass test-arm64-arm64-xl-xsm 15 migrate-support-check fail never pass test-arm64-arm64-xl-xsm 16 saverestore-support-check fail never pass test-armhf-armhf-xl 15 migrate-support-check fail never pass test-armhf-armhf-xl 16 saverestore-support-check fail never pass version targeted for testing: xen 5a3ace21f3d779b291a2d305824b2820d88de7f1 baseline version: xen 49818cde637b5ec20383e46b71f93b2e7d867686 Last test of basis 184205 2023-12-21 15:00:26 Z 15 days Testing same since 184260 2024-01-06 01:02:12 Z 0 days 1 attempts ------------------------------------------------------------ People who touched revisions under test: Federico Serafini <federico.serafini@xxxxxxxxxxx> Julien Grall <jgrall@xxxxxxxxxx> jobs: build-arm64-xsm pass build-amd64 pass build-armhf pass build-amd64-libvirt pass test-armhf-armhf-xl pass test-arm64-arm64-xl-xsm pass test-amd64-amd64-xl-qemuu-debianhvm-amd64 pass test-amd64-amd64-libvirt pass ------------------------------------------------------------ sg-report-flight on osstest.test-lab.xenproject.org logs: /home/logs/logs images: /home/logs/images Logs, config files, etc. are available at http://logs.test-lab.xenproject.org/osstest/logs Explanation of these reports, and of osstest in general, is at http://xenbits.xen.org/gitweb/?p=osstest.git;a=blob;f=README.email;hb=master http://xenbits.xen.org/gitweb/?p=osstest.git;a=blob;f=README;hb=master Test harness code can be found at http://xenbits.xen.org/gitweb?p=osstest.git;a=summary Pushing revision : To xenbits.xen.org:/home/xen/git/xen.git 49818cde63..5a3ace21f3 5a3ace21f3d779b291a2d305824b2820d88de7f1 -> smoke
|
![]() |
Lists.xenproject.org is hosted with RackSpace, monitoring our |