[Date Prev][Date Next][Thread Prev][Thread Next][Date Index][Thread Index] [libvirt test] 184250: tolerable all pass - PUSHED
flight 184250 libvirt real [real] http://logs.test-lab.xenproject.org/osstest/logs/184250/ Failures :-/ but no regressions. Tests which did not succeed, but are not blocking: test-armhf-armhf-libvirt 16 saverestore-support-check fail like 184208 test-armhf-armhf-libvirt-qcow2 15 saverestore-support-check fail like 184208 test-armhf-armhf-libvirt-raw 15 saverestore-support-check fail like 184208 test-amd64-amd64-libvirt 15 migrate-support-check fail never pass test-amd64-amd64-libvirt-xsm 15 migrate-support-check fail never pass test-amd64-i386-libvirt-xsm 15 migrate-support-check fail never pass test-amd64-i386-libvirt 15 migrate-support-check fail never pass test-amd64-amd64-libvirt-qemuu-debianhvm-amd64-xsm 13 migrate-support-check fail never pass test-amd64-i386-libvirt-qemuu-debianhvm-amd64-xsm 13 migrate-support-check fail never pass test-arm64-arm64-libvirt 15 migrate-support-check fail never pass test-arm64-arm64-libvirt 16 saverestore-support-check fail never pass test-arm64-arm64-libvirt-xsm 15 migrate-support-check fail never pass test-arm64-arm64-libvirt-xsm 16 saverestore-support-check fail never pass test-amd64-amd64-libvirt-vhd 14 migrate-support-check fail never pass test-armhf-armhf-libvirt 15 migrate-support-check fail never pass test-amd64-i386-libvirt-raw 14 migrate-support-check fail never pass test-arm64-arm64-libvirt-qcow2 14 migrate-support-check fail never pass test-arm64-arm64-libvirt-qcow2 15 saverestore-support-check fail never pass test-arm64-arm64-libvirt-raw 14 migrate-support-check fail never pass test-arm64-arm64-libvirt-raw 15 saverestore-support-check fail never pass test-armhf-armhf-libvirt-qcow2 14 migrate-support-check fail never pass test-armhf-armhf-libvirt-raw 14 migrate-support-check fail never pass version targeted for testing: libvirt dd2f36d66ecff58a309ee5629b9a263cb22f3016 baseline version: libvirt b72d7c46e54109c5df98977d30d7c78dac79514d Last test of basis 184208 2023-12-22 04:20:26 Z 13 days Testing same since 184250 2024-01-04 04:20:35 Z 0 days 1 attempts ------------------------------------------------------------ People who touched revisions under test: dengpengcheng <dengpc12@xxxxxxxxxxxxxxx> Foster Snowhill <2486761-ForstPenguin@xxxxxxxxxxxxxxxxxxxxxxxx> Guoyi Tu <tugy@xxxxxxxxxxxxxxx> Göran Uddeborg <goeran@xxxxxxxxxxx> Jonathan Wright <jonathan@xxxxxxxxxxxxx> Martin Kletzander <mkletzan@xxxxxxxxxx> Michal Privoznik <mprivozn@xxxxxxxxxx> Peter Krempa <pkrempa@xxxxxxxxxx> Temuri Doghonadze <temuri.doghonadze@xxxxxxxxx> Weblate <noreply-mt-weblate@xxxxxxxxxxx> jobs: build-amd64-xsm pass build-arm64-xsm pass build-i386-xsm pass build-amd64 pass build-arm64 pass build-armhf pass build-i386 pass build-amd64-libvirt pass build-arm64-libvirt pass build-armhf-libvirt pass build-i386-libvirt pass build-amd64-pvops pass build-arm64-pvops pass build-armhf-pvops pass build-i386-pvops pass test-amd64-amd64-libvirt-qemuu-debianhvm-amd64-xsm pass test-amd64-i386-libvirt-qemuu-debianhvm-amd64-xsm pass test-amd64-amd64-libvirt-xsm pass test-arm64-arm64-libvirt-xsm pass test-amd64-i386-libvirt-xsm pass test-amd64-amd64-libvirt pass test-arm64-arm64-libvirt pass test-armhf-armhf-libvirt pass test-amd64-i386-libvirt pass test-amd64-amd64-libvirt-pair pass test-amd64-i386-libvirt-pair pass test-arm64-arm64-libvirt-qcow2 pass test-armhf-armhf-libvirt-qcow2 pass test-arm64-arm64-libvirt-raw pass test-armhf-armhf-libvirt-raw pass test-amd64-i386-libvirt-raw pass test-amd64-amd64-libvirt-vhd pass ------------------------------------------------------------ sg-report-flight on osstest.test-lab.xenproject.org logs: /home/logs/logs images: /home/logs/images Logs, config files, etc. are available at http://logs.test-lab.xenproject.org/osstest/logs Explanation of these reports, and of osstest in general, is at http://xenbits.xen.org/gitweb/?p=osstest.git;a=blob;f=README.email;hb=master http://xenbits.xen.org/gitweb/?p=osstest.git;a=blob;f=README;hb=master Test harness code can be found at http://xenbits.xen.org/gitweb?p=osstest.git;a=summary Pushing revision : To xenbits.xen.org:/home/xen/git/libvirt.git b72d7c46e5..dd2f36d66e dd2f36d66ecff58a309ee5629b9a263cb22f3016 -> xen-tested-master
|
Lists.xenproject.org is hosted with RackSpace, monitoring our |