[Date Prev][Date Next][Thread Prev][Thread Next][Date Index][Thread Index]

[linux-5.4 test] 184192: tolerable FAIL - PUSHED



flight 184192 linux-5.4 real [real]
flight 184200 linux-5.4 real-retest [real]
http://logs.test-lab.xenproject.org/osstest/logs/184192/
http://logs.test-lab.xenproject.org/osstest/logs/184200/

Failures :-/ but no regressions.

Tests which are failing intermittently (not blocking):
 test-amd64-i386-xl-shadow 20 guest-localmigrate/x10 fail pass in 184200-retest
 test-armhf-armhf-libvirt-qcow2 13 guest-start       fail pass in 184200-retest

Tests which did not succeed, but are not blocking:
 test-armhf-armhf-libvirt-qcow2 15 saverestore-support-check fail in 184200 
like 184129
 test-armhf-armhf-libvirt-qcow2 14 migrate-support-check fail in 184200 never 
pass
 test-armhf-armhf-xl-credit1  14 guest-start                  fail  like 184129
 test-armhf-armhf-libvirt     16 saverestore-support-check    fail  like 184129
 test-amd64-amd64-xl-qemuu-win7-amd64 19 guest-stop            fail like 184129
 test-amd64-i386-xl-qemut-win7-amd64 19 guest-stop             fail like 184129
 test-amd64-i386-xl-qemuu-win7-amd64 19 guest-stop             fail like 184129
 test-amd64-amd64-xl-qemut-win7-amd64 19 guest-stop            fail like 184129
 test-armhf-armhf-xl-credit2  18 guest-start/debian.repeat    fail  like 184129
 test-armhf-armhf-xl-arndale  18 guest-start/debian.repeat    fail  like 184129
 test-amd64-amd64-xl-qemuu-ws16-amd64 19 guest-stop            fail like 184129
 test-amd64-amd64-xl-qemut-ws16-amd64 19 guest-stop            fail like 184129
 test-amd64-i386-xl-qemut-ws16-amd64 19 guest-stop             fail like 184129
 test-amd64-i386-xl-qemuu-ws16-amd64 19 guest-stop             fail like 184129
 test-armhf-armhf-libvirt-raw 15 saverestore-support-check    fail  like 184129
 test-amd64-amd64-qemuu-nested-amd 20 debian-hvm-install/l1/l2 fail like 184129
 test-arm64-arm64-xl-thunderx 15 migrate-support-check        fail   never pass
 test-arm64-arm64-xl-thunderx 16 saverestore-support-check    fail   never pass
 test-amd64-amd64-libvirt     15 migrate-support-check        fail   never pass
 test-amd64-i386-xl-pvshim    14 guest-start                  fail   never pass
 test-amd64-i386-libvirt      15 migrate-support-check        fail   never pass
 test-amd64-amd64-libvirt-vhd 14 migrate-support-check        fail   never pass
 test-amd64-i386-libvirt-xsm  15 migrate-support-check        fail   never pass
 test-amd64-amd64-libvirt-xsm 15 migrate-support-check        fail   never pass
 test-amd64-i386-libvirt-qemuu-debianhvm-amd64-xsm 13 migrate-support-check 
fail never pass
 test-arm64-arm64-xl          15 migrate-support-check        fail   never pass
 test-arm64-arm64-xl          16 saverestore-support-check    fail   never pass
 test-arm64-arm64-xl-credit1  15 migrate-support-check        fail   never pass
 test-arm64-arm64-libvirt-xsm 15 migrate-support-check        fail   never pass
 test-arm64-arm64-xl-credit2  15 migrate-support-check        fail   never pass
 test-arm64-arm64-xl-credit1  16 saverestore-support-check    fail   never pass
 test-arm64-arm64-xl-credit2  16 saverestore-support-check    fail   never pass
 test-arm64-arm64-libvirt-xsm 16 saverestore-support-check    fail   never pass
 test-arm64-arm64-xl-xsm      15 migrate-support-check        fail   never pass
 test-arm64-arm64-xl-xsm      16 saverestore-support-check    fail   never pass
 test-armhf-armhf-xl-multivcpu 15 migrate-support-check        fail  never pass
 test-armhf-armhf-xl-multivcpu 16 saverestore-support-check    fail  never pass
 test-armhf-armhf-xl-rtds     15 migrate-support-check        fail   never pass
 test-armhf-armhf-xl-rtds     16 saverestore-support-check    fail   never pass
 test-amd64-amd64-libvirt-qemuu-debianhvm-amd64-xsm 13 migrate-support-check 
fail never pass
 test-armhf-armhf-libvirt     15 migrate-support-check        fail   never pass
 test-armhf-armhf-xl-credit2  15 migrate-support-check        fail   never pass
 test-armhf-armhf-xl-credit2  16 saverestore-support-check    fail   never pass
 test-armhf-armhf-xl-arndale  15 migrate-support-check        fail   never pass
 test-armhf-armhf-xl-arndale  16 saverestore-support-check    fail   never pass
 test-armhf-armhf-xl          15 migrate-support-check        fail   never pass
 test-armhf-armhf-xl          16 saverestore-support-check    fail   never pass
 test-amd64-i386-libvirt-raw  14 migrate-support-check        fail   never pass
 test-arm64-arm64-libvirt-raw 14 migrate-support-check        fail   never pass
 test-arm64-arm64-libvirt-raw 15 saverestore-support-check    fail   never pass
 test-arm64-arm64-xl-vhd      14 migrate-support-check        fail   never pass
 test-arm64-arm64-xl-vhd      15 saverestore-support-check    fail   never pass
 test-armhf-armhf-xl-vhd      14 migrate-support-check        fail   never pass
 test-armhf-armhf-xl-vhd      15 saverestore-support-check    fail   never pass
 test-armhf-armhf-libvirt-raw 14 migrate-support-check        fail   never pass

version targeted for testing:
 linux                2d21f73b2f16f51608c8d8b1726df270229a5006
baseline version:
 linux                16e6e107a688046df37976fb6d7310e886c8115d

Last test of basis   184129  2023-12-13 17:42:57 Z    7 days
Testing same since   184192  2023-12-20 15:16:31 Z    0 days    1 attempts

------------------------------------------------------------
People who touched revisions under test:
  Adrian Hunter <adrian.hunter@xxxxxxxxx>
  Andrew Halaney <ahalaney@xxxxxxxxxx>
  Andy Shevchenko <andriy.shevchenko@xxxxxxxxxxxxxxx>
  Aoba K <nexp_0x17@xxxxxxxxxxx>
  Baokun Li <libaokun1@xxxxxxxxxx>
  Bjorn Helgaas <bhelgaas@xxxxxxxxxx>
  Catalin Marinas <catalin.marinas@xxxxxxx>
  Chengfeng Ye <dg573847474@xxxxxxxxx>
  Coly Li <colyli@xxxxxxx>
  David Howells <dhowells@xxxxxxxxxx>
  David S. Miller <davem@xxxxxxxxxxxxx>
  Denis Benato <benato.denis96@xxxxxxxxx>
  Dinghao Liu <dinghao.liu@xxxxxxxxxx>
  Dong Chenchen <dongchenchen2@xxxxxxxxxx>
  Eric Dumazet <edumazet@xxxxxxxxxx>
  Florent Revest <revest@xxxxxxxxxxxx>
  Florian Fainelli <florian.fainelli@xxxxxxxxxxxx>
  Greg Kroah-Hartman <gregkh@xxxxxxxxxxxxxxxxxxx>
  Harshit Mogalapalli <harshit.m.mogalapalli@xxxxxxxxxx>
  Hyunwoo Kim <v4bel@xxxxxxxxx>
  Igor Mammedov <imammedo@xxxxxxxxxx>
  Ilpo Järvinen <ilpo.jarvinen@xxxxxxxxxxxxxxx>
  Jakub Kicinski <kuba@xxxxxxxxxx>
  James Houghton <jthoughton@xxxxxxxxxx>
  Jens Axboe <axboe@xxxxxxxxx>
  Jiri Kosina <jkosina@xxxxxxx>
  Kai Vehmanen <kai.vehmanen@xxxxxxxxxxxxxxx>
  kernelci.org bot <bot@xxxxxxxxxxxx>
  Krzysztof Kozlowski <krzysztof.kozlowski@xxxxxxxxxx>
  Lech Perczak <lech.perczak@xxxxxxxxx>
  Linus Torvalds <torvalds@xxxxxxxxxxxxxxxxxxxx>
  Linux Kernel Functional Testing <lkft@xxxxxxxxxx>
  Luke D. Jones <luke@xxxxxxxxxx>
  Maciej Żenczykowski <maze@xxxxxxxxxx>
  Mark Rutland <mark.rutland@xxxxxxx>
  Masami Hiramatsu (Google) <mhiramat@xxxxxxxxxx>
  Michael Ellerman <mpe@xxxxxxxxxxxxxx>
  Michael S. Tsirkin <mst@xxxxxxxxxx>
  Ming Lei <ming.lei@xxxxxxxxxx>
  Naveen N Rao <naveen@xxxxxxxxxx>
  Nikolay Kuratov <kniv@xxxxxxxxxxxxxx>
  Oliver Neukum <oneukum@xxxxxxxx>
  Paolo Abeni <pabeni@xxxxxxxxxx>
  Peter Zijlstra (Intel) <peterz@xxxxxxxxxxxxx>
  Rasmus Villemoes <linux@xxxxxxxxxxxxxxxxxx>
  Sasha Levin <sashal@xxxxxxxxxx>
  Shuah Khan <skhan@xxxxxxxxxxxxxxxxxxx>
  Stefan Wahren <wahrenst@xxxxxxx>
  Steven Rostedt (Google) <rostedt@xxxxxxxxxxx>
  Takashi Iwai <tiwai@xxxxxxx>
  Theodore Ts'o <tytso@xxxxxxx>
  Ulf Hansson <ulf.hansson@xxxxxxxxxx>
  Vinod Koul <vkoul@xxxxxxxxxx>
  Will Deacon <will@xxxxxxxxxx>
  Yusong Gao <a869920004@xxxxxxxxx>

jobs:
 build-amd64-xsm                                              pass    
 build-arm64-xsm                                              pass    
 build-i386-xsm                                               pass    
 build-amd64                                                  pass    
 build-arm64                                                  pass    
 build-armhf                                                  pass    
 build-i386                                                   pass    
 build-amd64-libvirt                                          pass    
 build-arm64-libvirt                                          pass    
 build-armhf-libvirt                                          pass    
 build-i386-libvirt                                           pass    
 build-amd64-pvops                                            pass    
 build-arm64-pvops                                            pass    
 build-armhf-pvops                                            pass    
 build-i386-pvops                                             pass    
 test-amd64-amd64-xl                                          pass    
 test-amd64-coresched-amd64-xl                                pass    
 test-arm64-arm64-xl                                          pass    
 test-armhf-armhf-xl                                          pass    
 test-amd64-i386-xl                                           pass    
 test-amd64-coresched-i386-xl                                 pass    
 test-amd64-amd64-libvirt-qemuu-debianhvm-amd64-xsm           pass    
 test-amd64-i386-libvirt-qemuu-debianhvm-amd64-xsm            pass    
 test-amd64-amd64-xl-qemut-stubdom-debianhvm-amd64-xsm        pass    
 test-amd64-i386-xl-qemut-stubdom-debianhvm-amd64-xsm         pass    
 test-amd64-amd64-xl-qemut-debianhvm-i386-xsm                 pass    
 test-amd64-i386-xl-qemut-debianhvm-i386-xsm                  pass    
 test-amd64-amd64-xl-qemuu-debianhvm-i386-xsm                 pass    
 test-amd64-i386-xl-qemuu-debianhvm-i386-xsm                  pass    
 test-amd64-amd64-libvirt-xsm                                 pass    
 test-arm64-arm64-libvirt-xsm                                 pass    
 test-amd64-i386-libvirt-xsm                                  pass    
 test-amd64-amd64-xl-xsm                                      pass    
 test-arm64-arm64-xl-xsm                                      pass    
 test-amd64-i386-xl-xsm                                       pass    
 test-amd64-amd64-qemuu-nested-amd                            fail    
 test-amd64-amd64-xl-pvhv2-amd                                pass    
 test-amd64-i386-qemut-rhel6hvm-amd                           pass    
 test-amd64-i386-qemuu-rhel6hvm-amd                           pass    
 test-amd64-amd64-dom0pvh-xl-amd                              pass    
 test-amd64-amd64-xl-qemut-debianhvm-amd64                    pass    
 test-amd64-i386-xl-qemut-debianhvm-amd64                     pass    
 test-amd64-amd64-xl-qemuu-debianhvm-amd64                    pass    
 test-amd64-i386-xl-qemuu-debianhvm-amd64                     pass    
 test-amd64-i386-freebsd10-amd64                              pass    
 test-amd64-amd64-qemuu-freebsd11-amd64                       pass    
 test-amd64-amd64-qemuu-freebsd12-amd64                       pass    
 test-amd64-amd64-xl-qemuu-ovmf-amd64                         pass    
 test-amd64-i386-xl-qemuu-ovmf-amd64                          pass    
 test-amd64-amd64-xl-qemut-win7-amd64                         fail    
 test-amd64-i386-xl-qemut-win7-amd64                          fail    
 test-amd64-amd64-xl-qemuu-win7-amd64                         fail    
 test-amd64-i386-xl-qemuu-win7-amd64                          fail    
 test-amd64-amd64-xl-qemut-ws16-amd64                         fail    
 test-amd64-i386-xl-qemut-ws16-amd64                          fail    
 test-amd64-amd64-xl-qemuu-ws16-amd64                         fail    
 test-amd64-i386-xl-qemuu-ws16-amd64                          fail    
 test-armhf-armhf-xl-arndale                                  fail    
 test-amd64-amd64-examine-bios                                pass    
 test-amd64-i386-examine-bios                                 pass    
 test-amd64-amd64-xl-credit1                                  pass    
 test-arm64-arm64-xl-credit1                                  pass    
 test-armhf-armhf-xl-credit1                                  fail    
 test-amd64-amd64-xl-credit2                                  pass    
 test-arm64-arm64-xl-credit2                                  pass    
 test-armhf-armhf-xl-credit2                                  fail    
 test-amd64-amd64-xl-qemuu-dmrestrict-amd64-dmrestrict        pass    
 test-amd64-i386-xl-qemuu-dmrestrict-amd64-dmrestrict         pass    
 test-amd64-amd64-examine                                     pass    
 test-arm64-arm64-examine                                     pass    
 test-armhf-armhf-examine                                     pass    
 test-amd64-i386-examine                                      pass    
 test-amd64-i386-freebsd10-i386                               pass    
 test-amd64-amd64-qemuu-nested-intel                          pass    
 test-amd64-amd64-xl-pvhv2-intel                              pass    
 test-amd64-i386-qemut-rhel6hvm-intel                         pass    
 test-amd64-i386-qemuu-rhel6hvm-intel                         pass    
 test-amd64-amd64-dom0pvh-xl-intel                            pass    
 test-amd64-amd64-libvirt                                     pass    
 test-armhf-armhf-libvirt                                     pass    
 test-amd64-i386-libvirt                                      pass    
 test-amd64-amd64-xl-multivcpu                                pass    
 test-armhf-armhf-xl-multivcpu                                pass    
 test-amd64-amd64-pair                                        pass    
 test-amd64-i386-pair                                         pass    
 test-amd64-amd64-libvirt-pair                                pass    
 test-amd64-i386-libvirt-pair                                 pass    
 test-amd64-amd64-xl-pvshim                                   pass    
 test-amd64-i386-xl-pvshim                                    fail    
 test-amd64-amd64-pygrub                                      pass    
 test-armhf-armhf-libvirt-qcow2                               fail    
 test-amd64-amd64-xl-qcow2                                    pass    
 test-arm64-arm64-libvirt-raw                                 pass    
 test-armhf-armhf-libvirt-raw                                 pass    
 test-amd64-i386-libvirt-raw                                  pass    
 test-amd64-amd64-xl-rtds                                     pass    
 test-armhf-armhf-xl-rtds                                     pass    
 test-amd64-amd64-xl-qemuu-debianhvm-amd64-shadow             pass    
 test-amd64-i386-xl-qemuu-debianhvm-amd64-shadow              pass    
 test-amd64-amd64-xl-shadow                                   pass    
 test-amd64-i386-xl-shadow                                    fail    
 test-arm64-arm64-xl-thunderx                                 pass    
 test-amd64-amd64-examine-uefi                                pass    
 test-amd64-i386-examine-uefi                                 pass    
 test-amd64-amd64-libvirt-vhd                                 pass    
 test-arm64-arm64-xl-vhd                                      pass    
 test-armhf-armhf-xl-vhd                                      pass    
 test-amd64-i386-xl-vhd                                       pass    


------------------------------------------------------------
sg-report-flight on osstest.test-lab.xenproject.org
logs: /home/logs/logs
images: /home/logs/images

Logs, config files, etc. are available at
    http://logs.test-lab.xenproject.org/osstest/logs

Explanation of these reports, and of osstest in general, is at
    http://xenbits.xen.org/gitweb/?p=osstest.git;a=blob;f=README.email;hb=master
    http://xenbits.xen.org/gitweb/?p=osstest.git;a=blob;f=README;hb=master

Test harness code can be found at
    http://xenbits.xen.org/gitweb?p=osstest.git;a=summary


Pushing revision :

hint: The 'hooks/update' hook was ignored because it's not set as executable.
hint: You can disable this warning with `git config advice.ignoredHook false`.
hint: The 'hooks/post-receive' hook was ignored because it's not set as 
executable.
hint: You can disable this warning with `git config advice.ignoredHook false`.
hint: The 'hooks/post-update' hook was ignored because it's not set as 
executable.
hint: You can disable this warning with `git config advice.ignoredHook false`.
To xenbits.xen.org:/home/xen/git/linux-pvops.git
   16e6e107a688..2d21f73b2f16  2d21f73b2f16f51608c8d8b1726df270229a5006 -> 
tested/linux-5.4



 


Rackspace

Lists.xenproject.org is hosted with RackSpace, monitoring our
servers 24x7x365 and backed by RackSpace's Fanatical Support®.