[Date Prev][Date Next][Thread Prev][Thread Next][Date Index][Thread Index]

[linux-5.4 test] 184129: tolerable FAIL - PUSHED



flight 184129 linux-5.4 real [real]
flight 184137 linux-5.4 real-retest [real]
http://logs.test-lab.xenproject.org/osstest/logs/184129/
http://logs.test-lab.xenproject.org/osstest/logs/184137/

Failures :-/ but no regressions.

Tests which are failing intermittently (not blocking):
 test-amd64-amd64-libvirt-vhd  8 xen-boot            fail pass in 184137-retest
 test-armhf-armhf-xl-credit1  14 guest-start         fail pass in 184137-retest
 test-armhf-armhf-xl-arndale 18 guest-start/debian.repeat fail pass in 
184137-retest
 test-armhf-armhf-libvirt-raw 17 guest-start/debian.repeat fail pass in 
184137-retest

Tests which did not succeed, but are not blocking:
 test-armhf-armhf-xl-multivcpu 18 guest-start/debian.repeat fail blocked in 
184035
 test-armhf-armhf-xl-credit1 18 guest-start/debian.repeat fail in 184137 like 
184035
 test-amd64-amd64-libvirt-vhd 14 migrate-support-check fail in 184137 never pass
 test-armhf-armhf-xl-credit1 15 migrate-support-check fail in 184137 never pass
 test-armhf-armhf-xl-credit1 16 saverestore-support-check fail in 184137 never 
pass
 test-armhf-armhf-libvirt     16 saverestore-support-check    fail  like 184035
 test-armhf-armhf-xl-rtds     18 guest-start/debian.repeat    fail  like 184035
 test-amd64-amd64-xl-qemuu-win7-amd64 19 guest-stop            fail like 184035
 test-amd64-i386-xl-qemut-win7-amd64 19 guest-stop             fail like 184035
 test-amd64-i386-xl-qemuu-win7-amd64 19 guest-stop             fail like 184035
 test-amd64-amd64-xl-qemut-win7-amd64 19 guest-stop            fail like 184035
 test-armhf-armhf-xl-credit2  18 guest-start/debian.repeat    fail  like 184035
 test-armhf-armhf-libvirt-qcow2 15 saverestore-support-check   fail like 184035
 test-amd64-amd64-xl-qemuu-ws16-amd64 19 guest-stop            fail like 184035
 test-amd64-amd64-xl-qemut-ws16-amd64 19 guest-stop            fail like 184035
 test-amd64-i386-xl-qemut-ws16-amd64 19 guest-stop             fail like 184035
 test-amd64-i386-xl-qemuu-ws16-amd64 19 guest-stop             fail like 184035
 test-armhf-armhf-libvirt-raw 15 saverestore-support-check    fail  like 184035
 test-amd64-amd64-qemuu-nested-amd 20 debian-hvm-install/l1/l2 fail like 184035
 test-arm64-arm64-xl-thunderx 15 migrate-support-check        fail   never pass
 test-arm64-arm64-xl-thunderx 16 saverestore-support-check    fail   never pass
 test-amd64-amd64-libvirt     15 migrate-support-check        fail   never pass
 test-amd64-i386-xl-pvshim    14 guest-start                  fail   never pass
 test-amd64-i386-libvirt-xsm  15 migrate-support-check        fail   never pass
 test-amd64-i386-libvirt      15 migrate-support-check        fail   never pass
 test-amd64-amd64-libvirt-xsm 15 migrate-support-check        fail   never pass
 test-amd64-i386-libvirt-qemuu-debianhvm-amd64-xsm 13 migrate-support-check 
fail never pass
 test-arm64-arm64-xl          15 migrate-support-check        fail   never pass
 test-arm64-arm64-xl          16 saverestore-support-check    fail   never pass
 test-arm64-arm64-xl-credit1  15 migrate-support-check        fail   never pass
 test-arm64-arm64-libvirt-xsm 15 migrate-support-check        fail   never pass
 test-arm64-arm64-xl-credit2  15 migrate-support-check        fail   never pass
 test-arm64-arm64-xl-credit1  16 saverestore-support-check    fail   never pass
 test-arm64-arm64-xl-credit2  16 saverestore-support-check    fail   never pass
 test-arm64-arm64-libvirt-xsm 16 saverestore-support-check    fail   never pass
 test-arm64-arm64-xl-xsm      15 migrate-support-check        fail   never pass
 test-arm64-arm64-xl-xsm      16 saverestore-support-check    fail   never pass
 test-armhf-armhf-xl-multivcpu 15 migrate-support-check        fail  never pass
 test-armhf-armhf-xl-multivcpu 16 saverestore-support-check    fail  never pass
 test-armhf-armhf-xl-rtds     15 migrate-support-check        fail   never pass
 test-armhf-armhf-xl-rtds     16 saverestore-support-check    fail   never pass
 test-armhf-armhf-libvirt     15 migrate-support-check        fail   never pass
 test-amd64-amd64-libvirt-qemuu-debianhvm-amd64-xsm 13 migrate-support-check 
fail never pass
 test-armhf-armhf-xl-credit2  15 migrate-support-check        fail   never pass
 test-armhf-armhf-xl-credit2  16 saverestore-support-check    fail   never pass
 test-armhf-armhf-xl-arndale  15 migrate-support-check        fail   never pass
 test-armhf-armhf-xl-arndale  16 saverestore-support-check    fail   never pass
 test-armhf-armhf-xl          15 migrate-support-check        fail   never pass
 test-armhf-armhf-xl          16 saverestore-support-check    fail   never pass
 test-amd64-i386-libvirt-raw  14 migrate-support-check        fail   never pass
 test-arm64-arm64-libvirt-raw 14 migrate-support-check        fail   never pass
 test-arm64-arm64-libvirt-raw 15 saverestore-support-check    fail   never pass
 test-arm64-arm64-xl-vhd      14 migrate-support-check        fail   never pass
 test-arm64-arm64-xl-vhd      15 saverestore-support-check    fail   never pass
 test-armhf-armhf-libvirt-qcow2 14 migrate-support-check        fail never pass
 test-armhf-armhf-xl-vhd      14 migrate-support-check        fail   never pass
 test-armhf-armhf-xl-vhd      15 saverestore-support-check    fail   never pass
 test-armhf-armhf-libvirt-raw 14 migrate-support-check        fail   never pass

version targeted for testing:
 linux                16e6e107a688046df37976fb6d7310e886c8115d
baseline version:
 linux                34244ed6219a9eab1ce2262dc3c2bf39a3789b8a

Last test of basis   184035  2023-12-08 08:13:05 Z    6 days
Testing same since   184129  2023-12-13 17:42:57 Z    0 days    1 attempts

------------------------------------------------------------
People who touched revisions under test:
  <urbinek@xxxxxxxxx>
  Ahmed S. Darwish <a.darwish@xxxxxxxxxxxxx>
  Alex Deucher <alexander.deucher@xxxxxxx>
  Alex Pakhunov <alexey.pakhunov@xxxxxxxxxx>
  Andrew Morton <akpm@xxxxxxxxxxxxxxxxxxxx>
  AngeloGioacchino Del Regno <angelogioacchino.delregno@xxxxxxxxxxxxx>
  Anson Huang <Anson.Huang@xxxxxxx>
  Armin Wolf <W_Armin@xxxxxx>
  Arnaldo Carvalho de Melo <acme@xxxxxxxxxx>
  Arnd Bergmann <arnd@xxxxxxxx>
  Bartosz Golaszewski <bartosz.golaszewski@xxxxxxxxxx>
  Bjorn Helgaas <bhelgaas@xxxxxxxxxx>
  Bjorn Helgaas <bhelgaas@xxxxxxxxxx>   # pci/msi.c
  Boerge Struempfel <boerge.struempfel@xxxxxxxxx>
  Borislav Petkov (AMD) <bp@xxxxxxxxx>
  Cameron Williams <cang1@xxxxxxxxxx>
  Catalin Marinas <catalin.marinas@xxxxxxx>
  Claudio Imbrenda <imbrenda@xxxxxxxxxxxxx>
  Daniel Borkmann <daniel@xxxxxxxxxxxxx>
  Daniel Mack <daniel@xxxxxxxxxx>
  David Howells <dhowells@xxxxxxxxxx>
  David S. Miller <davem@xxxxxxxxxxxxx>
  Diana Craciun <diana.craciun@xxxxxxxxxxx>
  Dinghao Liu <dinghao.liu@xxxxxxxxxx>
  Eric Dumazet <edumazet@xxxxxxxxxx>
  Eugen Hristev <eugen.hristev@xxxxxxxxxxxxx>
  Florian Fainelli <florian.fainelli@xxxxxxxxxxxx>
  Florian Westphal <fw@xxxxxxxxx>
  Greg Kroah-Hartman <gregkh@xxxxxxxxxxxxxxxxxxx>
  Gregory CLEMENT <gregory.clement@xxxxxxxxxxx>
  Guenter Roeck <linux@xxxxxxxxxxxx>
  Harshit Mogalapalli <harshit.m.mogalapalli@xxxxxxxxxx>
  Heiner Kallweit <hkallweit1@xxxxxxxxx>
  Ido Schimmel <idosch@xxxxxxxxxx>
  Jakub Kicinski <kuba@xxxxxxxxxx>
  Jason Zhang <jason.zhang@xxxxxxxxxxxxxx>
  Jens Axboe <axboe@xxxxxxxxx>
  Jijie Shao <shaojijie@xxxxxxxxxx>
  Jiri Olsa <jolsa@xxxxxxxxxx>
  Joerg Roedel <jroedel@xxxxxxx>
  John Fastabend <john.fastabend@xxxxxxxxx>
  Jon Hunter <jonathanh@xxxxxxxxxx>
  Jozsef Kadlecsik <kadlec@xxxxxxxxxxxxx>
  Kalesh AP <kalesh-anakkur.purayil@xxxxxxxxxxxx>
  Konstantin Aladyshev <aladyshev22@xxxxxxxxx>
  Kunwu Chan <chentao@xxxxxxxxxx>
  Lee Jones <lee.jones@xxxxxxxxxx>
  Leon Romanovsky <leon@xxxxxxxxxx>
  Lina Iyer <lina.iyer@xxxxxxxxxx>
  Linux Kernel Functional Testing <lkft@xxxxxxxxxx>
  Liu Tie <liutie4@xxxxxxxxxx>
  Lorenzo Pieralisi <lorenzo.pieralisi@xxxxxxx>
  Luca Ceresoli <luca.ceresoli@xxxxxxxxxxx>
  Mark Brown <broonie@xxxxxxxxxx>
  Martin Blumenstingl <martin.blumenstingl@xxxxxxxxxxxxxx>
  Martin K. Petersen <martin.petersen@xxxxxxxxxx>
  Masahiro Yamada <masahiroy@xxxxxxxxxx>
  Mukesh Ojha <quic_mojha@xxxxxxxxxxx>
  Namhyung Kim <namhyung@xxxxxxxxxx>
  Neal Cardwell <ncardwell@xxxxxxxxxx>
  Pablo Neira Ayuso <pablo@xxxxxxxxxxxxx>
  Paolo Abeni <pabeni@xxxxxxxxxx>
  Paulo Alcantara (SUSE) <pc@xxxxxxxxxxxxx>
  Paulo Alcantara <pc@xxxxxxxxxxxxx>
  Pavel Begunkov <asml.silence@xxxxxxxxx>
  Peter Zijlstra (Intel) <peterz@xxxxxxxxxxxxx>
  Peter Zijlstra <peterz@xxxxxxxxxxxxx>
  Petr Pavlu <petr.pavlu@xxxxxxxx>
  Phil Sutter <phil@xxxxxx>
  Philipp Zabel <p.zabel@xxxxxxxxxxxxxx>
  Randy Dunlap <rdunlap@xxxxxxxxxxxxx>
  RD Babiera <rdbabiera@xxxxxxxxxx>
  Rob Herring <robh@xxxxxxxxxx>
  Roland Hieber <rhi@xxxxxxxxxxxxxx>
  Ronald Wahl <ronald.wahl@xxxxxxxxxxx>
  Ryusuke Konishi <konishi.ryusuke@xxxxxxxxx>
  Sasha Levin <sashal@xxxxxxxxxx>
  Sebastian Andrzej Siewior <bigeasy@xxxxxxxxxxxxx>
  Selvin Xavier <selvin.xavier@xxxxxxxxxxxx>
  Shawn Guo <shawnguo@xxxxxxxxxx>
  Shigeru Yoshida <syoshida@xxxxxxxxxx>
  Shuah Khan <skhan@xxxxxxxxxxxxxxxxxxx>
  Simon Horman <horms@xxxxxxxxxx> # build-tested
  Steve French <stfrench@xxxxxxxxxxxxx>
  Steven Rostedt (Google) <rostedt@xxxxxxxxxxx>
  Sudip Mukherjee <sudipm.mukherjee@xxxxxxxxx>
  Takashi Iwai <tiwai@xxxxxxx>
  Thomas Gleixner <tglx@xxxxxxxxxxxxx>
  Thomas Reichinger <thomas.reichinger@xxxxxxxxx>
  Tong Zhang <ztong0001@xxxxxxxxx>
  Ulf Hansson <ulf.hansson@xxxxxxxxxx>
  Vincent Wong <vincent.wong2@xxxxxxxxxx>
  Wenchao Chen <wenchao.chen@xxxxxxxxxx>
  Yonglong Liu <liuyonglong@xxxxxxxxxx>
  YuanShang <YuanShang.Mao@xxxxxxx>

jobs:
 build-amd64-xsm                                              pass    
 build-arm64-xsm                                              pass    
 build-i386-xsm                                               pass    
 build-amd64                                                  pass    
 build-arm64                                                  pass    
 build-armhf                                                  pass    
 build-i386                                                   pass    
 build-amd64-libvirt                                          pass    
 build-arm64-libvirt                                          pass    
 build-armhf-libvirt                                          pass    
 build-i386-libvirt                                           pass    
 build-amd64-pvops                                            pass    
 build-arm64-pvops                                            pass    
 build-armhf-pvops                                            pass    
 build-i386-pvops                                             pass    
 test-amd64-amd64-xl                                          pass    
 test-amd64-coresched-amd64-xl                                pass    
 test-arm64-arm64-xl                                          pass    
 test-armhf-armhf-xl                                          pass    
 test-amd64-i386-xl                                           pass    
 test-amd64-coresched-i386-xl                                 pass    
 test-amd64-amd64-libvirt-qemuu-debianhvm-amd64-xsm           pass    
 test-amd64-i386-libvirt-qemuu-debianhvm-amd64-xsm            pass    
 test-amd64-amd64-xl-qemut-stubdom-debianhvm-amd64-xsm        pass    
 test-amd64-i386-xl-qemut-stubdom-debianhvm-amd64-xsm         pass    
 test-amd64-amd64-xl-qemut-debianhvm-i386-xsm                 pass    
 test-amd64-i386-xl-qemut-debianhvm-i386-xsm                  pass    
 test-amd64-amd64-xl-qemuu-debianhvm-i386-xsm                 pass    
 test-amd64-i386-xl-qemuu-debianhvm-i386-xsm                  pass    
 test-amd64-amd64-libvirt-xsm                                 pass    
 test-arm64-arm64-libvirt-xsm                                 pass    
 test-amd64-i386-libvirt-xsm                                  pass    
 test-amd64-amd64-xl-xsm                                      pass    
 test-arm64-arm64-xl-xsm                                      pass    
 test-amd64-i386-xl-xsm                                       pass    
 test-amd64-amd64-qemuu-nested-amd                            fail    
 test-amd64-amd64-xl-pvhv2-amd                                pass    
 test-amd64-i386-qemut-rhel6hvm-amd                           pass    
 test-amd64-i386-qemuu-rhel6hvm-amd                           pass    
 test-amd64-amd64-dom0pvh-xl-amd                              pass    
 test-amd64-amd64-xl-qemut-debianhvm-amd64                    pass    
 test-amd64-i386-xl-qemut-debianhvm-amd64                     pass    
 test-amd64-amd64-xl-qemuu-debianhvm-amd64                    pass    
 test-amd64-i386-xl-qemuu-debianhvm-amd64                     pass    
 test-amd64-i386-freebsd10-amd64                              pass    
 test-amd64-amd64-qemuu-freebsd11-amd64                       pass    
 test-amd64-amd64-qemuu-freebsd12-amd64                       pass    
 test-amd64-amd64-xl-qemuu-ovmf-amd64                         pass    
 test-amd64-i386-xl-qemuu-ovmf-amd64                          pass    
 test-amd64-amd64-xl-qemut-win7-amd64                         fail    
 test-amd64-i386-xl-qemut-win7-amd64                          fail    
 test-amd64-amd64-xl-qemuu-win7-amd64                         fail    
 test-amd64-i386-xl-qemuu-win7-amd64                          fail    
 test-amd64-amd64-xl-qemut-ws16-amd64                         fail    
 test-amd64-i386-xl-qemut-ws16-amd64                          fail    
 test-amd64-amd64-xl-qemuu-ws16-amd64                         fail    
 test-amd64-i386-xl-qemuu-ws16-amd64                          fail    
 test-armhf-armhf-xl-arndale                                  fail    
 test-amd64-amd64-examine-bios                                pass    
 test-amd64-i386-examine-bios                                 pass    
 test-amd64-amd64-xl-credit1                                  pass    
 test-arm64-arm64-xl-credit1                                  pass    
 test-armhf-armhf-xl-credit1                                  fail    
 test-amd64-amd64-xl-credit2                                  pass    
 test-arm64-arm64-xl-credit2                                  pass    
 test-armhf-armhf-xl-credit2                                  fail    
 test-amd64-amd64-xl-qemuu-dmrestrict-amd64-dmrestrict        pass    
 test-amd64-i386-xl-qemuu-dmrestrict-amd64-dmrestrict         pass    
 test-amd64-amd64-examine                                     pass    
 test-arm64-arm64-examine                                     pass    
 test-armhf-armhf-examine                                     pass    
 test-amd64-i386-examine                                      pass    
 test-amd64-i386-freebsd10-i386                               pass    
 test-amd64-amd64-qemuu-nested-intel                          pass    
 test-amd64-amd64-xl-pvhv2-intel                              pass    
 test-amd64-i386-qemut-rhel6hvm-intel                         pass    
 test-amd64-i386-qemuu-rhel6hvm-intel                         pass    
 test-amd64-amd64-dom0pvh-xl-intel                            pass    
 test-amd64-amd64-libvirt                                     pass    
 test-armhf-armhf-libvirt                                     pass    
 test-amd64-i386-libvirt                                      pass    
 test-amd64-amd64-xl-multivcpu                                pass    
 test-armhf-armhf-xl-multivcpu                                fail    
 test-amd64-amd64-pair                                        pass    
 test-amd64-i386-pair                                         pass    
 test-amd64-amd64-libvirt-pair                                pass    
 test-amd64-i386-libvirt-pair                                 pass    
 test-amd64-amd64-xl-pvshim                                   pass    
 test-amd64-i386-xl-pvshim                                    fail    
 test-amd64-amd64-pygrub                                      pass    
 test-armhf-armhf-libvirt-qcow2                               pass    
 test-amd64-amd64-xl-qcow2                                    pass    
 test-arm64-arm64-libvirt-raw                                 pass    
 test-armhf-armhf-libvirt-raw                                 fail    
 test-amd64-i386-libvirt-raw                                  pass    
 test-amd64-amd64-xl-rtds                                     pass    
 test-armhf-armhf-xl-rtds                                     fail    
 test-amd64-amd64-xl-qemuu-debianhvm-amd64-shadow             pass    
 test-amd64-i386-xl-qemuu-debianhvm-amd64-shadow              pass    
 test-amd64-amd64-xl-shadow                                   pass    
 test-amd64-i386-xl-shadow                                    pass    
 test-arm64-arm64-xl-thunderx                                 pass    
 test-amd64-amd64-examine-uefi                                pass    
 test-amd64-i386-examine-uefi                                 pass    
 test-amd64-amd64-libvirt-vhd                                 fail    
 test-arm64-arm64-xl-vhd                                      pass    
 test-armhf-armhf-xl-vhd                                      pass    
 test-amd64-i386-xl-vhd                                       pass    


------------------------------------------------------------
sg-report-flight on osstest.test-lab.xenproject.org
logs: /home/logs/logs
images: /home/logs/images

Logs, config files, etc. are available at
    http://logs.test-lab.xenproject.org/osstest/logs

Explanation of these reports, and of osstest in general, is at
    http://xenbits.xen.org/gitweb/?p=osstest.git;a=blob;f=README.email;hb=master
    http://xenbits.xen.org/gitweb/?p=osstest.git;a=blob;f=README;hb=master

Test harness code can be found at
    http://xenbits.xen.org/gitweb?p=osstest.git;a=summary


Pushing revision :

hint: The 'hooks/update' hook was ignored because it's not set as executable.
hint: You can disable this warning with `git config advice.ignoredHook false`.
hint: The 'hooks/post-receive' hook was ignored because it's not set as 
executable.
hint: You can disable this warning with `git config advice.ignoredHook false`.
hint: The 'hooks/post-update' hook was ignored because it's not set as 
executable.
hint: You can disable this warning with `git config advice.ignoredHook false`.
To xenbits.xen.org:/home/xen/git/linux-pvops.git
   34244ed6219a..16e6e107a688  16e6e107a688046df37976fb6d7310e886c8115d -> 
tested/linux-5.4



 


Rackspace

Lists.xenproject.org is hosted with RackSpace, monitoring our
servers 24x7x365 and backed by RackSpace's Fanatical Support®.