[Date Prev][Date Next][Thread Prev][Thread Next][Date Index][Thread Index]

[libvirt test] 184045: regressions - FAIL



flight 184045 libvirt real [real]
http://logs.test-lab.xenproject.org/osstest/logs/184045/

Regressions :-(

Tests which did not succeed and are blocking,
including tests which could not be run:
 build-arm64-xsm               6 xen-build                fail REGR. vs. 184033
 build-arm64-pvops             6 kernel-build             fail REGR. vs. 184033

Tests which did not succeed, but are not blocking:
 test-arm64-arm64-libvirt      1 build-check(1)               blocked  n/a
 test-arm64-arm64-libvirt-qcow2  1 build-check(1)               blocked  n/a
 test-arm64-arm64-libvirt-raw  1 build-check(1)               blocked  n/a
 test-arm64-arm64-libvirt-xsm  1 build-check(1)               blocked  n/a
 test-armhf-armhf-libvirt     16 saverestore-support-check    fail  like 184033
 test-armhf-armhf-libvirt-qcow2 15 saverestore-support-check   fail like 184033
 test-armhf-armhf-libvirt-raw 15 saverestore-support-check    fail  like 184033
 test-amd64-i386-libvirt      15 migrate-support-check        fail   never pass
 test-amd64-i386-libvirt-xsm  15 migrate-support-check        fail   never pass
 test-amd64-i386-libvirt-qemuu-debianhvm-amd64-xsm 13 migrate-support-check 
fail never pass
 test-amd64-amd64-libvirt-qemuu-debianhvm-amd64-xsm 13 migrate-support-check 
fail never pass
 test-amd64-amd64-libvirt-xsm 15 migrate-support-check        fail   never pass
 test-armhf-armhf-libvirt     15 migrate-support-check        fail   never pass
 test-amd64-i386-libvirt-raw  14 migrate-support-check        fail   never pass
 test-amd64-amd64-libvirt-vhd 14 migrate-support-check        fail   never pass
 test-amd64-amd64-libvirt     15 migrate-support-check        fail   never pass
 test-armhf-armhf-libvirt-qcow2 14 migrate-support-check        fail never pass
 test-armhf-armhf-libvirt-raw 14 migrate-support-check        fail   never pass

version targeted for testing:
 libvirt              1a2f33cb593e6bf4913d97143bf76d5e7f866912
baseline version:
 libvirt              06e344f762bb2a31bfbdecbf0da9736373c19cce

Last test of basis   184033  2023-12-08 04:20:31 Z    1 days
Testing same since   184045  2023-12-09 04:25:29 Z    0 days    1 attempts

------------------------------------------------------------
People who touched revisions under test:
  Göran Uddeborg <goeran@xxxxxxxxxxx>
  Jim Fehlig <jfehlig@xxxxxxxx>

jobs:
 build-amd64-xsm                                              pass    
 build-arm64-xsm                                              fail    
 build-i386-xsm                                               pass    
 build-amd64                                                  pass    
 build-arm64                                                  pass    
 build-armhf                                                  pass    
 build-i386                                                   pass    
 build-amd64-libvirt                                          pass    
 build-arm64-libvirt                                          pass    
 build-armhf-libvirt                                          pass    
 build-i386-libvirt                                           pass    
 build-amd64-pvops                                            pass    
 build-arm64-pvops                                            fail    
 build-armhf-pvops                                            pass    
 build-i386-pvops                                             pass    
 test-amd64-amd64-libvirt-qemuu-debianhvm-amd64-xsm           pass    
 test-amd64-i386-libvirt-qemuu-debianhvm-amd64-xsm            pass    
 test-amd64-amd64-libvirt-xsm                                 pass    
 test-arm64-arm64-libvirt-xsm                                 blocked 
 test-amd64-i386-libvirt-xsm                                  pass    
 test-amd64-amd64-libvirt                                     pass    
 test-arm64-arm64-libvirt                                     blocked 
 test-armhf-armhf-libvirt                                     pass    
 test-amd64-i386-libvirt                                      pass    
 test-amd64-amd64-libvirt-pair                                pass    
 test-amd64-i386-libvirt-pair                                 pass    
 test-arm64-arm64-libvirt-qcow2                               blocked 
 test-armhf-armhf-libvirt-qcow2                               pass    
 test-arm64-arm64-libvirt-raw                                 blocked 
 test-armhf-armhf-libvirt-raw                                 pass    
 test-amd64-i386-libvirt-raw                                  pass    
 test-amd64-amd64-libvirt-vhd                                 pass    


------------------------------------------------------------
sg-report-flight on osstest.test-lab.xenproject.org
logs: /home/logs/logs
images: /home/logs/images

Logs, config files, etc. are available at
    http://logs.test-lab.xenproject.org/osstest/logs

Explanation of these reports, and of osstest in general, is at
    http://xenbits.xen.org/gitweb/?p=osstest.git;a=blob;f=README.email;hb=master
    http://xenbits.xen.org/gitweb/?p=osstest.git;a=blob;f=README;hb=master

Test harness code can be found at
    http://xenbits.xen.org/gitweb?p=osstest.git;a=summary


Not pushing.

------------------------------------------------------------
commit 1a2f33cb593e6bf4913d97143bf76d5e7f866912
Author: Jim Fehlig <jfehlig@xxxxxxxx>
Date:   Thu Dec 7 18:38:22 2023 -0700

    remote: Fix cached hypervisor type
    
    Commit 501825011c switched the remote driver to using g_auto, but missed
    one case of needing to steal a pointer holding the hypervisor type.
    Without it, memory is freed and the output of 'virsh version' has random
    output
    
    Compiled against library: libvirt 10.0.0
    Using library: libvirt 10.0.0
    Using API: ��%�U 10.0.0
    Running hypervisor: ��U 8.1.3
    
    Ths change also fixes random SIGABRT from perl processes running
    libvirt-tck tests.
    
    Signed-off-by: Jim Fehlig <jfehlig@xxxxxxxx>
    Reviewed-by: Daniel P. Berrangé <berrange@xxxxxxxxxx>

commit fba411a80512d406869e6c54b483988d24844d30
Author: Göran Uddeborg <goeran@xxxxxxxxxxx>
Date:   Thu Dec 7 22:43:57 2023 +0100

    Translated using Weblate (Swedish)
    
    Currently translated at 56.3% (5871 of 10417 strings)
    
    Translation: libvirt/libvirt
    Translate-URL: 
https://translate.fedoraproject.org/projects/libvirt/libvirt/sv/
    
    Co-authored-by: Göran Uddeborg <goeran@xxxxxxxxxxx>
    Signed-off-by: Göran Uddeborg <goeran@xxxxxxxxxxx>



 


Rackspace

Lists.xenproject.org is hosted with RackSpace, monitoring our
servers 24x7x365 and backed by RackSpace's Fanatical Support®.