[Date Prev][Date Next][Thread Prev][Thread Next][Date Index][Thread Index]

[linux-linus test] 183973: tolerable FAIL - PUSHED



flight 183973 linux-linus real [real]
flight 183976 linux-linus real-retest [real]
http://logs.test-lab.xenproject.org/osstest/logs/183973/
http://logs.test-lab.xenproject.org/osstest/logs/183976/

Failures :-/ but no regressions.

Tests which are failing intermittently (not blocking):
 test-armhf-armhf-xl-credit1   8 xen-boot            fail pass in 183976-retest

Tests which did not succeed, but are not blocking:
 test-armhf-armhf-xl-credit1 15 migrate-support-check fail in 183976 never pass
 test-armhf-armhf-xl-credit1 16 saverestore-support-check fail in 183976 never 
pass
 test-armhf-armhf-libvirt     16 saverestore-support-check    fail  like 183969
 test-amd64-amd64-xl-qemut-win7-amd64 19 guest-stop            fail like 183969
 test-amd64-amd64-xl-qemuu-win7-amd64 19 guest-stop            fail like 183969
 test-amd64-amd64-xl-qemuu-ws16-amd64 19 guest-stop            fail like 183969
 test-armhf-armhf-libvirt-raw 15 saverestore-support-check    fail  like 183969
 test-amd64-amd64-xl-qemut-ws16-amd64 19 guest-stop            fail like 183969
 test-armhf-armhf-libvirt-qcow2 15 saverestore-support-check   fail like 183969
 test-amd64-amd64-qemuu-nested-amd 20 debian-hvm-install/l1/l2 fail like 183969
 test-amd64-amd64-libvirt     15 migrate-support-check        fail   never pass
 test-amd64-amd64-libvirt-xsm 15 migrate-support-check        fail   never pass
 test-arm64-arm64-xl-thunderx 15 migrate-support-check        fail   never pass
 test-arm64-arm64-xl          15 migrate-support-check        fail   never pass
 test-arm64-arm64-xl-xsm      15 migrate-support-check        fail   never pass
 test-arm64-arm64-xl-thunderx 16 saverestore-support-check    fail   never pass
 test-arm64-arm64-xl          16 saverestore-support-check    fail   never pass
 test-arm64-arm64-xl-xsm      16 saverestore-support-check    fail   never pass
 test-arm64-arm64-xl-credit1  15 migrate-support-check        fail   never pass
 test-arm64-arm64-xl-credit1  16 saverestore-support-check    fail   never pass
 test-arm64-arm64-libvirt-xsm 15 migrate-support-check        fail   never pass
 test-arm64-arm64-libvirt-xsm 16 saverestore-support-check    fail   never pass
 test-arm64-arm64-xl-credit2  15 migrate-support-check        fail   never pass
 test-arm64-arm64-xl-credit2  16 saverestore-support-check    fail   never pass
 test-armhf-armhf-xl-arndale  15 migrate-support-check        fail   never pass
 test-armhf-armhf-xl-arndale  16 saverestore-support-check    fail   never pass
 test-armhf-armhf-libvirt     15 migrate-support-check        fail   never pass
 test-armhf-armhf-xl-multivcpu 15 migrate-support-check        fail  never pass
 test-armhf-armhf-xl-multivcpu 16 saverestore-support-check    fail  never pass
 test-armhf-armhf-xl-rtds     15 migrate-support-check        fail   never pass
 test-armhf-armhf-xl-rtds     16 saverestore-support-check    fail   never pass
 test-armhf-armhf-xl          15 migrate-support-check        fail   never pass
 test-armhf-armhf-xl          16 saverestore-support-check    fail   never pass
 test-amd64-amd64-libvirt-raw 14 migrate-support-check        fail   never pass
 test-amd64-amd64-libvirt-qcow2 14 migrate-support-check        fail never pass
 test-arm64-arm64-libvirt-raw 14 migrate-support-check        fail   never pass
 test-arm64-arm64-libvirt-raw 15 saverestore-support-check    fail   never pass
 test-amd64-amd64-libvirt-qemuu-debianhvm-amd64-xsm 13 migrate-support-check 
fail never pass
 test-arm64-arm64-xl-vhd      14 migrate-support-check        fail   never pass
 test-arm64-arm64-xl-vhd      15 saverestore-support-check    fail   never pass
 test-armhf-armhf-libvirt-raw 14 migrate-support-check        fail   never pass
 test-armhf-armhf-xl-vhd      14 migrate-support-check        fail   never pass
 test-armhf-armhf-xl-vhd      15 saverestore-support-check    fail   never pass
 test-armhf-armhf-xl-credit2  15 migrate-support-check        fail   never pass
 test-armhf-armhf-xl-credit2  16 saverestore-support-check    fail   never pass
 test-armhf-armhf-libvirt-qcow2 14 migrate-support-check        fail never pass

version targeted for testing:
 linux                815fb87b753055df2d9e50f6cd80eb10235fe3e9
baseline version:
 linux                c1c09da07c550971a1764a113963533dcc8e4d2a

Last test of basis   183969  2023-12-01 21:42:21 Z    0 days
Testing same since   183973  2023-12-02 07:48:26 Z    0 days    1 attempts

------------------------------------------------------------
People who touched revisions under test:
  Abdul Halim, Mohd Syazwan <mohd.syazwan.abdul.halim@xxxxxxxxx>
  Alex Deucher <alexander.deucher@xxxxxxx>
  Alex Sierra <alex.sierra@xxxxxxx>
  Alvin Lee <alvin.lee2@xxxxxxx>
  André Draszik <andre.draszik@xxxxxxxxxx>
  Ard Biesheuvel <ardb@xxxxxxxxxx>
  Ayush Jain <ayush.jain3@xxxxxxx>
  Bart Van Assche <bvanassche@xxxxxxx>
  Camille Cho <camille.cho@xxxxxxx>
  Candice Li <candice.li@xxxxxxx>
  Catalin Marinas <catalin.marinas@xxxxxxx>
  Christian König <christian.koenig@xxxxxxx>
  Christoph Hellwig <hch@xxxxxx>
  Christoph Niedermaier <cniedermaier@xxxxxxxxxxxxxxxxxx>
  Damien Le Moal <dlemoal@xxxxxxxxxx>
  Dan Carpenter <dan.carpenter@xxxxxxxxxx>
  Daniel Mentz <danielmentz@xxxxxxxxxx>
  Daniel Vetter <daniel@xxxxxxxx>
  Daniel Wheeler <daniel.wheeler@xxxxxxx>
  Danilo Krummrich <dakr@xxxxxxxxxx>
  Dave Airlie <airlied@xxxxxxxxxx>
  Dave Jiang <dave.jiang@xxxxxxxxx>
  Dinghao Liu <dinghao.liu@xxxxxxxxxx>
  Dmitry Baryshkov <dmitry.baryshkov@xxxxxxxxxx>
  Dmytro Laktyushkin <dmytro.laktyushkin@xxxxxxx>
  Ewan D. Milne <emilne@xxxxxxxxxx>
  Felix Kuehling <Felix.Kuehling@xxxxxxx>
  Gautham R. Shenoy <gautham.shenoy@xxxxxxx>
  Greg Kroah-Hartman <gregkh@xxxxxxxxxxxxxxxxxxx>
  Gustavo A. R. Silva <gustavoars@xxxxxxxxxx>
  Hamza Mahfooz <hamza.mahfooz@xxxxxxx>
  Hans de Goede <hdegoede@xxxxxxxxxx>
  Hawking Zhang <Hawking.Zhang@xxxxxxx>
  Huang Rui <ray.huang@xxxxxxx>
  Ilya Bakoulin <ilya.bakoulin@xxxxxxx>
  Jani Nikula <jani.nikula@xxxxxxxxx>
  Jason Gunthorpe <jgg@xxxxxxxxxx>
  Jens Axboe <axboe@xxxxxxxxx>
  Joerg Roedel <jroedel@xxxxxxx>
  Jonathan Kim <jonathan.kim@xxxxxxx>
  Kailang Yang <kailang@xxxxxxxxxxx>
  Keith Busch <kbusch@xxxxxxxxxx>
  Konrad Dybcio <konrad.dybcio@xxxxxxxxxx>
  Kunwu Chan <chentao@xxxxxxxxxx>
  Li Ma <li.ma@xxxxxxx>
  Lijo Lazar <lijo.lazar@xxxxxxx>
  Linus Torvalds <torvalds@xxxxxxxxxxxxxxxxxxxx>
  Linus Walleij <linus.walleij@xxxxxxxxxx>
  Liu Ying <victor.liu@xxxxxxx>
  Lu Baolu <baolu.lu@xxxxxxxxxxxxxxx>
  Lu Yao <yaolu@xxxxxxxxxx>
  Lukasz Luba <lukasz.luba@xxxxxxx>
  Luo Yuzhang <yuzhang.luo@xxxxxxxxx> # QAT
  Maarten Lankhorst <maarten.lankhorst@xxxxxxxxxxxxxxx>
  Mario Limonciello <mario.limonciello@xxxxxxx>
  Mark O'Donovan <shiftee@xxxxxxxxxx>
  Mark Rutland <mark.rutland@xxxxxxx>
  Markus Weippert <markus@xxxxxxxxxxxx>
  Martin K. Petersen <martin.petersen@xxxxxxxxxx>
  Maurizio Lombardi <mlombard@xxxxxxxxxx>
  Maxime Ripard <mripard@xxxxxxxxxx>
  Michael Strauss <michael.strauss@xxxxxxx>
  Mike Snitzer <snitzer@xxxxxxxxxx>
  Mikulas Patocka <mpatocka@xxxxxxxxxx>
  Ming Lei <ming.lei@xxxxxxxxxx>
  Mukul Joshi <mukul.joshi@xxxxxxx>
  Neil Armstrong <neil.armstrong@xxxxxxxxxx>
  Nicholas Kazlauskas <nicholas.kazlauskas@xxxxxxx>
  Perry Yuan <perry.yuan@xxxxxxx>
  Peter Ujfalusi <peter.ujfalusi@xxxxxxxxxxxxxxx>
  Peter Wang <peter.wang@xxxxxxxxxxxx>
  Prike Liang <Prike.Liang@xxxxxxx>
  Rafael J. Wysocki <rafael.j.wysocki@xxxxxxxxx>
  Richard Fitzgerald <rf@xxxxxxxxxxxxxxxxxxxxx>
  Robin Murphy <robin.murphy@xxxxxxx>
  Roman Li <Roman.Li@xxxxxxx>
  Stefan Binding <sbinding@xxxxxxxxxxxxxxxxxxxxx>
  Stephan Gerhold <stephan.gerhold@xxxxxxxxxxxxxxx>
  Sung Joon Kim <sungkim@xxxxxxx>
  Taimur Hassan <syed.hassan@xxxxxxx>
  Takashi Iwai <tiwai@xxxxxxx>
  Thierry Reding <treding@xxxxxxxxxx>
  Thomas Hellström <thomas.hellstrom@xxxxxxxxxxxxxxx>
  Thomas Zimmermann <tzimmermann@xxxxxxx>
  Tim Huang <Tim.Huang@xxxxxxx>
  Tom Chung <chiahsuan.chung@xxxxxxx>
  Tony Zhu <tony.zhu@xxxxxxxxx> # DSA
  Tvrtko Ursulin <tvrtko.ursulin@xxxxxxxxx>
  Vasiliy Kovalev <kovalev@xxxxxxxxxxxx>
  Vignesh Chander <vignesh.chander@xxxxxxx>
  Ville Syrjälä <ville.syrjala@xxxxxxxxxxxxxxx>
  Viresh Kumar <viresh.kumar@xxxxxxxxxx>
  Wenjing Liu <wenjing.liu@xxxxxxx>
  Will Deacon <will@xxxxxxxxxx>
  Wu Bo <bo.wu@xxxxxxxx>
  Wyes Karny <wyes.karny@xxxxxxx>
  xiazhengqiao <xiazhengqiao@xxxxxxxxxxxxxxxxxxxxxxxxxxxxxx>
  Yang Yingliang <yangyingliang@xxxxxxxxxx>
  Yu Kuai <yukuai3@xxxxxxxxxx>
  ZhenGuo Yin <zhenguo.yin@xxxxxxx>
  Zhongwei <zhongwei.zhang@xxxxxxx>

jobs:
 build-amd64-xsm                                              pass    
 build-arm64-xsm                                              pass    
 build-i386-xsm                                               pass    
 build-amd64                                                  pass    
 build-arm64                                                  pass    
 build-armhf                                                  pass    
 build-i386                                                   pass    
 build-amd64-libvirt                                          pass    
 build-arm64-libvirt                                          pass    
 build-armhf-libvirt                                          pass    
 build-i386-libvirt                                           pass    
 build-amd64-pvops                                            pass    
 build-arm64-pvops                                            pass    
 build-armhf-pvops                                            pass    
 build-i386-pvops                                             pass    
 test-amd64-amd64-xl                                          pass    
 test-amd64-coresched-amd64-xl                                pass    
 test-arm64-arm64-xl                                          pass    
 test-armhf-armhf-xl                                          pass    
 test-amd64-amd64-libvirt-qemuu-debianhvm-amd64-xsm           pass    
 test-amd64-amd64-xl-qemut-stubdom-debianhvm-amd64-xsm        pass    
 test-amd64-amd64-xl-qemut-debianhvm-i386-xsm                 pass    
 test-amd64-amd64-xl-qemuu-debianhvm-i386-xsm                 pass    
 test-amd64-amd64-libvirt-xsm                                 pass    
 test-arm64-arm64-libvirt-xsm                                 pass    
 test-amd64-amd64-xl-xsm                                      pass    
 test-arm64-arm64-xl-xsm                                      pass    
 test-amd64-amd64-qemuu-nested-amd                            fail    
 test-amd64-amd64-xl-pvhv2-amd                                pass    
 test-amd64-amd64-dom0pvh-xl-amd                              pass    
 test-amd64-amd64-xl-qemut-debianhvm-amd64                    pass    
 test-amd64-amd64-xl-qemuu-debianhvm-amd64                    pass    
 test-amd64-amd64-freebsd11-amd64                             pass    
 test-amd64-amd64-freebsd12-amd64                             pass    
 test-amd64-amd64-xl-qemuu-ovmf-amd64                         pass    
 test-amd64-amd64-xl-qemut-win7-amd64                         fail    
 test-amd64-amd64-xl-qemuu-win7-amd64                         fail    
 test-amd64-amd64-xl-qemut-ws16-amd64                         fail    
 test-amd64-amd64-xl-qemuu-ws16-amd64                         fail    
 test-armhf-armhf-xl-arndale                                  pass    
 test-amd64-amd64-examine-bios                                pass    
 test-amd64-amd64-xl-credit1                                  pass    
 test-arm64-arm64-xl-credit1                                  pass    
 test-armhf-armhf-xl-credit1                                  fail    
 test-amd64-amd64-xl-credit2                                  pass    
 test-arm64-arm64-xl-credit2                                  pass    
 test-armhf-armhf-xl-credit2                                  pass    
 test-amd64-amd64-xl-qemuu-dmrestrict-amd64-dmrestrict        pass    
 test-amd64-amd64-examine                                     pass    
 test-arm64-arm64-examine                                     pass    
 test-armhf-armhf-examine                                     pass    
 test-amd64-amd64-qemuu-nested-intel                          pass    
 test-amd64-amd64-xl-pvhv2-intel                              pass    
 test-amd64-amd64-dom0pvh-xl-intel                            pass    
 test-amd64-amd64-libvirt                                     pass    
 test-armhf-armhf-libvirt                                     pass    
 test-amd64-amd64-xl-multivcpu                                pass    
 test-armhf-armhf-xl-multivcpu                                pass    
 test-amd64-amd64-pair                                        pass    
 test-amd64-amd64-libvirt-pair                                pass    
 test-amd64-amd64-xl-pvshim                                   pass    
 test-amd64-amd64-pygrub                                      pass    
 test-amd64-amd64-libvirt-qcow2                               pass    
 test-armhf-armhf-libvirt-qcow2                               pass    
 test-amd64-amd64-libvirt-raw                                 pass    
 test-arm64-arm64-libvirt-raw                                 pass    
 test-armhf-armhf-libvirt-raw                                 pass    
 test-amd64-amd64-xl-rtds                                     pass    
 test-armhf-armhf-xl-rtds                                     pass    
 test-amd64-amd64-xl-qemuu-debianhvm-amd64-shadow             pass    
 test-amd64-amd64-xl-shadow                                   pass    
 test-arm64-arm64-xl-thunderx                                 pass    
 test-amd64-amd64-examine-uefi                                pass    
 test-amd64-amd64-xl-vhd                                      pass    
 test-arm64-arm64-xl-vhd                                      pass    
 test-armhf-armhf-xl-vhd                                      pass    


------------------------------------------------------------
sg-report-flight on osstest.test-lab.xenproject.org
logs: /home/logs/logs
images: /home/logs/images

Logs, config files, etc. are available at
    http://logs.test-lab.xenproject.org/osstest/logs

Explanation of these reports, and of osstest in general, is at
    http://xenbits.xen.org/gitweb/?p=osstest.git;a=blob;f=README.email;hb=master
    http://xenbits.xen.org/gitweb/?p=osstest.git;a=blob;f=README;hb=master

Test harness code can be found at
    http://xenbits.xen.org/gitweb?p=osstest.git;a=summary


Pushing revision :

hint: The 'hooks/update' hook was ignored because it's not set as executable.
hint: You can disable this warning with `git config advice.ignoredHook false`.
hint: The 'hooks/post-receive' hook was ignored because it's not set as 
executable.
hint: You can disable this warning with `git config advice.ignoredHook false`.
hint: The 'hooks/post-update' hook was ignored because it's not set as 
executable.
hint: You can disable this warning with `git config advice.ignoredHook false`.
To xenbits.xen.org:/home/xen/git/linux-pvops.git
   c1c09da07c55..815fb87b7530  815fb87b753055df2d9e50f6cd80eb10235fe3e9 -> 
tested/linux-linus



 


Rackspace

Lists.xenproject.org is hosted with RackSpace, monitoring our
servers 24x7x365 and backed by RackSpace's Fanatical Support®.