[Date Prev][Date Next][Thread Prev][Thread Next][Date Index][Thread Index] [xen-unstable-smoke test] 183960: tolerable all pass - PUSHED
flight 183960 xen-unstable-smoke real [real] http://logs.test-lab.xenproject.org/osstest/logs/183960/ Failures :-/ but no regressions. Tests which did not succeed, but are not blocking: test-amd64-amd64-libvirt 15 migrate-support-check fail never pass test-arm64-arm64-xl-xsm 15 migrate-support-check fail never pass test-arm64-arm64-xl-xsm 16 saverestore-support-check fail never pass test-armhf-armhf-xl 15 migrate-support-check fail never pass test-armhf-armhf-xl 16 saverestore-support-check fail never pass version targeted for testing: xen def73fc14407252cc801f35cd7746e60ccd70884 baseline version: xen f0dd0cd9598f22ee5509bb5d1466e4821834c4ba Last test of basis 183939 2023-11-29 18:02:12 Z 1 days Testing same since 183960 2023-12-01 04:00:28 Z 0 days 1 attempts ------------------------------------------------------------ People who touched revisions under test: Michal Orzel <michal.orzel@xxxxxxx> Nicola Vetrini <nicola.vetrini@xxxxxxxxxxx> Simone Ballarin <simone.ballarin@xxxxxxxxxxx> Stefano Stabellini <sstabellini@xxxxxxxxxx> jobs: build-arm64-xsm pass build-amd64 pass build-armhf pass build-amd64-libvirt pass test-armhf-armhf-xl pass test-arm64-arm64-xl-xsm pass test-amd64-amd64-xl-qemuu-debianhvm-amd64 pass test-amd64-amd64-libvirt pass ------------------------------------------------------------ sg-report-flight on osstest.test-lab.xenproject.org logs: /home/logs/logs images: /home/logs/images Logs, config files, etc. are available at http://logs.test-lab.xenproject.org/osstest/logs Explanation of these reports, and of osstest in general, is at http://xenbits.xen.org/gitweb/?p=osstest.git;a=blob;f=README.email;hb=master http://xenbits.xen.org/gitweb/?p=osstest.git;a=blob;f=README;hb=master Test harness code can be found at http://xenbits.xen.org/gitweb?p=osstest.git;a=summary Pushing revision : To xenbits.xen.org:/home/xen/git/xen.git f0dd0cd959..def73fc144 def73fc14407252cc801f35cd7746e60ccd70884 -> smoke
|
Lists.xenproject.org is hosted with RackSpace, monitoring our |