[Date Prev][Date Next][Thread Prev][Thread Next][Date Index][Thread Index] [libvirt test] 182989: regressions - trouble: blocked/broken/fail/pass
flight 182989 libvirt real [real] http://logs.test-lab.xenproject.org/osstest/logs/182989/ Regressions :-( Tests which did not succeed and are blocking, including tests which could not be run: build-i386 <job status> broken build-i386-pvops <job status> broken build-i386-xsm <job status> broken build-i386-xsm 4 host-install(4) broken REGR. vs. 182958 build-i386 4 host-install(4) broken REGR. vs. 182958 build-i386-pvops 4 host-install(4) broken REGR. vs. 182958 test-armhf-armhf-libvirt-raw 17 guest-start/debian.repeat fail REGR. vs. 182958 Tests which did not succeed, but are not blocking: build-i386-libvirt 1 build-check(1) blocked n/a test-amd64-i386-libvirt 1 build-check(1) blocked n/a test-amd64-i386-libvirt-pair 1 build-check(1) blocked n/a test-amd64-i386-libvirt-qemuu-debianhvm-amd64-xsm 1 build-check(1) blocked n/a test-amd64-i386-libvirt-raw 1 build-check(1) blocked n/a test-amd64-i386-libvirt-xsm 1 build-check(1) blocked n/a test-armhf-armhf-libvirt 16 saverestore-support-check fail like 182958 test-armhf-armhf-libvirt-qcow2 15 saverestore-support-check fail like 182958 test-armhf-armhf-libvirt-raw 15 saverestore-support-check fail like 182958 test-amd64-amd64-libvirt-xsm 15 migrate-support-check fail never pass test-amd64-amd64-libvirt 15 migrate-support-check fail never pass test-arm64-arm64-libvirt 15 migrate-support-check fail never pass test-arm64-arm64-libvirt 16 saverestore-support-check fail never pass test-arm64-arm64-libvirt-xsm 15 migrate-support-check fail never pass test-arm64-arm64-libvirt-xsm 16 saverestore-support-check fail never pass test-amd64-amd64-libvirt-qemuu-debianhvm-amd64-xsm 13 migrate-support-check fail never pass test-armhf-armhf-libvirt 15 migrate-support-check fail never pass test-arm64-arm64-libvirt-qcow2 14 migrate-support-check fail never pass test-arm64-arm64-libvirt-qcow2 15 saverestore-support-check fail never pass test-amd64-amd64-libvirt-vhd 14 migrate-support-check fail never pass test-arm64-arm64-libvirt-raw 14 migrate-support-check fail never pass test-arm64-arm64-libvirt-raw 15 saverestore-support-check fail never pass test-armhf-armhf-libvirt-qcow2 14 migrate-support-check fail never pass test-armhf-armhf-libvirt-raw 14 migrate-support-check fail never pass version targeted for testing: libvirt 4ef2bcfd3fd8d40ac2671f2bb9c1784d20d71a65 baseline version: libvirt ca40725a2101c597c03661771a4e546001f629cc Last test of basis 182958 2023-09-12 04:18:50 Z 1 days Testing same since 182989 2023-09-13 04:18:52 Z 0 days 1 attempts ------------------------------------------------------------ People who touched revisions under test: Erik Skultety <eskultet@xxxxxxxxxx> Jonathon Jongsma <jjongsma@xxxxxxxxxx> jobs: build-amd64-xsm pass build-arm64-xsm pass build-i386-xsm broken build-amd64 pass build-arm64 pass build-armhf pass build-i386 broken build-amd64-libvirt pass build-arm64-libvirt pass build-armhf-libvirt pass build-i386-libvirt blocked build-amd64-pvops pass build-arm64-pvops pass build-armhf-pvops pass build-i386-pvops broken test-amd64-amd64-libvirt-qemuu-debianhvm-amd64-xsm pass test-amd64-i386-libvirt-qemuu-debianhvm-amd64-xsm blocked test-amd64-amd64-libvirt-xsm pass test-arm64-arm64-libvirt-xsm pass test-amd64-i386-libvirt-xsm blocked test-amd64-amd64-libvirt pass test-arm64-arm64-libvirt pass test-armhf-armhf-libvirt pass test-amd64-i386-libvirt blocked test-amd64-amd64-libvirt-pair pass test-amd64-i386-libvirt-pair blocked test-arm64-arm64-libvirt-qcow2 pass test-armhf-armhf-libvirt-qcow2 pass test-arm64-arm64-libvirt-raw pass test-armhf-armhf-libvirt-raw fail test-amd64-i386-libvirt-raw blocked test-amd64-amd64-libvirt-vhd pass ------------------------------------------------------------ sg-report-flight on osstest.test-lab.xenproject.org logs: /home/logs/logs images: /home/logs/images Logs, config files, etc. are available at http://logs.test-lab.xenproject.org/osstest/logs Explanation of these reports, and of osstest in general, is at http://xenbits.xen.org/gitweb/?p=osstest.git;a=blob;f=README.email;hb=master http://xenbits.xen.org/gitweb/?p=osstest.git;a=blob;f=README;hb=master Test harness code can be found at http://xenbits.xen.org/gitweb?p=osstest.git;a=summary broken-job build-i386 broken broken-job build-i386-pvops broken broken-job build-i386-xsm broken broken-step build-i386-xsm host-install(4) broken-step build-i386 host-install(4) broken-step build-i386-pvops host-install(4) Not pushing. (No revision log; it would be 563 lines long.)
|
Lists.xenproject.org is hosted with RackSpace, monitoring our |