[Date Prev][Date Next][Thread Prev][Thread Next][Date Index][Thread Index] [xen-unstable test] 182425: regressions - FAIL
flight 182425 xen-unstable real [real] flight 182471 xen-unstable real-retest [real] http://logs.test-lab.xenproject.org/osstest/logs/182425/ http://logs.test-lab.xenproject.org/osstest/logs/182471/ Regressions :-( Tests which did not succeed and are blocking, including tests which could not be run: test-armhf-armhf-libvirt-raw 13 guest-start fail in 182471 REGR. vs. 182419 Tests which are failing intermittently (not blocking): test-armhf-armhf-libvirt-raw 8 xen-boot fail pass in 182471-retest Tests which did not succeed, but are not blocking: test-armhf-armhf-libvirt 16 saverestore-support-check fail like 182419 test-amd64-i386-xl-qemuu-win7-amd64 19 guest-stop fail like 182419 test-amd64-amd64-qemuu-nested-amd 20 debian-hvm-install/l1/l2 fail like 182419 test-amd64-amd64-xl-qemuu-ws16-amd64 19 guest-stop fail like 182419 test-amd64-i386-xl-qemut-ws16-amd64 19 guest-stop fail like 182419 test-amd64-amd64-xl-qemut-win7-amd64 19 guest-stop fail like 182419 test-amd64-i386-xl-qemut-win7-amd64 19 guest-stop fail like 182419 test-amd64-amd64-xl-qemut-ws16-amd64 19 guest-stop fail like 182419 test-armhf-armhf-libvirt-qcow2 15 saverestore-support-check fail like 182419 test-amd64-i386-xl-qemuu-ws16-amd64 19 guest-stop fail like 182419 test-amd64-amd64-xl-qemuu-win7-amd64 19 guest-stop fail like 182419 test-amd64-i386-xl-pvshim 14 guest-start fail never pass test-amd64-amd64-libvirt-xsm 15 migrate-support-check fail never pass test-amd64-i386-libvirt-xsm 15 migrate-support-check fail never pass test-arm64-arm64-xl-credit2 15 migrate-support-check fail never pass test-arm64-arm64-xl-credit2 16 saverestore-support-check fail never pass test-arm64-arm64-libvirt-xsm 15 migrate-support-check fail never pass test-arm64-arm64-xl-xsm 15 migrate-support-check fail never pass test-arm64-arm64-libvirt-xsm 16 saverestore-support-check fail never pass test-arm64-arm64-xl-xsm 16 saverestore-support-check fail never pass test-arm64-arm64-xl-credit1 15 migrate-support-check fail never pass test-arm64-arm64-xl-credit1 16 saverestore-support-check fail never pass test-arm64-arm64-xl 15 migrate-support-check fail never pass test-arm64-arm64-xl 16 saverestore-support-check fail never pass test-amd64-i386-libvirt 15 migrate-support-check fail never pass test-amd64-amd64-libvirt-qemuu-debianhvm-amd64-xsm 13 migrate-support-check fail never pass test-armhf-armhf-libvirt 15 migrate-support-check fail never pass test-armhf-armhf-xl-credit2 15 migrate-support-check fail never pass test-armhf-armhf-xl-credit2 16 saverestore-support-check fail never pass test-armhf-armhf-xl 15 migrate-support-check fail never pass test-armhf-armhf-xl 16 saverestore-support-check fail never pass test-armhf-armhf-xl-rtds 15 migrate-support-check fail never pass test-armhf-armhf-xl-rtds 16 saverestore-support-check fail never pass test-amd64-amd64-libvirt 15 migrate-support-check fail never pass test-armhf-armhf-xl-arndale 15 migrate-support-check fail never pass test-armhf-armhf-xl-arndale 16 saverestore-support-check fail never pass test-amd64-i386-libvirt-qemuu-debianhvm-amd64-xsm 13 migrate-support-check fail never pass test-arm64-arm64-xl-thunderx 15 migrate-support-check fail never pass test-arm64-arm64-xl-thunderx 16 saverestore-support-check fail never pass test-amd64-i386-libvirt-raw 14 migrate-support-check fail never pass test-arm64-arm64-libvirt-raw 14 migrate-support-check fail never pass test-arm64-arm64-libvirt-raw 15 saverestore-support-check fail never pass test-arm64-arm64-xl-vhd 14 migrate-support-check fail never pass test-arm64-arm64-xl-vhd 15 saverestore-support-check fail never pass test-armhf-armhf-xl-vhd 14 migrate-support-check fail never pass test-armhf-armhf-xl-vhd 15 saverestore-support-check fail never pass test-amd64-amd64-libvirt-vhd 14 migrate-support-check fail never pass test-armhf-armhf-xl-credit1 15 migrate-support-check fail never pass test-armhf-armhf-xl-credit1 16 saverestore-support-check fail never pass test-armhf-armhf-xl-multivcpu 15 migrate-support-check fail never pass test-armhf-armhf-xl-multivcpu 16 saverestore-support-check fail never pass test-armhf-armhf-libvirt-qcow2 14 migrate-support-check fail never pass version targeted for testing: xen a73560896ce3c513460f26bd1c205060d6ec4f8a baseline version: xen 3fae7c56b313a12288a05e0a8c14c47bfd4dc40e Last test of basis 182419 2023-08-22 08:52:42 Z 1 days Testing same since 182425 2023-08-22 19:08:38 Z 0 days 1 attempts ------------------------------------------------------------ People who touched revisions under test: Andrew Cooper <andrew.cooper3@xxxxxxxxxx> Jan Beulich <jbeulich@xxxxxxxx> Nicola Vetrini <nicola.vetrini@xxxxxxxxxxx> Simon Gaiser <simon@xxxxxxxxxxxxxxxxxxxxxx> Stefano Stabellini <sstabellini@xxxxxxxxxx> Stewart Hildebrand <stewart.hildebrand@xxxxxxx> Tamas K Lengyel <tamas@xxxxxxxxxxxxx> jobs: build-amd64-xsm pass build-arm64-xsm pass build-i386-xsm pass build-amd64-xtf pass build-amd64 pass build-arm64 pass build-armhf pass build-i386 pass build-amd64-libvirt pass build-arm64-libvirt pass build-armhf-libvirt pass build-i386-libvirt pass build-amd64-prev pass build-i386-prev pass build-amd64-pvops pass build-arm64-pvops pass build-armhf-pvops pass build-i386-pvops pass test-xtf-amd64-amd64-1 pass test-xtf-amd64-amd64-2 pass test-xtf-amd64-amd64-3 pass test-xtf-amd64-amd64-4 pass test-xtf-amd64-amd64-5 pass test-amd64-amd64-xl pass test-amd64-coresched-amd64-xl pass test-arm64-arm64-xl pass test-armhf-armhf-xl pass test-amd64-i386-xl pass test-amd64-coresched-i386-xl pass test-amd64-amd64-libvirt-qemuu-debianhvm-amd64-xsm pass test-amd64-i386-libvirt-qemuu-debianhvm-amd64-xsm pass test-amd64-amd64-xl-qemut-stubdom-debianhvm-amd64-xsm pass test-amd64-i386-xl-qemut-stubdom-debianhvm-amd64-xsm pass test-amd64-amd64-xl-qemut-debianhvm-i386-xsm pass test-amd64-i386-xl-qemut-debianhvm-i386-xsm pass test-amd64-amd64-xl-qemuu-debianhvm-i386-xsm pass test-amd64-i386-xl-qemuu-debianhvm-i386-xsm pass test-amd64-amd64-libvirt-xsm pass test-arm64-arm64-libvirt-xsm pass test-amd64-i386-libvirt-xsm pass test-amd64-amd64-xl-xsm pass test-arm64-arm64-xl-xsm pass test-amd64-i386-xl-xsm pass test-amd64-amd64-qemuu-nested-amd fail test-amd64-amd64-xl-pvhv2-amd pass test-amd64-i386-qemut-rhel6hvm-amd pass test-amd64-i386-qemuu-rhel6hvm-amd pass test-amd64-amd64-dom0pvh-xl-amd pass test-amd64-amd64-xl-qemut-debianhvm-amd64 pass test-amd64-i386-xl-qemut-debianhvm-amd64 pass test-amd64-amd64-xl-qemuu-debianhvm-amd64 pass test-amd64-i386-xl-qemuu-debianhvm-amd64 pass test-amd64-i386-freebsd10-amd64 pass test-amd64-amd64-qemuu-freebsd11-amd64 pass test-amd64-amd64-qemuu-freebsd12-amd64 pass test-amd64-amd64-xl-qemuu-ovmf-amd64 pass test-amd64-i386-xl-qemuu-ovmf-amd64 pass test-amd64-amd64-xl-qemut-win7-amd64 fail test-amd64-i386-xl-qemut-win7-amd64 fail test-amd64-amd64-xl-qemuu-win7-amd64 fail test-amd64-i386-xl-qemuu-win7-amd64 fail test-amd64-amd64-xl-qemut-ws16-amd64 fail test-amd64-i386-xl-qemut-ws16-amd64 fail test-amd64-amd64-xl-qemuu-ws16-amd64 fail test-amd64-i386-xl-qemuu-ws16-amd64 fail test-armhf-armhf-xl-arndale pass test-amd64-amd64-examine-bios pass test-amd64-i386-examine-bios pass test-amd64-amd64-xl-credit1 pass test-arm64-arm64-xl-credit1 pass test-armhf-armhf-xl-credit1 pass test-amd64-amd64-xl-credit2 pass test-arm64-arm64-xl-credit2 pass test-armhf-armhf-xl-credit2 pass test-amd64-amd64-xl-qemuu-dmrestrict-amd64-dmrestrict pass test-amd64-i386-xl-qemuu-dmrestrict-amd64-dmrestrict pass test-amd64-amd64-examine pass test-arm64-arm64-examine pass test-armhf-armhf-examine pass test-amd64-i386-examine pass test-amd64-i386-freebsd10-i386 pass test-amd64-amd64-qemuu-nested-intel pass test-amd64-amd64-xl-pvhv2-intel pass test-amd64-i386-qemut-rhel6hvm-intel pass test-amd64-i386-qemuu-rhel6hvm-intel pass test-amd64-amd64-dom0pvh-xl-intel pass test-amd64-amd64-libvirt pass test-armhf-armhf-libvirt pass test-amd64-i386-libvirt pass test-amd64-amd64-livepatch pass test-amd64-i386-livepatch pass test-amd64-amd64-migrupgrade pass test-amd64-i386-migrupgrade pass test-amd64-amd64-xl-multivcpu pass test-armhf-armhf-xl-multivcpu pass test-amd64-amd64-pair pass test-amd64-i386-pair pass test-amd64-amd64-libvirt-pair pass test-amd64-i386-libvirt-pair pass test-amd64-amd64-xl-pvshim pass test-amd64-i386-xl-pvshim fail test-amd64-amd64-pygrub pass test-armhf-armhf-libvirt-qcow2 pass test-amd64-amd64-xl-qcow2 pass test-arm64-arm64-libvirt-raw pass test-armhf-armhf-libvirt-raw fail test-amd64-i386-libvirt-raw pass test-amd64-amd64-xl-rtds pass test-armhf-armhf-xl-rtds pass test-amd64-amd64-xl-qemuu-debianhvm-amd64-shadow pass test-amd64-i386-xl-qemuu-debianhvm-amd64-shadow pass test-amd64-amd64-xl-shadow pass test-amd64-i386-xl-shadow pass test-arm64-arm64-xl-thunderx pass test-amd64-amd64-examine-uefi pass test-amd64-i386-examine-uefi pass test-amd64-amd64-libvirt-vhd pass test-arm64-arm64-xl-vhd pass test-armhf-armhf-xl-vhd pass test-amd64-i386-xl-vhd pass ------------------------------------------------------------ sg-report-flight on osstest.test-lab.xenproject.org logs: /home/logs/logs images: /home/logs/images Logs, config files, etc. are available at http://logs.test-lab.xenproject.org/osstest/logs Explanation of these reports, and of osstest in general, is at http://xenbits.xen.org/gitweb/?p=osstest.git;a=blob;f=README.email;hb=master http://xenbits.xen.org/gitweb/?p=osstest.git;a=blob;f=README;hb=master Test harness code can be found at http://xenbits.xen.org/gitweb?p=osstest.git;a=summary Not pushing. ------------------------------------------------------------ commit a73560896ce3c513460f26bd1c205060d6ec4f8a Author: Andrew Cooper <andrew.cooper3@xxxxxxxxxx> Date: Tue Aug 22 13:56:17 2023 +0100 CI: Update FreeBSD to 12.4 Signed-off-by: Andrew Cooper <andrew.cooper3@xxxxxxxxxx> Reviewed-by: Roger Pau Monné <roger.pau@xxxxxxxxxx> commit a7d04b0e7935620e9f8b9e693d818bf043a5ecd6 Author: Stewart Hildebrand <stewart.hildebrand@xxxxxxx> Date: Tue Aug 22 08:53:56 2023 +0200 xen/pci: address a violation of MISRA C:2012 Rule 8.3 Make the paramater names of the prototype match the definition. No functional change. Signed-off-by: Stewart Hildebrand <stewart.hildebrand@xxxxxxx> Reviewed-by: Jan Beulich <jbeulich@xxxxxxxx> commit b3bb51f718bd513264129a407fc1836682b689a7 Author: Nicola Vetrini <nicola.vetrini@xxxxxxxxxxx> Date: Tue Aug 22 08:53:24 2023 +0200 vm_event: rework inclusions to use arch-indipendent header The arch-specific header <asm/vm_event.h> should be included by the common header <xen/vm_event.h>, so that the latter can be included in the source files. This also resolves violations of MISRA C:2012 Rule 8.4 that were caused by declarations for 'vm_event_{fill_regs,set_registers,monitor_next_interrupt}' in <asm/vm_event.h> not being visible when defining functions in 'xen/arch/x86/vm_event.c' Signed-off-by: Nicola Vetrini <nicola.vetrini@xxxxxxxxxxx> Reviewed-by: Stefano Stabellini <sstabellini@xxxxxxxxxx> Acked-by: Tamas K Lengyel <tamas@xxxxxxxxxxxxx> commit db75dfdb11dc4e837585bf61cc25dc0c8f048288 Author: Jan Beulich <jbeulich@xxxxxxxx> Date: Tue Aug 22 08:52:49 2023 +0200 mem-sharing: move (x86) / drop (Arm) arch_dump_shared_mem_info() When !MEM_SHARING no useful output is produced. Move the function into mm/mem_sharing.c while conditionalizing the call to it, thus allowing to drop it altogether from Arm (and eliminating the need to introduce stubs on PPC and RISC-V). Signed-off-by: Jan Beulich <jbeulich@xxxxxxxx> Reviewed-by: Luca Fancellu <luca.fancellu@xxxxxxx> #arm Acked-by: Stefano Stabellini <sstabellini@xxxxxxxxxx> Acked-by: Tamas K Lengyel <tamas@xxxxxxxxxxxxx> commit 5eb8c15171f72f155a5cba8400eb940b44187867 Author: Simon Gaiser <simon@xxxxxxxxxxxxxxxxxxxxxx> Date: Tue Aug 22 08:51:38 2023 +0200 x86/hpet: Disable legacy replacement mode after IRQ test As far as I understand the HPET legacy mode is not required after the timer IRQ test. For previous discussion see [1] and [2]. Keeping it enabled prevents reaching deeper C-states on some systems and thereby also S0ix residency. So disable it after the timer IRQ test worked. Note that this code path is only reached when opt_hpet_legacy_replacement < 0, so explicit user choice is still honored. Link: https://lore.kernel.org/xen-devel/cb408368-077d-edb5-b4ad-f80086db48c1@xxxxxxxxxxxxxxxxxxxxxx/ # [1] Link: https://lore.kernel.org/xen-devel/20230718122603.2002-1-simon@xxxxxxxxxxxxxxxxxxxxxx/ # [2] Signed-off-by: Simon Gaiser <simon@xxxxxxxxxxxxxxxxxxxxxx> Reviewed-by: Jan Beulich <jbeulich@xxxxxxxx> (qemu changes not included)
|
Lists.xenproject.org is hosted with RackSpace, monitoring our |