[Date Prev][Date Next][Thread Prev][Thread Next][Date Index][Thread Index] [xen-unstable test] 182000: regressions - FAIL
flight 182000 xen-unstable real [real] http://logs.test-lab.xenproject.org/osstest/logs/182000/ Regressions :-( Tests which did not succeed and are blocking, including tests which could not be run: build-arm64-pvops 6 kernel-build fail REGR. vs. 181987 Tests which did not succeed, but are not blocking: test-arm64-arm64-examine 1 build-check(1) blocked n/a test-arm64-arm64-libvirt-raw 1 build-check(1) blocked n/a test-arm64-arm64-libvirt-xsm 1 build-check(1) blocked n/a test-arm64-arm64-xl 1 build-check(1) blocked n/a test-arm64-arm64-xl-credit1 1 build-check(1) blocked n/a test-arm64-arm64-xl-credit2 1 build-check(1) blocked n/a test-arm64-arm64-xl-thunderx 1 build-check(1) blocked n/a test-arm64-arm64-xl-vhd 1 build-check(1) blocked n/a test-arm64-arm64-xl-xsm 1 build-check(1) blocked n/a test-armhf-armhf-libvirt 16 saverestore-support-check fail like 181987 test-amd64-amd64-xl-qemut-win7-amd64 19 guest-stop fail like 181987 test-amd64-i386-xl-qemuu-win7-amd64 19 guest-stop fail like 181987 test-amd64-amd64-qemuu-nested-amd 20 debian-hvm-install/l1/l2 fail like 181987 test-armhf-armhf-libvirt-qcow2 15 saverestore-support-check fail like 181987 test-amd64-amd64-xl-qemuu-ws16-amd64 19 guest-stop fail like 181987 test-amd64-i386-xl-qemut-ws16-amd64 19 guest-stop fail like 181987 test-amd64-i386-xl-qemut-win7-amd64 19 guest-stop fail like 181987 test-amd64-i386-xl-vhd 21 guest-start/debian.repeat fail like 181987 test-amd64-amd64-xl-qemut-ws16-amd64 19 guest-stop fail like 181987 test-armhf-armhf-libvirt-raw 15 saverestore-support-check fail like 181987 test-amd64-amd64-xl-qemuu-win7-amd64 19 guest-stop fail like 181987 test-amd64-i386-xl-qemuu-ws16-amd64 19 guest-stop fail like 181987 test-amd64-i386-xl-pvshim 14 guest-start fail never pass test-amd64-amd64-libvirt 15 migrate-support-check fail never pass test-amd64-i386-libvirt-xsm 15 migrate-support-check fail never pass test-amd64-i386-libvirt 15 migrate-support-check fail never pass test-amd64-amd64-libvirt-qemuu-debianhvm-amd64-xsm 13 migrate-support-check fail never pass test-amd64-i386-libvirt-qemuu-debianhvm-amd64-xsm 13 migrate-support-check fail never pass test-armhf-armhf-xl-arndale 15 migrate-support-check fail never pass test-armhf-armhf-xl-arndale 16 saverestore-support-check fail never pass test-armhf-armhf-libvirt 15 migrate-support-check fail never pass test-armhf-armhf-xl 15 migrate-support-check fail never pass test-armhf-armhf-xl 16 saverestore-support-check fail never pass test-amd64-amd64-libvirt-vhd 14 migrate-support-check fail never pass test-armhf-armhf-xl-multivcpu 15 migrate-support-check fail never pass test-armhf-armhf-xl-multivcpu 16 saverestore-support-check fail never pass test-amd64-amd64-libvirt-xsm 15 migrate-support-check fail never pass test-amd64-i386-libvirt-raw 14 migrate-support-check fail never pass test-armhf-armhf-libvirt-qcow2 14 migrate-support-check fail never pass test-armhf-armhf-xl-vhd 14 migrate-support-check fail never pass test-armhf-armhf-xl-vhd 15 saverestore-support-check fail never pass test-armhf-armhf-xl-credit1 15 migrate-support-check fail never pass test-armhf-armhf-xl-credit1 16 saverestore-support-check fail never pass test-armhf-armhf-xl-credit2 15 migrate-support-check fail never pass test-armhf-armhf-xl-credit2 16 saverestore-support-check fail never pass test-armhf-armhf-xl-rtds 15 migrate-support-check fail never pass test-armhf-armhf-xl-rtds 16 saverestore-support-check fail never pass test-armhf-armhf-libvirt-raw 14 migrate-support-check fail never pass version targeted for testing: xen 3a4e6f67bc689365680cd544d05c8772f56b7a91 baseline version: xen 0c53c638e16278078371ce028c74693841d7738a Last test of basis 181987 2023-07-24 01:53:36 Z 1 days Testing same since 182000 2023-07-24 17:07:02 Z 1 days 1 attempts ------------------------------------------------------------ People who touched revisions under test: Federico Serafini <federico.serafini@xxxxxxxxxxx> George Dunlap <george.dunlap@xxxxxxxxx> Jan Beulich <jbeulich@xxxxxxxx> Shawn Anastasio <sanastasio@xxxxxxxxxxxxxxxxxxxxx> Viresh Kumar <viresh.kumar@xxxxxxxxxx> jobs: build-amd64-xsm pass build-arm64-xsm pass build-i386-xsm pass build-amd64-xtf pass build-amd64 pass build-arm64 pass build-armhf pass build-i386 pass build-amd64-libvirt pass build-arm64-libvirt pass build-armhf-libvirt pass build-i386-libvirt pass build-amd64-prev pass build-i386-prev pass build-amd64-pvops pass build-arm64-pvops fail build-armhf-pvops pass build-i386-pvops pass test-xtf-amd64-amd64-1 pass test-xtf-amd64-amd64-2 pass test-xtf-amd64-amd64-3 pass test-xtf-amd64-amd64-4 pass test-xtf-amd64-amd64-5 pass test-amd64-amd64-xl pass test-amd64-coresched-amd64-xl pass test-arm64-arm64-xl blocked test-armhf-armhf-xl pass test-amd64-i386-xl pass test-amd64-coresched-i386-xl pass test-amd64-amd64-libvirt-qemuu-debianhvm-amd64-xsm pass test-amd64-i386-libvirt-qemuu-debianhvm-amd64-xsm pass test-amd64-amd64-xl-qemut-stubdom-debianhvm-amd64-xsm pass test-amd64-i386-xl-qemut-stubdom-debianhvm-amd64-xsm pass test-amd64-amd64-xl-qemut-debianhvm-i386-xsm pass test-amd64-i386-xl-qemut-debianhvm-i386-xsm pass test-amd64-amd64-xl-qemuu-debianhvm-i386-xsm pass test-amd64-i386-xl-qemuu-debianhvm-i386-xsm pass test-amd64-amd64-libvirt-xsm pass test-arm64-arm64-libvirt-xsm blocked test-amd64-i386-libvirt-xsm pass test-amd64-amd64-xl-xsm pass test-arm64-arm64-xl-xsm blocked test-amd64-i386-xl-xsm pass test-amd64-amd64-qemuu-nested-amd fail test-amd64-amd64-xl-pvhv2-amd pass test-amd64-i386-qemut-rhel6hvm-amd pass test-amd64-i386-qemuu-rhel6hvm-amd pass test-amd64-amd64-dom0pvh-xl-amd pass test-amd64-amd64-xl-qemut-debianhvm-amd64 pass test-amd64-i386-xl-qemut-debianhvm-amd64 pass test-amd64-amd64-xl-qemuu-debianhvm-amd64 pass test-amd64-i386-xl-qemuu-debianhvm-amd64 pass test-amd64-i386-freebsd10-amd64 pass test-amd64-amd64-qemuu-freebsd11-amd64 pass test-amd64-amd64-qemuu-freebsd12-amd64 pass test-amd64-amd64-xl-qemuu-ovmf-amd64 pass test-amd64-i386-xl-qemuu-ovmf-amd64 pass test-amd64-amd64-xl-qemut-win7-amd64 fail test-amd64-i386-xl-qemut-win7-amd64 fail test-amd64-amd64-xl-qemuu-win7-amd64 fail test-amd64-i386-xl-qemuu-win7-amd64 fail test-amd64-amd64-xl-qemut-ws16-amd64 fail test-amd64-i386-xl-qemut-ws16-amd64 fail test-amd64-amd64-xl-qemuu-ws16-amd64 fail test-amd64-i386-xl-qemuu-ws16-amd64 fail test-armhf-armhf-xl-arndale pass test-amd64-amd64-examine-bios pass test-amd64-i386-examine-bios pass test-amd64-amd64-xl-credit1 pass test-arm64-arm64-xl-credit1 blocked test-armhf-armhf-xl-credit1 pass test-amd64-amd64-xl-credit2 pass test-arm64-arm64-xl-credit2 blocked test-armhf-armhf-xl-credit2 pass test-amd64-amd64-xl-qemuu-dmrestrict-amd64-dmrestrict pass test-amd64-i386-xl-qemuu-dmrestrict-amd64-dmrestrict pass test-amd64-amd64-examine pass test-arm64-arm64-examine blocked test-armhf-armhf-examine pass test-amd64-i386-examine pass test-amd64-i386-freebsd10-i386 pass test-amd64-amd64-qemuu-nested-intel pass test-amd64-amd64-xl-pvhv2-intel pass test-amd64-i386-qemut-rhel6hvm-intel pass test-amd64-i386-qemuu-rhel6hvm-intel pass test-amd64-amd64-dom0pvh-xl-intel pass test-amd64-amd64-libvirt pass test-armhf-armhf-libvirt pass test-amd64-i386-libvirt pass test-amd64-amd64-livepatch pass test-amd64-i386-livepatch pass test-amd64-amd64-migrupgrade pass test-amd64-i386-migrupgrade pass test-amd64-amd64-xl-multivcpu pass test-armhf-armhf-xl-multivcpu pass test-amd64-amd64-pair pass test-amd64-i386-pair pass test-amd64-amd64-libvirt-pair pass test-amd64-i386-libvirt-pair pass test-amd64-amd64-xl-pvshim pass test-amd64-i386-xl-pvshim fail test-amd64-amd64-pygrub pass test-armhf-armhf-libvirt-qcow2 pass test-amd64-amd64-xl-qcow2 pass test-arm64-arm64-libvirt-raw blocked test-armhf-armhf-libvirt-raw pass test-amd64-i386-libvirt-raw pass test-amd64-amd64-xl-rtds pass test-armhf-armhf-xl-rtds pass test-amd64-amd64-xl-qemuu-debianhvm-amd64-shadow pass test-amd64-i386-xl-qemuu-debianhvm-amd64-shadow pass test-amd64-amd64-xl-shadow pass test-amd64-i386-xl-shadow pass test-arm64-arm64-xl-thunderx blocked test-amd64-amd64-examine-uefi pass test-amd64-i386-examine-uefi pass test-amd64-amd64-libvirt-vhd pass test-arm64-arm64-xl-vhd blocked test-armhf-armhf-xl-vhd pass test-amd64-i386-xl-vhd fail ------------------------------------------------------------ sg-report-flight on osstest.test-lab.xenproject.org logs: /home/logs/logs images: /home/logs/images Logs, config files, etc. are available at http://logs.test-lab.xenproject.org/osstest/logs Explanation of these reports, and of osstest in general, is at http://xenbits.xen.org/gitweb/?p=osstest.git;a=blob;f=README.email;hb=master http://xenbits.xen.org/gitweb/?p=osstest.git;a=blob;f=README;hb=master Test harness code can be found at http://xenbits.xen.org/gitweb?p=osstest.git;a=summary Not pushing. ------------------------------------------------------------ commit 3a4e6f67bc689365680cd544d05c8772f56b7a91 Author: Shawn Anastasio <sanastasio@xxxxxxxxxxxxxxxxxxxxx> Date: Mon Jul 24 14:29:15 2023 +0200 xen/ppc: Set up a basic C environment Update ppc64/head.S to set up an initial boot stack, zero the .bss section, and jump to C. The required setup is done using 32-bit immediate address loads for now, but they will be changed to TOC-relative loads once the position-independent code model is enabled. Additionally, move the cpu0_boot_stack declaration to setup.c and change STACK_ORDER from 2 to 0. For now, ppc64 is using 64k pages and thus the larger STACK_ORDER is unnecessary. Finally, refactor the endian fixup trampoline into its own macro, since it will need to be used in multiple places, including every time we make a call into firmware. Signed-off-by: Shawn Anastasio <sanastasio@xxxxxxxxxxxxxxxxxxxxx> Acked-by: Jan Beulich <jbeulich@xxxxxxxx> commit 0c683baa67e957ce4c91f803fd9283e08e4635e8 Author: Shawn Anastasio <sanastasio@xxxxxxxxxxxxxxxxxxxxx> Date: Mon Jul 24 14:13:08 2023 +0200 common: Move a few more standalone macros from xen/lib.h to xen/macros.h Move a few more macros which have no dependencies on other headers from xen/lib.h to xen/macros.h. Notably, this includes BUILD_BUG_ON* and ARRAY_SIZE. Signed-off-by: Shawn Anastasio <sanastasio@xxxxxxxxxxxxxxxxxxxxx> Reviewed-by: Jan Beulich <jbeulich@xxxxxxxx> commit f0437c378effb8569d5199a0cb835c00c40e427a Author: Federico Serafini <federico.serafini@xxxxxxxxxxx> Date: Mon Jul 24 14:12:04 2023 +0200 x86/cpu-policy: address violations of MISRA C:2012 Rule 8.3 on parameter names Change parameter names in function declarations to be consistent with the ones used in the correponding definitions, thus addressing violations of MISRA C:2012 Rule 8.3: "All declarations of an object or function shall use the same names and type qualifiers". No functional changes. Signed-off-by: Federico Serafini <federico.serafini@xxxxxxxxxxx> Reviewed-by: Stefano Stabellini <sstabellini@xxxxxxxxxx> Acked-by: Jan Beulich <jbeulich@xxxxxxxx> commit c14254065ff4826e34f714e1790eab5217368c38 Author: Viresh Kumar <viresh.kumar@xxxxxxxxxx> Date: Mon Jul 24 14:11:35 2023 +0200 libxl: arm: Add grant_usage parameter for virtio devices Currently, the grant mapping related device tree properties are added if the backend domain is not Dom0. While Dom0 is privileged and can do foreign mapping for the entire guest memory, it is still desired for Dom0 to access guest's memory via grant mappings and hence map only what is required. This commit adds the "grant_usage" parameter for virtio devices, which provides better control over the functionality. Signed-off-by: Viresh Kumar <viresh.kumar@xxxxxxxxxx> Reviewed-by: Anthony PERARD <anthony.perard@xxxxxxxxxx> Acked-by: George Dunlap <george.dunlap@xxxxxxxxx> (qemu changes not included)
|
![]() |
Lists.xenproject.org is hosted with RackSpace, monitoring our |