[Date Prev][Date Next][Thread Prev][Thread Next][Date Index][Thread Index] [xen-unstable test] 181642: regressions - FAIL
flight 181642 xen-unstable real [real] http://logs.test-lab.xenproject.org/osstest/logs/181642/ Regressions :-( Tests which did not succeed and are blocking, including tests which could not be run: build-amd64 6 xen-build fail REGR. vs. 181632 build-i386-prev 6 xen-build fail REGR. vs. 181632 build-i386-xsm 6 xen-build fail REGR. vs. 181632 Tests which did not succeed, but are not blocking: test-amd64-i386-examine-bios 1 build-check(1) blocked n/a test-amd64-i386-examine-uefi 1 build-check(1) blocked n/a test-amd64-i386-freebsd10-amd64 1 build-check(1) blocked n/a test-amd64-i386-freebsd10-i386 1 build-check(1) blocked n/a test-amd64-i386-libvirt 1 build-check(1) blocked n/a test-amd64-i386-libvirt-pair 1 build-check(1) blocked n/a test-amd64-i386-libvirt-qemuu-debianhvm-amd64-xsm 1 build-check(1) blocked n/a test-amd64-i386-libvirt-raw 1 build-check(1) blocked n/a test-amd64-i386-libvirt-xsm 1 build-check(1) blocked n/a test-amd64-i386-livepatch 1 build-check(1) blocked n/a test-amd64-i386-migrupgrade 1 build-check(1) blocked n/a test-amd64-i386-pair 1 build-check(1) blocked n/a test-amd64-i386-qemut-rhel6hvm-amd 1 build-check(1) blocked n/a test-amd64-i386-qemut-rhel6hvm-intel 1 build-check(1) blocked n/a test-amd64-i386-qemuu-rhel6hvm-amd 1 build-check(1) blocked n/a test-amd64-i386-qemuu-rhel6hvm-intel 1 build-check(1) blocked n/a test-amd64-i386-xl 1 build-check(1) blocked n/a test-amd64-i386-xl-pvshim 1 build-check(1) blocked n/a test-amd64-i386-xl-qemut-debianhvm-amd64 1 build-check(1) blocked n/a test-amd64-i386-xl-qemut-debianhvm-i386-xsm 1 build-check(1) blocked n/a test-amd64-i386-xl-qemut-stubdom-debianhvm-amd64-xsm 1 build-check(1) blocked n/a test-amd64-i386-xl-qemuu-debianhvm-amd64 1 build-check(1) blocked n/a test-amd64-i386-xl-qemuu-debianhvm-amd64-shadow 1 build-check(1) blocked n/a test-amd64-i386-xl-qemuu-debianhvm-i386-xsm 1 build-check(1) blocked n/a test-amd64-i386-xl-qemuu-dmrestrict-amd64-dmrestrict 1 build-check(1) blocked n/a test-amd64-i386-xl-qemuu-ovmf-amd64 1 build-check(1) blocked n/a test-amd64-i386-xl-qemuu-win7-amd64 1 build-check(1) blocked n/a test-amd64-i386-xl-qemuu-ws16-amd64 1 build-check(1) blocked n/a test-amd64-i386-xl-shadow 1 build-check(1) blocked n/a test-amd64-amd64-xl-rtds 1 build-check(1) blocked n/a test-amd64-amd64-xl-qemuu-ws16-amd64 1 build-check(1) blocked n/a test-amd64-amd64-xl-qemuu-win7-amd64 1 build-check(1) blocked n/a test-amd64-amd64-xl-qemuu-ovmf-amd64 1 build-check(1) blocked n/a test-amd64-amd64-xl-qemuu-dmrestrict-amd64-dmrestrict 1 build-check(1) blocked n/a test-amd64-amd64-xl-qemuu-debianhvm-amd64-shadow 1 build-check(1) blocked n/a test-amd64-amd64-xl-qemuu-debianhvm-amd64 1 build-check(1) blocked n/a test-amd64-amd64-xl-qemut-ws16-amd64 1 build-check(1) blocked n/a test-amd64-amd64-xl-qemut-win7-amd64 1 build-check(1) blocked n/a build-amd64-libvirt 1 build-check(1) blocked n/a test-amd64-amd64-xl-qemut-debianhvm-amd64 1 build-check(1) blocked n/a test-amd64-amd64-xl-qcow2 1 build-check(1) blocked n/a test-amd64-amd64-xl-pvshim 1 build-check(1) blocked n/a test-amd64-amd64-xl-pvhv2-intel 1 build-check(1) blocked n/a test-amd64-amd64-xl-pvhv2-amd 1 build-check(1) blocked n/a test-amd64-amd64-xl-multivcpu 1 build-check(1) blocked n/a test-amd64-amd64-xl-credit2 1 build-check(1) blocked n/a test-amd64-amd64-xl-credit1 1 build-check(1) blocked n/a test-amd64-amd64-xl 1 build-check(1) blocked n/a test-amd64-amd64-dom0pvh-xl-amd 1 build-check(1) blocked n/a test-amd64-amd64-dom0pvh-xl-intel 1 build-check(1) blocked n/a test-amd64-amd64-qemuu-nested-intel 1 build-check(1) blocked n/a test-amd64-amd64-examine 1 build-check(1) blocked n/a test-amd64-amd64-examine-bios 1 build-check(1) blocked n/a test-amd64-amd64-qemuu-nested-amd 1 build-check(1) blocked n/a test-amd64-amd64-examine-uefi 1 build-check(1) blocked n/a test-amd64-amd64-libvirt 1 build-check(1) blocked n/a test-amd64-amd64-qemuu-freebsd12-amd64 1 build-check(1) blocked n/a test-amd64-amd64-libvirt-pair 1 build-check(1) blocked n/a test-amd64-amd64-libvirt-qemuu-debianhvm-amd64-xsm 1 build-check(1) blocked n/a test-amd64-amd64-qemuu-freebsd11-amd64 1 build-check(1) blocked n/a test-amd64-amd64-libvirt-vhd 1 build-check(1) blocked n/a test-amd64-amd64-libvirt-xsm 1 build-check(1) blocked n/a test-amd64-amd64-pygrub 1 build-check(1) blocked n/a test-amd64-amd64-livepatch 1 build-check(1) blocked n/a test-amd64-amd64-migrupgrade 1 build-check(1) blocked n/a test-amd64-amd64-pair 1 build-check(1) blocked n/a test-amd64-i386-xl-qemut-win7-amd64 1 build-check(1) blocked n/a test-amd64-i386-xl-qemut-ws16-amd64 1 build-check(1) blocked n/a test-amd64-amd64-xl-shadow 1 build-check(1) blocked n/a test-amd64-coresched-amd64-xl 1 build-check(1) blocked n/a test-amd64-coresched-i386-xl 1 build-check(1) blocked n/a test-amd64-i386-examine 1 build-check(1) blocked n/a test-amd64-i386-xl-vhd 1 build-check(1) blocked n/a test-amd64-i386-xl-xsm 1 build-check(1) blocked n/a test-xtf-amd64-amd64-1 1 build-check(1) blocked n/a test-xtf-amd64-amd64-2 1 build-check(1) blocked n/a test-xtf-amd64-amd64-3 1 build-check(1) blocked n/a test-xtf-amd64-amd64-4 1 build-check(1) blocked n/a test-xtf-amd64-amd64-5 1 build-check(1) blocked n/a test-armhf-armhf-libvirt 16 saverestore-support-check fail like 181632 test-armhf-armhf-libvirt-raw 15 saverestore-support-check fail like 181632 test-armhf-armhf-libvirt-qcow2 15 saverestore-support-check fail like 181632 test-arm64-arm64-xl 15 migrate-support-check fail never pass test-arm64-arm64-xl 16 saverestore-support-check fail never pass test-arm64-arm64-xl-xsm 15 migrate-support-check fail never pass test-arm64-arm64-libvirt-xsm 15 migrate-support-check fail never pass test-arm64-arm64-xl-credit1 15 migrate-support-check fail never pass test-arm64-arm64-xl-credit1 16 saverestore-support-check fail never pass test-arm64-arm64-xl-xsm 16 saverestore-support-check fail never pass test-arm64-arm64-libvirt-xsm 16 saverestore-support-check fail never pass test-arm64-arm64-xl-credit2 15 migrate-support-check fail never pass test-arm64-arm64-xl-credit2 16 saverestore-support-check fail never pass test-arm64-arm64-xl-thunderx 15 migrate-support-check fail never pass test-arm64-arm64-xl-thunderx 16 saverestore-support-check fail never pass test-armhf-armhf-xl 15 migrate-support-check fail never pass test-armhf-armhf-xl 16 saverestore-support-check fail never pass test-armhf-armhf-xl-credit1 15 migrate-support-check fail never pass test-armhf-armhf-xl-credit1 16 saverestore-support-check fail never pass test-armhf-armhf-xl-rtds 15 migrate-support-check fail never pass test-armhf-armhf-xl-rtds 16 saverestore-support-check fail never pass test-armhf-armhf-xl-arndale 15 migrate-support-check fail never pass test-armhf-armhf-xl-arndale 16 saverestore-support-check fail never pass test-arm64-arm64-libvirt-raw 14 migrate-support-check fail never pass test-arm64-arm64-libvirt-raw 15 saverestore-support-check fail never pass test-armhf-armhf-libvirt 15 migrate-support-check fail never pass test-arm64-arm64-xl-vhd 14 migrate-support-check fail never pass test-arm64-arm64-xl-vhd 15 saverestore-support-check fail never pass test-armhf-armhf-xl-vhd 14 migrate-support-check fail never pass test-armhf-armhf-xl-vhd 15 saverestore-support-check fail never pass test-armhf-armhf-libvirt-raw 14 migrate-support-check fail never pass test-armhf-armhf-libvirt-qcow2 14 migrate-support-check fail never pass test-armhf-armhf-xl-credit2 15 migrate-support-check fail never pass test-armhf-armhf-xl-credit2 16 saverestore-support-check fail never pass test-armhf-armhf-xl-multivcpu 15 migrate-support-check fail never pass test-armhf-armhf-xl-multivcpu 16 saverestore-support-check fail never pass version targeted for testing: xen 5b9c96a808efdc004a876c03c2ea0bd0c5358812 baseline version: xen 6c32a08e2b7e6d796081ed84c84ad682bcc4b3a6 Last test of basis 181632 2023-06-28 21:38:36 Z 1 days Testing same since 181636 2023-06-29 07:32:05 Z 0 days 2 attempts ------------------------------------------------------------ People who touched revisions under test: Federico Serafini <federico.serafini@xxxxxxxxxxx> jobs: build-amd64-xsm pass build-arm64-xsm pass build-i386-xsm fail build-amd64-xtf pass build-amd64 fail build-arm64 pass build-armhf pass build-i386 pass build-amd64-libvirt blocked build-arm64-libvirt pass build-armhf-libvirt pass build-i386-libvirt pass build-amd64-prev pass build-i386-prev fail build-amd64-pvops pass build-arm64-pvops pass build-armhf-pvops pass build-i386-pvops pass test-xtf-amd64-amd64-1 blocked test-xtf-amd64-amd64-2 blocked test-xtf-amd64-amd64-3 blocked test-xtf-amd64-amd64-4 blocked test-xtf-amd64-amd64-5 blocked test-amd64-amd64-xl blocked test-amd64-coresched-amd64-xl blocked test-arm64-arm64-xl pass test-armhf-armhf-xl pass test-amd64-i386-xl blocked test-amd64-coresched-i386-xl blocked test-amd64-amd64-libvirt-qemuu-debianhvm-amd64-xsm blocked test-amd64-i386-libvirt-qemuu-debianhvm-amd64-xsm blocked test-amd64-amd64-xl-qemut-stubdom-debianhvm-amd64-xsm pass test-amd64-i386-xl-qemut-stubdom-debianhvm-amd64-xsm blocked test-amd64-amd64-xl-qemut-debianhvm-i386-xsm pass test-amd64-i386-xl-qemut-debianhvm-i386-xsm blocked test-amd64-amd64-xl-qemuu-debianhvm-i386-xsm pass test-amd64-i386-xl-qemuu-debianhvm-i386-xsm blocked test-amd64-amd64-libvirt-xsm blocked test-arm64-arm64-libvirt-xsm pass test-amd64-i386-libvirt-xsm blocked test-amd64-amd64-xl-xsm pass test-arm64-arm64-xl-xsm pass test-amd64-i386-xl-xsm blocked test-amd64-amd64-qemuu-nested-amd blocked test-amd64-amd64-xl-pvhv2-amd blocked test-amd64-i386-qemut-rhel6hvm-amd blocked test-amd64-i386-qemuu-rhel6hvm-amd blocked test-amd64-amd64-dom0pvh-xl-amd blocked test-amd64-amd64-xl-qemut-debianhvm-amd64 blocked test-amd64-i386-xl-qemut-debianhvm-amd64 blocked test-amd64-amd64-xl-qemuu-debianhvm-amd64 blocked test-amd64-i386-xl-qemuu-debianhvm-amd64 blocked test-amd64-i386-freebsd10-amd64 blocked test-amd64-amd64-qemuu-freebsd11-amd64 blocked test-amd64-amd64-qemuu-freebsd12-amd64 blocked test-amd64-amd64-xl-qemuu-ovmf-amd64 blocked test-amd64-i386-xl-qemuu-ovmf-amd64 blocked test-amd64-amd64-xl-qemut-win7-amd64 blocked test-amd64-i386-xl-qemut-win7-amd64 blocked test-amd64-amd64-xl-qemuu-win7-amd64 blocked test-amd64-i386-xl-qemuu-win7-amd64 blocked test-amd64-amd64-xl-qemut-ws16-amd64 blocked test-amd64-i386-xl-qemut-ws16-amd64 blocked test-amd64-amd64-xl-qemuu-ws16-amd64 blocked test-amd64-i386-xl-qemuu-ws16-amd64 blocked test-armhf-armhf-xl-arndale pass test-amd64-amd64-examine-bios blocked test-amd64-i386-examine-bios blocked test-amd64-amd64-xl-credit1 blocked test-arm64-arm64-xl-credit1 pass test-armhf-armhf-xl-credit1 pass test-amd64-amd64-xl-credit2 blocked test-arm64-arm64-xl-credit2 pass test-armhf-armhf-xl-credit2 pass test-amd64-amd64-xl-qemuu-dmrestrict-amd64-dmrestrict blocked test-amd64-i386-xl-qemuu-dmrestrict-amd64-dmrestrict blocked test-amd64-amd64-examine blocked test-arm64-arm64-examine pass test-armhf-armhf-examine pass test-amd64-i386-examine blocked test-amd64-i386-freebsd10-i386 blocked test-amd64-amd64-qemuu-nested-intel blocked test-amd64-amd64-xl-pvhv2-intel blocked test-amd64-i386-qemut-rhel6hvm-intel blocked test-amd64-i386-qemuu-rhel6hvm-intel blocked test-amd64-amd64-dom0pvh-xl-intel blocked test-amd64-amd64-libvirt blocked test-armhf-armhf-libvirt pass test-amd64-i386-libvirt blocked test-amd64-amd64-livepatch blocked test-amd64-i386-livepatch blocked test-amd64-amd64-migrupgrade blocked test-amd64-i386-migrupgrade blocked test-amd64-amd64-xl-multivcpu blocked test-armhf-armhf-xl-multivcpu pass test-amd64-amd64-pair blocked test-amd64-i386-pair blocked test-amd64-amd64-libvirt-pair blocked test-amd64-i386-libvirt-pair blocked test-amd64-amd64-xl-pvshim blocked test-amd64-i386-xl-pvshim blocked test-amd64-amd64-pygrub blocked test-armhf-armhf-libvirt-qcow2 pass test-amd64-amd64-xl-qcow2 blocked test-arm64-arm64-libvirt-raw pass test-armhf-armhf-libvirt-raw pass test-amd64-i386-libvirt-raw blocked test-amd64-amd64-xl-rtds blocked test-armhf-armhf-xl-rtds pass test-amd64-amd64-xl-qemuu-debianhvm-amd64-shadow blocked test-amd64-i386-xl-qemuu-debianhvm-amd64-shadow blocked test-amd64-amd64-xl-shadow blocked test-amd64-i386-xl-shadow blocked test-arm64-arm64-xl-thunderx pass test-amd64-amd64-examine-uefi blocked test-amd64-i386-examine-uefi blocked test-amd64-amd64-libvirt-vhd blocked test-arm64-arm64-xl-vhd pass test-armhf-armhf-xl-vhd pass test-amd64-i386-xl-vhd blocked ------------------------------------------------------------ sg-report-flight on osstest.test-lab.xenproject.org logs: /home/logs/logs images: /home/logs/images Logs, config files, etc. are available at http://logs.test-lab.xenproject.org/osstest/logs Explanation of these reports, and of osstest in general, is at http://xenbits.xen.org/gitweb/?p=osstest.git;a=blob;f=README.email;hb=master http://xenbits.xen.org/gitweb/?p=osstest.git;a=blob;f=README;hb=master Test harness code can be found at http://xenbits.xen.org/gitweb?p=osstest.git;a=summary Not pushing. ------------------------------------------------------------ commit 5b9c96a808efdc004a876c03c2ea0bd0c5358812 Author: Federico Serafini <federico.serafini@xxxxxxxxxxx> Date: Mon Jun 26 11:52:18 2023 +0200 xen/arm: change parameter names in replace_grant_host_mapping(). In the current version of replace_grant_host_mapping() function, the declaration (correctly) uses the parameter names 'gpaddr' and 'new_gpaddr', while the definition uses the parameter names 'addr' and 'new_addr'. Change the parameter names of the definition to 'gpaddr' and 'new_gpaddr' so that it is clear what type of address is expected and violations of MISRA C:2012 Rule 8.3 are fixed. In both declaration and definition of function replace_grant_host_mapping() change the parameter name 'mfn' to 'frame', thus improving readability and keeping consistency with name used in create_grant_host_mapping(). Signed-off-by: Federico Serafini <federico.serafini@xxxxxxxxxxx> Reviewed-by: Julien Grall <jgrall@xxxxxxxxxx> commit 06ed62d1f3485cd787da042c64d4507c4d0cb8f3 Author: Federico Serafini <federico.serafini@xxxxxxxxxxx> Date: Mon Jun 26 11:52:17 2023 +0200 xen/arm: make parameter names of function declarations consistent. Change the parameter names of function declarations to be consistent with the names used in the corresponding function definitions, thus fixing violations of MISRA C:2012 Rule 8.3. Signed-off-by: Federico Serafini <federico.serafini@xxxxxxxxxxx> Reviewed-by: Julien Grall <jgrall@xxxxxxxxxx> commit 98ca99685d8e8dbc5e8ef2500ee1b8a87a0b26f5 Author: Federico Serafini <federico.serafini@xxxxxxxxxxx> Date: Mon Jun 26 11:52:16 2023 +0200 xen/arm: vgic: change parameter name in 'init' and 'free' functions. In the current versions of vcpu_vgic_init() and vcpu_vgic_free(), the declarations (correctly) use the parameter name 'v' while the corresponding definitions use the parameter name 'vcpu'. Since it is common to use 'v' to denote a vCPU, change the parameter name 'vcpu' of function definitions to 'v', thus fixing violations of MISRA C:2012 Rule 8.3. Signed-off-by: Federico Serafini <federico.serafini@xxxxxxxxxxx> Reviewed-by: Julien Grall <jgrall@xxxxxxxxxx> commit 31f54edf7e9df134760a0d6ca41e49a7905163d0 Author: Federico Serafini <federico.serafini@xxxxxxxxxxx> Date: Mon Jun 26 11:52:15 2023 +0200 xen/arm: change parameter name 'pa' in ioremap_addr() definition. In the current version of ioremap_addr() function, the declaration uses the parameter name 'start' (consistenly with the other ioremap_* function declarations), while the definition uses the parameter name 'pa'. Change the parameter name 'pa' of function definition to 'start', thus fixing a violation of MISRA C:2012 Rule 8.3 and keeping the consistency with other ioremap_* functions. Signed-off-by: Federico Serafini <federico.serafini@xxxxxxxxxxx> Reviewed-by: Julien Grall <jgrall@xxxxxxxxxx> commit be17548c00a63264c0a0399624a73b611358f3ea Author: Federico Serafini <federico.serafini@xxxxxxxxxxx> Date: Mon Jun 26 11:52:14 2023 +0200 xen/arm: change parameter name 'vcpu' in domain() function definition. In the current version of domain() function, the declaration (correctly) uses the parameter name 'v' while the definition uses the parameter name 'vcpu'. Since it is common to use 'v' to denote a vCPU, change the parameter name 'vcpu' of function definition to 'v', thus fixing a violation of MISRA C:2012 Rule 8.3. Signed-off-by: Federico Serafini <federico.serafini@xxxxxxxxxxx> Reviewed-by: Julien Grall <jgrall@xxxxxxxxxx> commit 8f47510b84769192204f4e1f0f4431d3b741f7fc Author: Federico Serafini <federico.serafini@xxxxxxxxxxx> Date: Mon Jun 26 11:52:13 2023 +0200 xen/arm: change names in function access_guest_memory_by_ipa(). Change the function name 'access_guest_memory_by_ipa' to 'access_guest_memory_by_gpa' and change its formal parameter name from 'ipa' to 'gpa' because of the following: 1) 'gpa' is used more frequently and therefore is preferable; 2) changing parameter name makes the declaration consistent with the corresponding definition thus fixing a violation of MISRA C:2012 Rule 8.3. Signed-off-by: Federico Serafini <federico.serafini@xxxxxxxxxxx> Reviewed-by: Julien Grall <jgrall@xxxxxxxxxx> (qemu changes not included)
|
Lists.xenproject.org is hosted with RackSpace, monitoring our |