[Date Prev][Date Next][Thread Prev][Thread Next][Date Index][Thread Index] [xen-unstable test] 181636: trouble: broken/fail/pass
flight 181636 xen-unstable real [real] http://logs.test-lab.xenproject.org/osstest/logs/181636/ Failures and problems with tests :-( Tests which did not succeed and are blocking, including tests which could not be run: test-amd64-amd64-xl-qemuu-debianhvm-amd64-shadow <job status> broken test-amd64-amd64-xl-qemuu-debianhvm-amd64-shadow 5 host-install(5) broken REGR. vs. 181632 Tests which did not succeed, but are not blocking: test-amd64-amd64-xl-qemut-win7-amd64 19 guest-stop fail like 181632 test-armhf-armhf-libvirt 16 saverestore-support-check fail like 181632 test-amd64-i386-xl-qemuu-win7-amd64 19 guest-stop fail like 181632 test-amd64-amd64-qemuu-nested-amd 20 debian-hvm-install/l1/l2 fail like 181632 test-amd64-amd64-xl-qemuu-ws16-amd64 19 guest-stop fail like 181632 test-amd64-i386-xl-qemut-ws16-amd64 19 guest-stop fail like 181632 test-amd64-i386-xl-qemut-win7-amd64 19 guest-stop fail like 181632 test-armhf-armhf-libvirt-raw 15 saverestore-support-check fail like 181632 test-armhf-armhf-libvirt-qcow2 15 saverestore-support-check fail like 181632 test-amd64-amd64-xl-qemut-ws16-amd64 19 guest-stop fail like 181632 test-amd64-i386-xl-qemuu-ws16-amd64 19 guest-stop fail like 181632 test-amd64-amd64-xl-qemuu-win7-amd64 19 guest-stop fail like 181632 test-amd64-i386-libvirt-xsm 15 migrate-support-check fail never pass test-amd64-i386-xl-pvshim 14 guest-start fail never pass test-amd64-amd64-libvirt 15 migrate-support-check fail never pass test-amd64-i386-libvirt 15 migrate-support-check fail never pass test-amd64-amd64-libvirt-xsm 15 migrate-support-check fail never pass test-arm64-arm64-xl 15 migrate-support-check fail never pass test-arm64-arm64-xl 16 saverestore-support-check fail never pass test-arm64-arm64-xl-xsm 15 migrate-support-check fail never pass test-arm64-arm64-libvirt-xsm 15 migrate-support-check fail never pass test-arm64-arm64-xl-credit1 15 migrate-support-check fail never pass test-arm64-arm64-xl-credit1 16 saverestore-support-check fail never pass test-arm64-arm64-xl-xsm 16 saverestore-support-check fail never pass test-arm64-arm64-libvirt-xsm 16 saverestore-support-check fail never pass test-amd64-amd64-libvirt-qemuu-debianhvm-amd64-xsm 13 migrate-support-check fail never pass test-arm64-arm64-xl-credit2 15 migrate-support-check fail never pass test-arm64-arm64-xl-credit2 16 saverestore-support-check fail never pass test-arm64-arm64-xl-thunderx 15 migrate-support-check fail never pass test-arm64-arm64-xl-thunderx 16 saverestore-support-check fail never pass test-amd64-i386-libvirt-qemuu-debianhvm-amd64-xsm 13 migrate-support-check fail never pass test-armhf-armhf-xl 15 migrate-support-check fail never pass test-armhf-armhf-xl 16 saverestore-support-check fail never pass test-amd64-amd64-libvirt-vhd 14 migrate-support-check fail never pass test-armhf-armhf-xl-rtds 15 migrate-support-check fail never pass test-armhf-armhf-xl-rtds 16 saverestore-support-check fail never pass test-amd64-i386-libvirt-raw 14 migrate-support-check fail never pass test-armhf-armhf-xl-arndale 15 migrate-support-check fail never pass test-armhf-armhf-xl-arndale 16 saverestore-support-check fail never pass test-arm64-arm64-libvirt-raw 14 migrate-support-check fail never pass test-arm64-arm64-libvirt-raw 15 saverestore-support-check fail never pass test-armhf-armhf-xl-credit1 15 migrate-support-check fail never pass test-armhf-armhf-xl-credit1 16 saverestore-support-check fail never pass test-armhf-armhf-libvirt 15 migrate-support-check fail never pass test-arm64-arm64-xl-vhd 14 migrate-support-check fail never pass test-arm64-arm64-xl-vhd 15 saverestore-support-check fail never pass test-armhf-armhf-xl-vhd 14 migrate-support-check fail never pass test-armhf-armhf-xl-vhd 15 saverestore-support-check fail never pass test-armhf-armhf-libvirt-raw 14 migrate-support-check fail never pass test-armhf-armhf-xl-credit2 15 migrate-support-check fail never pass test-armhf-armhf-xl-credit2 16 saverestore-support-check fail never pass test-armhf-armhf-libvirt-qcow2 14 migrate-support-check fail never pass test-armhf-armhf-xl-multivcpu 15 migrate-support-check fail never pass test-armhf-armhf-xl-multivcpu 16 saverestore-support-check fail never pass version targeted for testing: xen 5b9c96a808efdc004a876c03c2ea0bd0c5358812 baseline version: xen 6c32a08e2b7e6d796081ed84c84ad682bcc4b3a6 Last test of basis 181632 2023-06-28 21:38:36 Z 0 days Testing same since 181636 2023-06-29 07:32:05 Z 0 days 1 attempts ------------------------------------------------------------ People who touched revisions under test: Federico Serafini <federico.serafini@xxxxxxxxxxx> jobs: build-amd64-xsm pass build-arm64-xsm pass build-i386-xsm pass build-amd64-xtf pass build-amd64 pass build-arm64 pass build-armhf pass build-i386 pass build-amd64-libvirt pass build-arm64-libvirt pass build-armhf-libvirt pass build-i386-libvirt pass build-amd64-prev pass build-i386-prev pass build-amd64-pvops pass build-arm64-pvops pass build-armhf-pvops pass build-i386-pvops pass test-xtf-amd64-amd64-1 pass test-xtf-amd64-amd64-2 pass test-xtf-amd64-amd64-3 pass test-xtf-amd64-amd64-4 pass test-xtf-amd64-amd64-5 pass test-amd64-amd64-xl pass test-amd64-coresched-amd64-xl pass test-arm64-arm64-xl pass test-armhf-armhf-xl pass test-amd64-i386-xl pass test-amd64-coresched-i386-xl pass test-amd64-amd64-libvirt-qemuu-debianhvm-amd64-xsm pass test-amd64-i386-libvirt-qemuu-debianhvm-amd64-xsm pass test-amd64-amd64-xl-qemut-stubdom-debianhvm-amd64-xsm pass test-amd64-i386-xl-qemut-stubdom-debianhvm-amd64-xsm pass test-amd64-amd64-xl-qemut-debianhvm-i386-xsm pass test-amd64-i386-xl-qemut-debianhvm-i386-xsm pass test-amd64-amd64-xl-qemuu-debianhvm-i386-xsm pass test-amd64-i386-xl-qemuu-debianhvm-i386-xsm pass test-amd64-amd64-libvirt-xsm pass test-arm64-arm64-libvirt-xsm pass test-amd64-i386-libvirt-xsm pass test-amd64-amd64-xl-xsm pass test-arm64-arm64-xl-xsm pass test-amd64-i386-xl-xsm pass test-amd64-amd64-qemuu-nested-amd fail test-amd64-amd64-xl-pvhv2-amd pass test-amd64-i386-qemut-rhel6hvm-amd pass test-amd64-i386-qemuu-rhel6hvm-amd pass test-amd64-amd64-dom0pvh-xl-amd pass test-amd64-amd64-xl-qemut-debianhvm-amd64 pass test-amd64-i386-xl-qemut-debianhvm-amd64 pass test-amd64-amd64-xl-qemuu-debianhvm-amd64 pass test-amd64-i386-xl-qemuu-debianhvm-amd64 pass test-amd64-i386-freebsd10-amd64 pass test-amd64-amd64-qemuu-freebsd11-amd64 pass test-amd64-amd64-qemuu-freebsd12-amd64 pass test-amd64-amd64-xl-qemuu-ovmf-amd64 pass test-amd64-i386-xl-qemuu-ovmf-amd64 pass test-amd64-amd64-xl-qemut-win7-amd64 fail test-amd64-i386-xl-qemut-win7-amd64 fail test-amd64-amd64-xl-qemuu-win7-amd64 fail test-amd64-i386-xl-qemuu-win7-amd64 fail test-amd64-amd64-xl-qemut-ws16-amd64 fail test-amd64-i386-xl-qemut-ws16-amd64 fail test-amd64-amd64-xl-qemuu-ws16-amd64 fail test-amd64-i386-xl-qemuu-ws16-amd64 fail test-armhf-armhf-xl-arndale pass test-amd64-amd64-examine-bios pass test-amd64-i386-examine-bios pass test-amd64-amd64-xl-credit1 pass test-arm64-arm64-xl-credit1 pass test-armhf-armhf-xl-credit1 pass test-amd64-amd64-xl-credit2 pass test-arm64-arm64-xl-credit2 pass test-armhf-armhf-xl-credit2 pass test-amd64-amd64-xl-qemuu-dmrestrict-amd64-dmrestrict pass test-amd64-i386-xl-qemuu-dmrestrict-amd64-dmrestrict pass test-amd64-amd64-examine pass test-arm64-arm64-examine pass test-armhf-armhf-examine pass test-amd64-i386-examine pass test-amd64-i386-freebsd10-i386 pass test-amd64-amd64-qemuu-nested-intel pass test-amd64-amd64-xl-pvhv2-intel pass test-amd64-i386-qemut-rhel6hvm-intel pass test-amd64-i386-qemuu-rhel6hvm-intel pass test-amd64-amd64-dom0pvh-xl-intel pass test-amd64-amd64-libvirt pass test-armhf-armhf-libvirt pass test-amd64-i386-libvirt pass test-amd64-amd64-livepatch pass test-amd64-i386-livepatch pass test-amd64-amd64-migrupgrade pass test-amd64-i386-migrupgrade pass test-amd64-amd64-xl-multivcpu pass test-armhf-armhf-xl-multivcpu pass test-amd64-amd64-pair pass test-amd64-i386-pair pass test-amd64-amd64-libvirt-pair pass test-amd64-i386-libvirt-pair pass test-amd64-amd64-xl-pvshim pass test-amd64-i386-xl-pvshim fail test-amd64-amd64-pygrub pass test-armhf-armhf-libvirt-qcow2 pass test-amd64-amd64-xl-qcow2 pass test-arm64-arm64-libvirt-raw pass test-armhf-armhf-libvirt-raw pass test-amd64-i386-libvirt-raw pass test-amd64-amd64-xl-rtds pass test-armhf-armhf-xl-rtds pass test-amd64-amd64-xl-qemuu-debianhvm-amd64-shadow broken test-amd64-i386-xl-qemuu-debianhvm-amd64-shadow pass test-amd64-amd64-xl-shadow pass test-amd64-i386-xl-shadow pass test-arm64-arm64-xl-thunderx pass test-amd64-amd64-examine-uefi pass test-amd64-i386-examine-uefi pass test-amd64-amd64-libvirt-vhd pass test-arm64-arm64-xl-vhd pass test-armhf-armhf-xl-vhd pass test-amd64-i386-xl-vhd pass ------------------------------------------------------------ sg-report-flight on osstest.test-lab.xenproject.org logs: /home/logs/logs images: /home/logs/images Logs, config files, etc. are available at http://logs.test-lab.xenproject.org/osstest/logs Explanation of these reports, and of osstest in general, is at http://xenbits.xen.org/gitweb/?p=osstest.git;a=blob;f=README.email;hb=master http://xenbits.xen.org/gitweb/?p=osstest.git;a=blob;f=README;hb=master Test harness code can be found at http://xenbits.xen.org/gitweb?p=osstest.git;a=summary broken-job test-amd64-amd64-xl-qemuu-debianhvm-amd64-shadow broken broken-step test-amd64-amd64-xl-qemuu-debianhvm-amd64-shadow host-install(5) Not pushing. ------------------------------------------------------------ commit 5b9c96a808efdc004a876c03c2ea0bd0c5358812 Author: Federico Serafini <federico.serafini@xxxxxxxxxxx> Date: Mon Jun 26 11:52:18 2023 +0200 xen/arm: change parameter names in replace_grant_host_mapping(). In the current version of replace_grant_host_mapping() function, the declaration (correctly) uses the parameter names 'gpaddr' and 'new_gpaddr', while the definition uses the parameter names 'addr' and 'new_addr'. Change the parameter names of the definition to 'gpaddr' and 'new_gpaddr' so that it is clear what type of address is expected and violations of MISRA C:2012 Rule 8.3 are fixed. In both declaration and definition of function replace_grant_host_mapping() change the parameter name 'mfn' to 'frame', thus improving readability and keeping consistency with name used in create_grant_host_mapping(). Signed-off-by: Federico Serafini <federico.serafini@xxxxxxxxxxx> Reviewed-by: Julien Grall <jgrall@xxxxxxxxxx> commit 06ed62d1f3485cd787da042c64d4507c4d0cb8f3 Author: Federico Serafini <federico.serafini@xxxxxxxxxxx> Date: Mon Jun 26 11:52:17 2023 +0200 xen/arm: make parameter names of function declarations consistent. Change the parameter names of function declarations to be consistent with the names used in the corresponding function definitions, thus fixing violations of MISRA C:2012 Rule 8.3. Signed-off-by: Federico Serafini <federico.serafini@xxxxxxxxxxx> Reviewed-by: Julien Grall <jgrall@xxxxxxxxxx> commit 98ca99685d8e8dbc5e8ef2500ee1b8a87a0b26f5 Author: Federico Serafini <federico.serafini@xxxxxxxxxxx> Date: Mon Jun 26 11:52:16 2023 +0200 xen/arm: vgic: change parameter name in 'init' and 'free' functions. In the current versions of vcpu_vgic_init() and vcpu_vgic_free(), the declarations (correctly) use the parameter name 'v' while the corresponding definitions use the parameter name 'vcpu'. Since it is common to use 'v' to denote a vCPU, change the parameter name 'vcpu' of function definitions to 'v', thus fixing violations of MISRA C:2012 Rule 8.3. Signed-off-by: Federico Serafini <federico.serafini@xxxxxxxxxxx> Reviewed-by: Julien Grall <jgrall@xxxxxxxxxx> commit 31f54edf7e9df134760a0d6ca41e49a7905163d0 Author: Federico Serafini <federico.serafini@xxxxxxxxxxx> Date: Mon Jun 26 11:52:15 2023 +0200 xen/arm: change parameter name 'pa' in ioremap_addr() definition. In the current version of ioremap_addr() function, the declaration uses the parameter name 'start' (consistenly with the other ioremap_* function declarations), while the definition uses the parameter name 'pa'. Change the parameter name 'pa' of function definition to 'start', thus fixing a violation of MISRA C:2012 Rule 8.3 and keeping the consistency with other ioremap_* functions. Signed-off-by: Federico Serafini <federico.serafini@xxxxxxxxxxx> Reviewed-by: Julien Grall <jgrall@xxxxxxxxxx> commit be17548c00a63264c0a0399624a73b611358f3ea Author: Federico Serafini <federico.serafini@xxxxxxxxxxx> Date: Mon Jun 26 11:52:14 2023 +0200 xen/arm: change parameter name 'vcpu' in domain() function definition. In the current version of domain() function, the declaration (correctly) uses the parameter name 'v' while the definition uses the parameter name 'vcpu'. Since it is common to use 'v' to denote a vCPU, change the parameter name 'vcpu' of function definition to 'v', thus fixing a violation of MISRA C:2012 Rule 8.3. Signed-off-by: Federico Serafini <federico.serafini@xxxxxxxxxxx> Reviewed-by: Julien Grall <jgrall@xxxxxxxxxx> commit 8f47510b84769192204f4e1f0f4431d3b741f7fc Author: Federico Serafini <federico.serafini@xxxxxxxxxxx> Date: Mon Jun 26 11:52:13 2023 +0200 xen/arm: change names in function access_guest_memory_by_ipa(). Change the function name 'access_guest_memory_by_ipa' to 'access_guest_memory_by_gpa' and change its formal parameter name from 'ipa' to 'gpa' because of the following: 1) 'gpa' is used more frequently and therefore is preferable; 2) changing parameter name makes the declaration consistent with the corresponding definition thus fixing a violation of MISRA C:2012 Rule 8.3. Signed-off-by: Federico Serafini <federico.serafini@xxxxxxxxxxx> Reviewed-by: Julien Grall <jgrall@xxxxxxxxxx> (qemu changes not included)
|
![]() |
Lists.xenproject.org is hosted with RackSpace, monitoring our |