[Date Prev][Date Next][Thread Prev][Thread Next][Date Index][Thread Index] [libvirt test] 181621: tolerable FAIL - PUSHED
flight 181621 libvirt real [real] flight 181625 libvirt real-retest [real] http://logs.test-lab.xenproject.org/osstest/logs/181621/ http://logs.test-lab.xenproject.org/osstest/logs/181625/ Failures :-/ but no regressions. Tests which are failing intermittently (not blocking): test-amd64-i386-libvirt-pair 11 xen-install/dst_host fail in 181625 pass in 181621 test-amd64-i386-libvirt-raw 7 xen-install fail pass in 181625-retest test-amd64-i386-libvirt-pair 10 xen-install/src_host fail pass in 181625-retest test-amd64-amd64-libvirt-vhd 19 guest-start/debian.repeat fail pass in 181625-retest Tests which did not succeed, but are not blocking: test-armhf-armhf-libvirt-raw 15 saverestore-support-check fail blocked in 181610 test-amd64-i386-libvirt-raw 14 migrate-support-check fail in 181625 never pass test-armhf-armhf-libvirt 16 saverestore-support-check fail like 181610 test-armhf-armhf-libvirt-qcow2 15 saverestore-support-check fail like 181610 test-amd64-amd64-libvirt 15 migrate-support-check fail never pass test-amd64-i386-libvirt-xsm 15 migrate-support-check fail never pass test-amd64-i386-libvirt 15 migrate-support-check fail never pass test-amd64-i386-libvirt-qemuu-debianhvm-amd64-xsm 13 migrate-support-check fail never pass test-arm64-arm64-libvirt-xsm 15 migrate-support-check fail never pass test-arm64-arm64-libvirt-xsm 16 saverestore-support-check fail never pass test-arm64-arm64-libvirt 15 migrate-support-check fail never pass test-arm64-arm64-libvirt 16 saverestore-support-check fail never pass test-amd64-amd64-libvirt-qemuu-debianhvm-amd64-xsm 13 migrate-support-check fail never pass test-armhf-armhf-libvirt 15 migrate-support-check fail never pass test-amd64-amd64-libvirt-vhd 14 migrate-support-check fail never pass test-arm64-arm64-libvirt-qcow2 14 migrate-support-check fail never pass test-arm64-arm64-libvirt-qcow2 15 saverestore-support-check fail never pass test-arm64-arm64-libvirt-raw 14 migrate-support-check fail never pass test-arm64-arm64-libvirt-raw 15 saverestore-support-check fail never pass test-armhf-armhf-libvirt-qcow2 14 migrate-support-check fail never pass test-amd64-amd64-libvirt-xsm 15 migrate-support-check fail never pass test-armhf-armhf-libvirt-raw 14 migrate-support-check fail never pass version targeted for testing: libvirt d725932a283fdc8b827d83cfc5d54b38cf40592b baseline version: libvirt ceb4dc8e17aa077a3254bace82554015d72bd71c Last test of basis 181610 2023-06-27 04:18:54 Z 1 days Testing same since 181621 2023-06-28 04:20:33 Z 0 days 1 attempts ------------------------------------------------------------ People who touched revisions under test: Fedora Weblate Translation <i18n@xxxxxxxxxxxxxxxxxxxxxxx> Jiri Denemark <jdenemar@xxxxxxxxxx> Michal Privoznik <mprivozn@xxxxxxxxxx> Nikolai Barybin <nikolai.barybin@xxxxxxxxxxxxx> Weblate <noreply@xxxxxxxxxxx> 김인수 <simmon@xxxxxxxxx> jobs: build-amd64-xsm pass build-arm64-xsm pass build-i386-xsm pass build-amd64 pass build-arm64 pass build-armhf pass build-i386 pass build-amd64-libvirt pass build-arm64-libvirt pass build-armhf-libvirt pass build-i386-libvirt pass build-amd64-pvops pass build-arm64-pvops pass build-armhf-pvops pass build-i386-pvops pass test-amd64-amd64-libvirt-qemuu-debianhvm-amd64-xsm pass test-amd64-i386-libvirt-qemuu-debianhvm-amd64-xsm pass test-amd64-amd64-libvirt-xsm pass test-arm64-arm64-libvirt-xsm pass test-amd64-i386-libvirt-xsm pass test-amd64-amd64-libvirt pass test-arm64-arm64-libvirt pass test-armhf-armhf-libvirt pass test-amd64-i386-libvirt pass test-amd64-amd64-libvirt-pair pass test-amd64-i386-libvirt-pair fail test-arm64-arm64-libvirt-qcow2 pass test-armhf-armhf-libvirt-qcow2 pass test-arm64-arm64-libvirt-raw pass test-armhf-armhf-libvirt-raw pass test-amd64-i386-libvirt-raw fail test-amd64-amd64-libvirt-vhd fail ------------------------------------------------------------ sg-report-flight on osstest.test-lab.xenproject.org logs: /home/logs/logs images: /home/logs/images Logs, config files, etc. are available at http://logs.test-lab.xenproject.org/osstest/logs Explanation of these reports, and of osstest in general, is at http://xenbits.xen.org/gitweb/?p=osstest.git;a=blob;f=README.email;hb=master http://xenbits.xen.org/gitweb/?p=osstest.git;a=blob;f=README;hb=master Test harness code can be found at http://xenbits.xen.org/gitweb?p=osstest.git;a=summary Pushing revision : To xenbits.xen.org:/home/xen/git/libvirt.git ceb4dc8e17..d725932a28 d725932a283fdc8b827d83cfc5d54b38cf40592b -> xen-tested-master
|
Lists.xenproject.org is hosted with RackSpace, monitoring our |