[Date Prev][Date Next][Thread Prev][Thread Next][Date Index][Thread Index] [xen-unstable-smoke test] 181547: tolerable all pass - PUSHED
flight 181547 xen-unstable-smoke real [real] http://logs.test-lab.xenproject.org/osstest/logs/181547/ Failures :-/ but no regressions. Tests which did not succeed, but are not blocking: test-amd64-amd64-libvirt 15 migrate-support-check fail never pass test-arm64-arm64-xl-xsm 15 migrate-support-check fail never pass test-arm64-arm64-xl-xsm 16 saverestore-support-check fail never pass test-armhf-armhf-xl 15 migrate-support-check fail never pass test-armhf-armhf-xl 16 saverestore-support-check fail never pass version targeted for testing: xen 5c84f1f636981dab5341e84aaba8d4dd00bbc2cb baseline version: xen 7a25a1501ca941c3e01b0c4e624ace05417f1587 Last test of basis 181476 2023-06-17 04:00:28 Z 5 days Failing since 181504 2023-06-19 11:00:26 Z 2 days 10 attempts Testing same since 181541 2023-06-21 22:01:56 Z 0 days 2 attempts ------------------------------------------------------------ People who touched revisions under test: Alistair Francis <alistair.francis@xxxxxxx> Andrew Cooper <andrew.cooper3@xxxxxxxxxx> Anthony PERARD <anthony.perard@xxxxxxxxxx> Henry Wang <Henry.Wang@xxxxxxx> Jan Beulich <jbeulich@xxxxxxxx> Jiamei Xie <jiamei.xie@xxxxxxx> Julien Grall <jgrall@xxxxxxxxxx> Michal Orzel <michal.orzel@xxxxxxx> Oleksii Kurochko <oleksii.kurochko@xxxxxxxxx> Roger Pau Monné <roger.pau@xxxxxxxxxx> Shawn Anastasio <sanastasio@xxxxxxxxxxxxxxxxxxxxx> Stefano Stabellini <sstabellini@xxxxxxxxxx> Stefano Stabellini <stefano.stabellini@xxxxxxx> jobs: build-arm64-xsm pass build-amd64 pass build-armhf pass build-amd64-libvirt pass test-armhf-armhf-xl pass test-arm64-arm64-xl-xsm pass test-amd64-amd64-xl-qemuu-debianhvm-amd64 pass test-amd64-amd64-libvirt pass ------------------------------------------------------------ sg-report-flight on osstest.test-lab.xenproject.org logs: /home/logs/logs images: /home/logs/images Logs, config files, etc. are available at http://logs.test-lab.xenproject.org/osstest/logs Explanation of these reports, and of osstest in general, is at http://xenbits.xen.org/gitweb/?p=osstest.git;a=blob;f=README.email;hb=master http://xenbits.xen.org/gitweb/?p=osstest.git;a=blob;f=README;hb=master Test harness code can be found at http://xenbits.xen.org/gitweb?p=osstest.git;a=summary Pushing revision : To xenbits.xen.org:/home/xen/git/xen.git 7a25a1501c..5c84f1f636 5c84f1f636981dab5341e84aaba8d4dd00bbc2cb -> smoke
|
Lists.xenproject.org is hosted with RackSpace, monitoring our |