[Date Prev][Date Next][Thread Prev][Thread Next][Date Index][Thread Index] [xen-unstable test] 181460: trouble: broken/fail/pass
flight 181460 xen-unstable real [real] http://logs.test-lab.xenproject.org/osstest/logs/181460/ Failures and problems with tests :-( Tests which did not succeed and are blocking, including tests which could not be run: test-armhf-armhf-xl-vhd <job status> broken Tests which did not succeed, but are not blocking: test-armhf-armhf-xl-vhd 5 host-install(5) broken like 181440 test-amd64-i386-xl-qemut-stubdom-debianhvm-amd64-xsm 7 xen-install fail like 181440 test-amd64-amd64-xl-qemut-win7-amd64 19 guest-stop fail like 181440 test-amd64-i386-xl-qemuu-win7-amd64 19 guest-stop fail like 181440 test-armhf-armhf-libvirt 16 saverestore-support-check fail like 181440 test-amd64-amd64-qemuu-nested-amd 20 debian-hvm-install/l1/l2 fail like 181440 test-amd64-amd64-xl-qemuu-ws16-amd64 19 guest-stop fail like 181440 test-amd64-i386-xl-qemut-ws16-amd64 19 guest-stop fail like 181440 test-amd64-i386-xl-qemut-win7-amd64 19 guest-stop fail like 181440 test-armhf-armhf-libvirt-raw 15 saverestore-support-check fail like 181440 test-amd64-amd64-xl-qemut-ws16-amd64 19 guest-stop fail like 181440 test-armhf-armhf-libvirt-qcow2 15 saverestore-support-check fail like 181440 test-amd64-i386-xl-qemuu-ws16-amd64 19 guest-stop fail like 181440 test-amd64-amd64-xl-qemuu-win7-amd64 19 guest-stop fail like 181440 test-amd64-amd64-libvirt 15 migrate-support-check fail never pass test-amd64-i386-xl-pvshim 14 guest-start fail never pass test-amd64-amd64-libvirt-xsm 15 migrate-support-check fail never pass test-amd64-i386-libvirt 15 migrate-support-check fail never pass test-amd64-i386-libvirt-xsm 15 migrate-support-check fail never pass test-arm64-arm64-xl-xsm 15 migrate-support-check fail never pass test-arm64-arm64-xl-xsm 16 saverestore-support-check fail never pass test-arm64-arm64-libvirt-xsm 15 migrate-support-check fail never pass test-arm64-arm64-libvirt-xsm 16 saverestore-support-check fail never pass test-arm64-arm64-xl-credit2 15 migrate-support-check fail never pass test-arm64-arm64-xl-credit2 16 saverestore-support-check fail never pass test-arm64-arm64-xl-credit1 15 migrate-support-check fail never pass test-arm64-arm64-xl-credit1 16 saverestore-support-check fail never pass test-arm64-arm64-xl-thunderx 15 migrate-support-check fail never pass test-arm64-arm64-xl-thunderx 16 saverestore-support-check fail never pass test-arm64-arm64-xl 15 migrate-support-check fail never pass test-arm64-arm64-xl 16 saverestore-support-check fail never pass test-amd64-amd64-libvirt-qemuu-debianhvm-amd64-xsm 13 migrate-support-check fail never pass test-amd64-i386-libvirt-qemuu-debianhvm-amd64-xsm 13 migrate-support-check fail never pass test-armhf-armhf-xl-arndale 15 migrate-support-check fail never pass test-armhf-armhf-xl-arndale 16 saverestore-support-check fail never pass test-amd64-i386-libvirt-raw 14 migrate-support-check fail never pass test-amd64-amd64-libvirt-vhd 14 migrate-support-check fail never pass test-arm64-arm64-libvirt-raw 14 migrate-support-check fail never pass test-arm64-arm64-libvirt-raw 15 saverestore-support-check fail never pass test-armhf-armhf-xl-multivcpu 15 migrate-support-check fail never pass test-armhf-armhf-xl-multivcpu 16 saverestore-support-check fail never pass test-arm64-arm64-xl-vhd 14 migrate-support-check fail never pass test-arm64-arm64-xl-vhd 15 saverestore-support-check fail never pass test-armhf-armhf-libvirt 15 migrate-support-check fail never pass test-armhf-armhf-libvirt-raw 14 migrate-support-check fail never pass test-armhf-armhf-xl-rtds 15 migrate-support-check fail never pass test-armhf-armhf-xl-rtds 16 saverestore-support-check fail never pass test-armhf-armhf-xl 15 migrate-support-check fail never pass test-armhf-armhf-xl 16 saverestore-support-check fail never pass test-armhf-armhf-xl-credit1 15 migrate-support-check fail never pass test-armhf-armhf-xl-credit1 16 saverestore-support-check fail never pass test-armhf-armhf-xl-credit2 15 migrate-support-check fail never pass test-armhf-armhf-xl-credit2 16 saverestore-support-check fail never pass test-armhf-armhf-libvirt-qcow2 14 migrate-support-check fail never pass version targeted for testing: xen 1512a68721620338daf477bf717d23befbb4faf5 baseline version: xen 87c621d0ef75e5f95987d66811ed1fd7129208d1 Last test of basis 181440 2023-06-15 06:54:36 Z 1 days Testing same since 181460 2023-06-16 00:10:47 Z 0 days 1 attempts ------------------------------------------------------------ People who touched revisions under test: Andrew Cooper <andrew.cooper3@xxxxxxxxxx> Anthony PERARD <anthony.perard@xxxxxxxxxx> Jan Beulich <jbeulich@xxxxxxxx> Stefano Stabellini <sstabellini@xxxxxxxxxx> jobs: build-amd64-xsm pass build-arm64-xsm pass build-i386-xsm pass build-amd64-xtf pass build-amd64 pass build-arm64 pass build-armhf pass build-i386 pass build-amd64-libvirt pass build-arm64-libvirt pass build-armhf-libvirt pass build-i386-libvirt pass build-amd64-prev pass build-i386-prev pass build-amd64-pvops pass build-arm64-pvops pass build-armhf-pvops pass build-i386-pvops pass test-xtf-amd64-amd64-1 pass test-xtf-amd64-amd64-2 pass test-xtf-amd64-amd64-3 pass test-xtf-amd64-amd64-4 pass test-xtf-amd64-amd64-5 pass test-amd64-amd64-xl pass test-amd64-coresched-amd64-xl pass test-arm64-arm64-xl pass test-armhf-armhf-xl pass test-amd64-i386-xl pass test-amd64-coresched-i386-xl pass test-amd64-amd64-libvirt-qemuu-debianhvm-amd64-xsm pass test-amd64-i386-libvirt-qemuu-debianhvm-amd64-xsm pass test-amd64-amd64-xl-qemut-stubdom-debianhvm-amd64-xsm pass test-amd64-i386-xl-qemut-stubdom-debianhvm-amd64-xsm fail test-amd64-amd64-xl-qemut-debianhvm-i386-xsm pass test-amd64-i386-xl-qemut-debianhvm-i386-xsm pass test-amd64-amd64-xl-qemuu-debianhvm-i386-xsm pass test-amd64-i386-xl-qemuu-debianhvm-i386-xsm pass test-amd64-amd64-libvirt-xsm pass test-arm64-arm64-libvirt-xsm pass test-amd64-i386-libvirt-xsm pass test-amd64-amd64-xl-xsm pass test-arm64-arm64-xl-xsm pass test-amd64-i386-xl-xsm pass test-amd64-amd64-qemuu-nested-amd fail test-amd64-amd64-xl-pvhv2-amd pass test-amd64-i386-qemut-rhel6hvm-amd pass test-amd64-i386-qemuu-rhel6hvm-amd pass test-amd64-amd64-dom0pvh-xl-amd pass test-amd64-amd64-xl-qemut-debianhvm-amd64 pass test-amd64-i386-xl-qemut-debianhvm-amd64 pass test-amd64-amd64-xl-qemuu-debianhvm-amd64 pass test-amd64-i386-xl-qemuu-debianhvm-amd64 pass test-amd64-i386-freebsd10-amd64 pass test-amd64-amd64-qemuu-freebsd11-amd64 pass test-amd64-amd64-qemuu-freebsd12-amd64 pass test-amd64-amd64-xl-qemuu-ovmf-amd64 pass test-amd64-i386-xl-qemuu-ovmf-amd64 pass test-amd64-amd64-xl-qemut-win7-amd64 fail test-amd64-i386-xl-qemut-win7-amd64 fail test-amd64-amd64-xl-qemuu-win7-amd64 fail test-amd64-i386-xl-qemuu-win7-amd64 fail test-amd64-amd64-xl-qemut-ws16-amd64 fail test-amd64-i386-xl-qemut-ws16-amd64 fail test-amd64-amd64-xl-qemuu-ws16-amd64 fail test-amd64-i386-xl-qemuu-ws16-amd64 fail test-armhf-armhf-xl-arndale pass test-amd64-amd64-examine-bios pass test-amd64-i386-examine-bios pass test-amd64-amd64-xl-credit1 pass test-arm64-arm64-xl-credit1 pass test-armhf-armhf-xl-credit1 pass test-amd64-amd64-xl-credit2 pass test-arm64-arm64-xl-credit2 pass test-armhf-armhf-xl-credit2 pass test-amd64-amd64-xl-qemuu-dmrestrict-amd64-dmrestrict pass test-amd64-i386-xl-qemuu-dmrestrict-amd64-dmrestrict pass test-amd64-amd64-examine pass test-arm64-arm64-examine pass test-armhf-armhf-examine pass test-amd64-i386-examine pass test-amd64-i386-freebsd10-i386 pass test-amd64-amd64-qemuu-nested-intel pass test-amd64-amd64-xl-pvhv2-intel pass test-amd64-i386-qemut-rhel6hvm-intel pass test-amd64-i386-qemuu-rhel6hvm-intel pass test-amd64-amd64-dom0pvh-xl-intel pass test-amd64-amd64-libvirt pass test-armhf-armhf-libvirt pass test-amd64-i386-libvirt pass test-amd64-amd64-livepatch pass test-amd64-i386-livepatch pass test-amd64-amd64-migrupgrade pass test-amd64-i386-migrupgrade pass test-amd64-amd64-xl-multivcpu pass test-armhf-armhf-xl-multivcpu pass test-amd64-amd64-pair pass test-amd64-i386-pair pass test-amd64-amd64-libvirt-pair pass test-amd64-i386-libvirt-pair pass test-amd64-amd64-xl-pvshim pass test-amd64-i386-xl-pvshim fail test-amd64-amd64-pygrub pass test-armhf-armhf-libvirt-qcow2 pass test-amd64-amd64-xl-qcow2 pass test-arm64-arm64-libvirt-raw pass test-armhf-armhf-libvirt-raw pass test-amd64-i386-libvirt-raw pass test-amd64-amd64-xl-rtds pass test-armhf-armhf-xl-rtds pass test-amd64-amd64-xl-qemuu-debianhvm-amd64-shadow pass test-amd64-i386-xl-qemuu-debianhvm-amd64-shadow pass test-amd64-amd64-xl-shadow pass test-amd64-i386-xl-shadow pass test-arm64-arm64-xl-thunderx pass test-amd64-amd64-examine-uefi pass test-amd64-i386-examine-uefi pass test-amd64-amd64-libvirt-vhd pass test-arm64-arm64-xl-vhd pass test-armhf-armhf-xl-vhd broken test-amd64-i386-xl-vhd pass ------------------------------------------------------------ sg-report-flight on osstest.test-lab.xenproject.org logs: /home/logs/logs images: /home/logs/images Logs, config files, etc. are available at http://logs.test-lab.xenproject.org/osstest/logs Explanation of these reports, and of osstest in general, is at http://xenbits.xen.org/gitweb/?p=osstest.git;a=blob;f=README.email;hb=master http://xenbits.xen.org/gitweb/?p=osstest.git;a=blob;f=README;hb=master Test harness code can be found at http://xenbits.xen.org/gitweb?p=osstest.git;a=summary broken-job test-armhf-armhf-xl-vhd broken broken-step test-armhf-armhf-xl-vhd host-install(5) Not pushing. ------------------------------------------------------------ commit 1512a68721620338daf477bf717d23befbb4faf5 Author: Andrew Cooper <andrew.cooper3@xxxxxxxxxx> Date: Tue Jun 13 17:25:42 2023 +0100 xen/grant: Purge PIN_FAIL() The name PIN_FAIL() is poor; it's not used only for pinning failures. More importantly, it interferes with code legibility by hiding control flow. Expand and drop it. * Drop redundant "rc = rc" assignment * Rework gnttab_copy_buf() to be simpler by dropping the rc variable As a side effect, this fixes several violations of MISRA rule 2.1 (dead code - the while() following a goto). No functional change. Signed-off-by: Andrew Cooper <andrew.cooper3@xxxxxxxxxx> Reviewed-by: Julien Grall <jgrall@xxxxxxxxxx> Reviewed-by: Jan Beulich <jbeulich@xxxxxxxx> commit 9c0b20700103d746824687383fd330f5da97b72d Author: Andrew Cooper <andrew.cooper3@xxxxxxxxxx> Date: Mon May 9 11:18:20 2022 +0100 x86/shadow: Don't use signed bitfield in sh_emulate_ctxt 'int' bitfields in particular have implementation defined behaviour under gcc and can change signed-ness with -funsigned-bitfields. There is no need for low_bit_was_clear to be a bitfield in the first place; it is only used as a boolean. Doing so even improves the code generation in sh_emulate_map_dest() to avoid emitting a merge with structure padding. Spotted by Eclair MISRA scanner. Signed-off-by: Andrew Cooper <andrew.cooper3@xxxxxxxxxx> Reviewed-by: Bertrand Marquis <bertrand.marquis@xxxxxxx> Reviewed-by: Roger Pau Monné <roger.pau@xxxxxxxxxx> commit 621625f696f7be958bef8d31419d42886cffb85d Author: Andrew Cooper <andrew.cooper3@xxxxxxxxxx> Date: Mon May 9 11:17:35 2022 +0100 x86/p2m.h: Add include guards Spotted by Eclair MISRA scanner. Signed-off-by: Andrew Cooper <andrew.cooper3@xxxxxxxxxx> Reviewed-by: Roger Pau Monné <roger.pau@xxxxxxxxxx> Reviewed-by: Bertrand Marquis <bertrand.marquis@xxxxxxx> commit a012a4aba1bbe8d01869bb6e4a5c00b032ec34db Author: Jan Beulich <jbeulich@xxxxxxxx> Date: Thu Jun 15 11:00:22 2023 +0200 Arm: drop bogus ALIGN() from linker script Having ALIGN() inside a section definition usually makes sense only with a label definition following (an exception case is a few lines out of context, where cache line sharing is intended to be avoided). Constituents of .bss.page_aligned need to specify their own alignment correctly anyway, or else they're susceptible to link order changing. This requirement is already met: Arm-specific code has no such object, while common (EFI) code has another one. That one has suitable alignment specified. Signed-off-by: Jan Beulich <jbeulich@xxxxxxxx> Acked-by: Stefano Stabellini <sstabellini@xxxxxxxxxx> commit 9e9aec6141a242c23d28ebf8afeea093c17e4139 Author: Jan Beulich <jbeulich@xxxxxxxx> Date: Thu Jun 15 10:59:56 2023 +0200 spinlock: alter inlining of _spin_lock_cb() To comply with Misra rule 8.10 ("An inline function shall be declared with the static storage class"), convert what is presently _spin_lock_cb() to an always-inline (and static) helper, while making the function itself a thin wrapper, just like _spin_lock() is. While there drop the unlikely() from the callback check, and correct indentation in _spin_lock(). Signed-off-by: Jan Beulich <jbeulich@xxxxxxxx> Reviewed-by: Stefano Stabellini <sstabellini@xxxxxxxxxx> commit afbfe555440d121077528209d56c8475b92bddc6 Author: Jan Beulich <jbeulich@xxxxxxxx> Date: Thu Jun 15 10:59:30 2023 +0200 libxg: shrink variable scope in xc_core_arch_map_p2m_list_rw() This in particular allows to drop a dead assignment to "ptes" from near the end of the function. Coverity ID: 1532314 Fixes: bd7a29c3d0b9 ("tools/libs/ctrl: fix xc_core_arch_map_p2m() to support linear p2m table") Signed-off-by: Jan Beulich <jbeulich@xxxxxxxx> Acked-by: Anthony PERARD <anthony.perard@xxxxxxxxxx> (qemu changes not included)
|
![]() |
Lists.xenproject.org is hosted with RackSpace, monitoring our |