[Date Prev][Date Next][Thread Prev][Thread Next][Date Index][Thread Index] [xen-unstable-smoke test] 181402: tolerable all pass - PUSHED
flight 181402 xen-unstable-smoke real [real] http://logs.test-lab.xenproject.org/osstest/logs/181402/ Failures :-/ but no regressions. Tests which did not succeed, but are not blocking: test-amd64-amd64-libvirt 15 migrate-support-check fail never pass test-arm64-arm64-xl-xsm 15 migrate-support-check fail never pass test-arm64-arm64-xl-xsm 16 saverestore-support-check fail never pass test-armhf-armhf-xl 15 migrate-support-check fail never pass test-armhf-armhf-xl 16 saverestore-support-check fail never pass version targeted for testing: xen 128557e3a44d79f0c9360dc88e42c3d0ef728edf baseline version: xen b4642c32c4d079916d5607ddda0232aae5e1690e Last test of basis 181349 2023-06-09 20:00:24 Z 3 days Testing same since 181396 2023-06-12 22:00:25 Z 0 days 2 attempts ------------------------------------------------------------ People who touched revisions under test: Bertrand Marquis <bertrand.marquis@xxxxxxx> Jason Andryuk <jandryuk@xxxxxxxxx> Juergen Gross <jgross@xxxxxxxx> Julien Grall <jgrall@xxxxxxxxxx> jobs: build-arm64-xsm pass build-amd64 pass build-armhf pass build-amd64-libvirt pass test-armhf-armhf-xl pass test-arm64-arm64-xl-xsm pass test-amd64-amd64-xl-qemuu-debianhvm-amd64 pass test-amd64-amd64-libvirt pass ------------------------------------------------------------ sg-report-flight on osstest.test-lab.xenproject.org logs: /home/logs/logs images: /home/logs/images Logs, config files, etc. are available at http://logs.test-lab.xenproject.org/osstest/logs Explanation of these reports, and of osstest in general, is at http://xenbits.xen.org/gitweb/?p=osstest.git;a=blob;f=README.email;hb=master http://xenbits.xen.org/gitweb/?p=osstest.git;a=blob;f=README;hb=master Test harness code can be found at http://xenbits.xen.org/gitweb?p=osstest.git;a=summary Pushing revision : To xenbits.xen.org:/home/xen/git/xen.git b4642c32c4..128557e3a4 128557e3a44d79f0c9360dc88e42c3d0ef728edf -> smoke
|
![]() |
Lists.xenproject.org is hosted with RackSpace, monitoring our |