[Date Prev][Date Next][Thread Prev][Thread Next][Date Index][Thread Index] [ovmf test] 181268: tolerable FAIL - PUSHED
flight 181268 ovmf real [real] flight 181276 ovmf real-retest [real] http://logs.test-lab.xenproject.org/osstest/logs/181268/ http://logs.test-lab.xenproject.org/osstest/logs/181276/ Failures :-/ but no regressions. Tests which are failing intermittently (not blocking): test-amd64-i386-xl-qemuu-ovmf-amd64 7 xen-install fail pass in 181276-retest version targeted for testing: ovmf 69abcf1e78b67e7ce9ac53a9fe1ce61877df984c baseline version: ovmf 8d238f1433397397b4d05b38cb2460929429241f Last test of basis 181257 2023-06-07 15:40:44 Z 0 days Testing same since 181268 2023-06-07 18:40:44 Z 0 days 1 attempts ------------------------------------------------------------ People who touched revisions under test: Gua Guo <gua.guo@xxxxxxxxx> jobs: build-amd64-xsm pass build-i386-xsm pass build-amd64 pass build-i386 pass build-amd64-libvirt pass build-i386-libvirt pass build-amd64-pvops pass build-i386-pvops pass test-amd64-amd64-xl-qemuu-ovmf-amd64 pass test-amd64-i386-xl-qemuu-ovmf-amd64 fail ------------------------------------------------------------ sg-report-flight on osstest.test-lab.xenproject.org logs: /home/logs/logs images: /home/logs/images Logs, config files, etc. are available at http://logs.test-lab.xenproject.org/osstest/logs Explanation of these reports, and of osstest in general, is at http://xenbits.xen.org/gitweb/?p=osstest.git;a=blob;f=README.email;hb=master http://xenbits.xen.org/gitweb/?p=osstest.git;a=blob;f=README;hb=master Test harness code can be found at http://xenbits.xen.org/gitweb?p=osstest.git;a=summary Pushing revision : To xenbits.xen.org:/home/xen/git/osstest/ovmf.git 8d238f1433..69abcf1e78 69abcf1e78b67e7ce9ac53a9fe1ce61877df984c -> xen-tested-master
|
![]() |
Lists.xenproject.org is hosted with RackSpace, monitoring our |