[Date Prev][Date Next][Thread Prev][Thread Next][Date Index][Thread Index] [xen-unstable-smoke test] 180936: tolerable all pass - PUSHED
flight 180936 xen-unstable-smoke real [real] http://logs.test-lab.xenproject.org/osstest/logs/180936/ Failures :-/ but no regressions. Tests which did not succeed, but are not blocking: test-amd64-amd64-libvirt 15 migrate-support-check fail never pass test-arm64-arm64-xl-xsm 15 migrate-support-check fail never pass test-arm64-arm64-xl-xsm 16 saverestore-support-check fail never pass test-armhf-armhf-xl 15 migrate-support-check fail never pass test-armhf-armhf-xl 16 saverestore-support-check fail never pass version targeted for testing: xen cca2361947b3c9851b3ded6e43cc48caf5258eee baseline version: xen 511b9f286c3dadd041e0d90beeff7d47c9bf3b7a Last test of basis 180931 2023-05-24 20:01:55 Z 0 days Testing same since 180936 2023-05-25 02:02:55 Z 0 days 1 attempts ------------------------------------------------------------ People who touched revisions under test: Michal Orzel <michal.orzel@xxxxxxx> Stefano Stabellini <sstabellini@xxxxxxxxxx> jobs: build-arm64-xsm pass build-amd64 pass build-armhf pass build-amd64-libvirt pass test-armhf-armhf-xl pass test-arm64-arm64-xl-xsm pass test-amd64-amd64-xl-qemuu-debianhvm-amd64 pass test-amd64-amd64-libvirt pass ------------------------------------------------------------ sg-report-flight on osstest.test-lab.xenproject.org logs: /home/logs/logs images: /home/logs/images Logs, config files, etc. are available at http://logs.test-lab.xenproject.org/osstest/logs Explanation of these reports, and of osstest in general, is at http://xenbits.xen.org/gitweb/?p=osstest.git;a=blob;f=README.email;hb=master http://xenbits.xen.org/gitweb/?p=osstest.git;a=blob;f=README;hb=master Test harness code can be found at http://xenbits.xen.org/gitweb?p=osstest.git;a=summary Pushing revision : To xenbits.xen.org:/home/xen/git/xen.git 511b9f286c..cca2361947 cca2361947b3c9851b3ded6e43cc48caf5258eee -> smoke
|
![]() |
Lists.xenproject.org is hosted with RackSpace, monitoring our |