[Date Prev][Date Next][Thread Prev][Thread Next][Date Index][Thread Index] [linux-linus test] 180327: trouble: blocked/broken/fail/pass
flight 180327 linux-linus real [real] http://logs.test-lab.xenproject.org/osstest/logs/180327/ Failures and problems with tests :-( Tests which did not succeed and are blocking, including tests which could not be run: build-armhf <job status> broken build-armhf 2 hosts-allocate broken REGR. vs. 180278 Tests which did not succeed, but are not blocking: test-armhf-armhf-examine 1 build-check(1) blocked n/a test-armhf-armhf-libvirt 1 build-check(1) blocked n/a test-armhf-armhf-libvirt-qcow2 1 build-check(1) blocked n/a test-armhf-armhf-libvirt-raw 1 build-check(1) blocked n/a test-armhf-armhf-xl 1 build-check(1) blocked n/a test-armhf-armhf-xl-credit1 1 build-check(1) blocked n/a test-armhf-armhf-xl-credit2 1 build-check(1) blocked n/a test-armhf-armhf-xl-multivcpu 1 build-check(1) blocked n/a test-armhf-armhf-xl-rtds 1 build-check(1) blocked n/a test-armhf-armhf-xl-vhd 1 build-check(1) blocked n/a build-armhf-libvirt 1 build-check(1) blocked n/a test-amd64-amd64-xl-qemut-win7-amd64 19 guest-stop fail like 180278 test-amd64-amd64-xl-qemuu-win7-amd64 19 guest-stop fail like 180278 test-amd64-amd64-xl-qemuu-ws16-amd64 19 guest-stop fail like 180278 test-amd64-amd64-qemuu-nested-amd 20 debian-hvm-install/l1/l2 fail like 180278 test-amd64-amd64-xl-qemut-ws16-amd64 19 guest-stop fail like 180278 test-amd64-amd64-libvirt 15 migrate-support-check fail never pass test-amd64-amd64-libvirt-xsm 15 migrate-support-check fail never pass test-arm64-arm64-xl-thunderx 15 migrate-support-check fail never pass test-arm64-arm64-xl-thunderx 16 saverestore-support-check fail never pass test-arm64-arm64-xl-credit2 15 migrate-support-check fail never pass test-arm64-arm64-xl-credit2 16 saverestore-support-check fail never pass test-arm64-arm64-xl-credit1 15 migrate-support-check fail never pass test-arm64-arm64-xl-credit1 16 saverestore-support-check fail never pass test-arm64-arm64-xl 15 migrate-support-check fail never pass test-arm64-arm64-xl 16 saverestore-support-check fail never pass test-amd64-amd64-libvirt-qemuu-debianhvm-amd64-xsm 13 migrate-support-check fail never pass test-arm64-arm64-libvirt-xsm 15 migrate-support-check fail never pass test-arm64-arm64-libvirt-xsm 16 saverestore-support-check fail never pass test-arm64-arm64-xl-xsm 15 migrate-support-check fail never pass test-arm64-arm64-xl-xsm 16 saverestore-support-check fail never pass test-amd64-amd64-libvirt-qcow2 14 migrate-support-check fail never pass test-amd64-amd64-libvirt-raw 14 migrate-support-check fail never pass test-arm64-arm64-libvirt-raw 14 migrate-support-check fail never pass test-arm64-arm64-libvirt-raw 15 saverestore-support-check fail never pass test-arm64-arm64-xl-vhd 14 migrate-support-check fail never pass test-arm64-arm64-xl-vhd 15 saverestore-support-check fail never pass version targeted for testing: linux cb0856346a60fe3eb837ba5e73588a41f81ac05f baseline version: linux 6c538e1adbfc696ac4747fb10d63e704344f763d Last test of basis 180278 2023-04-16 19:41:46 Z 4 days Failing since 180281 2023-04-17 06:24:36 Z 3 days 7 attempts Testing same since 180327 2023-04-20 03:43:21 Z 0 days 1 attempts ------------------------------------------------------------ People who touched revisions under test: Abhinav Kumar <quic_abhinavk@xxxxxxxxxxx> Alexander Potapenko <glider@xxxxxxxxxx> Alexander Stein <alexander.stein@xxxxxxxxxxxxxxx> Andrew Morton <akpm@xxxxxxxxxxxxxxxxxxxx> Arnd Bergmann <arnd@xxxxxxxx> Axel Lin <axel.lin@xxxxxxxxxx> Baokun Li <libaokun1@xxxxxxxxxx> Baoqi Zhang <zhangbaoqi@xxxxxxxxxxx> Bhavya Kapoor <b-kapoor@xxxxxx> Bjorn Andersson <andersson@xxxxxxxxxx> Chong Qiao <qiaochong@xxxxxxxxxxx> Chris Morgan <macromorgan@xxxxxxxxxxx> Chuck Lever <chuck.lever@xxxxxxxxxx> Conor Dooley <conor.dooley@xxxxxxxxxxxxx> Cristian Ciocaltea <cristian.ciocaltea@xxxxxxxxxxxxx> Dan Johansen <strit@xxxxxxxxxxx> David Hildenbrand <david@xxxxxxxxxx> David Howells <dhowells@xxxxxxxxxx> Dmitry Baryshkov <dmitry.baryshkov@xxxxxxxxxx> Dragan Simic <dragan.simic@xxxxxxxxx> Enze Li <lienze@xxxxxxxxxx> Fabio Estevam <festevam@xxxxxxx> Greg Kroah-Hartman <gregkh@xxxxxxxxxxxxxxxxxxx> Heiko Stuebner <heiko@xxxxxxxxx> Huacai Chen <chenhuacai@xxxxxxxxxxx> Javier Martinez Canillas <javierm@xxxxxxxxxx> Jens Wiklander <jens.wiklander@xxxxxxxxxx> Jianqun Xu <jay.xu@xxxxxxxxxxxxxx> Johan Hovold <johan+linaro@xxxxxxxxxx> Jonathan Toppins <jtoppins@xxxxxxxxxx> JR Gonzalez <jrg@xxxxxxxxxxxxx> Jules Maselbas <jmaselbas@xxxxxxxxx> Krzysztof Kozlowski <krzysztof.kozlowski@xxxxxxxxxx> Li Lanzhe <u202212060@xxxxxxxxxxx> Liam R. Howlett <Liam.Howlett@xxxxxxxxxx> Linus Torvalds <torvalds@xxxxxxxxxxxxxxxxxxxx> Linus Walleij <linus.walleij@xxxxxxxxxx> Marc Gonzalez <mgonzalez@xxxxxxxxxx> Mark Brown <broonie@xxxxxxxxxx> Mark Rutland <mark.rutland@xxxxxxx> Mathieu Desnoyers <mathieu.desnoyers@xxxxxxxxxxxx> Mel Gorman <mgorman@xxxxxxx> Mel Gorman <mgorman@xxxxxxxxxxxxxxxxxxx> Michal Hocko <mhocko@xxxxxxxx> Mirsad Goran Todorovac <mirsad.todorovac@xxxxxxxxxxxx> Naoya Horiguchi <naoya.horiguchi@xxxxxxx> Neil Armstrong <neil.armstrong@xxxxxxxxxx> Ondrej Mosnacek <omosnace@xxxxxxxxxx> Peng Fan <peng.fan@xxxxxxx> Peng Zhang <zhangpeng.00@xxxxxxxxxxxxx> Peter Geis <pgwipeout@xxxxxxxxx> Peter Xu <peterx@xxxxxxxxxx> Qi Zheng <zhengqi.arch@xxxxxxxxxxxxx> Qing Zhang <zhangqing@xxxxxxxxxxx> Ricardo Pardini <ricardo@xxxxxxxxxxx> Rob Herring <robh@xxxxxxxxxx> Ryusuke Konishi <konishi.ryusuke@xxxxxxxxx> Scott Mayhew <smayhew@xxxxxxxxxx> Sebastian Reichel <sebastian.reichel@xxxxxxxxxxxxx> SeongJae Park <sj@xxxxxxxxxx> Shakeel Butt <shakeelb@xxxxxxxxxx> Shawn Guo <shawnguo@xxxxxxxxxx> Steev Klimaszewski <steev@xxxxxxxx> #Thinkpad X13s Steve Chou <steve_chou@xxxxxxxxxxx> Sudeep Holla <sudeep.holla@xxxxxxx> syzbot+a7c1ec5b1d71ceaa5186@xxxxxxxxxxxxxxxxxxxxxxxxx Tejun Heo <tj@xxxxxxxxxx> Tetsuo Handa <penguin-kernel@xxxxxxxxxxxxxxxxxxx> Tiezhu Yang <yangtiezhu@xxxxxxxxxxx> Ulf Hansson <ulf.hansson@xxxxxxxxxx> Vlastimil Babka <vbabka@xxxxxxx> Will Deacon <will@xxxxxxxxxx> jobs: build-amd64-xsm pass build-arm64-xsm pass build-i386-xsm pass build-amd64 pass build-arm64 pass build-armhf broken build-i386 pass build-amd64-libvirt pass build-arm64-libvirt pass build-armhf-libvirt blocked build-i386-libvirt pass build-amd64-pvops pass build-arm64-pvops pass build-armhf-pvops pass build-i386-pvops pass test-amd64-amd64-xl pass test-amd64-coresched-amd64-xl pass test-arm64-arm64-xl pass test-armhf-armhf-xl blocked test-amd64-amd64-libvirt-qemuu-debianhvm-amd64-xsm pass test-amd64-amd64-xl-qemut-stubdom-debianhvm-amd64-xsm pass test-amd64-amd64-xl-qemut-debianhvm-i386-xsm pass test-amd64-amd64-xl-qemuu-debianhvm-i386-xsm pass test-amd64-amd64-libvirt-xsm pass test-arm64-arm64-libvirt-xsm pass test-amd64-amd64-xl-xsm pass test-arm64-arm64-xl-xsm pass test-amd64-amd64-qemuu-nested-amd fail test-amd64-amd64-xl-pvhv2-amd pass test-amd64-amd64-dom0pvh-xl-amd pass test-amd64-amd64-xl-qemut-debianhvm-amd64 pass test-amd64-amd64-xl-qemuu-debianhvm-amd64 pass test-amd64-amd64-freebsd11-amd64 pass test-amd64-amd64-freebsd12-amd64 pass test-amd64-amd64-xl-qemuu-ovmf-amd64 pass test-amd64-amd64-xl-qemut-win7-amd64 fail test-amd64-amd64-xl-qemuu-win7-amd64 fail test-amd64-amd64-xl-qemut-ws16-amd64 fail test-amd64-amd64-xl-qemuu-ws16-amd64 fail test-amd64-amd64-examine-bios pass test-amd64-amd64-xl-credit1 pass test-arm64-arm64-xl-credit1 pass test-armhf-armhf-xl-credit1 blocked test-amd64-amd64-xl-credit2 pass test-arm64-arm64-xl-credit2 pass test-armhf-armhf-xl-credit2 blocked test-amd64-amd64-xl-qemuu-dmrestrict-amd64-dmrestrict pass test-amd64-amd64-examine pass test-arm64-arm64-examine pass test-armhf-armhf-examine blocked test-amd64-amd64-qemuu-nested-intel pass test-amd64-amd64-xl-pvhv2-intel pass test-amd64-amd64-dom0pvh-xl-intel pass test-amd64-amd64-libvirt pass test-armhf-armhf-libvirt blocked test-amd64-amd64-xl-multivcpu pass test-armhf-armhf-xl-multivcpu blocked test-amd64-amd64-pair pass test-amd64-amd64-libvirt-pair pass test-amd64-amd64-xl-pvshim pass test-amd64-amd64-pygrub pass test-amd64-amd64-libvirt-qcow2 pass test-armhf-armhf-libvirt-qcow2 blocked test-amd64-amd64-libvirt-raw pass test-arm64-arm64-libvirt-raw pass test-armhf-armhf-libvirt-raw blocked test-amd64-amd64-xl-rtds pass test-armhf-armhf-xl-rtds blocked test-amd64-amd64-xl-qemuu-debianhvm-amd64-shadow pass test-amd64-amd64-xl-shadow pass test-arm64-arm64-xl-thunderx pass test-amd64-amd64-examine-uefi pass test-amd64-amd64-xl-vhd pass test-arm64-arm64-xl-vhd pass test-armhf-armhf-xl-vhd blocked ------------------------------------------------------------ sg-report-flight on osstest.test-lab.xenproject.org logs: /home/logs/logs images: /home/logs/images Logs, config files, etc. are available at http://logs.test-lab.xenproject.org/osstest/logs Explanation of these reports, and of osstest in general, is at http://xenbits.xen.org/gitweb/?p=osstest.git;a=blob;f=README.email;hb=master http://xenbits.xen.org/gitweb/?p=osstest.git;a=blob;f=README;hb=master Test harness code can be found at http://xenbits.xen.org/gitweb?p=osstest.git;a=summary broken-job build-armhf broken broken-step build-armhf hosts-allocate Not pushing. (No revision log; it would be 2146 lines long.)
|
![]() |
Lists.xenproject.org is hosted with RackSpace, monitoring our |