[Date Prev][Date Next][Thread Prev][Thread Next][Date Index][Thread Index] [linux-linus test] 177951: regressions - trouble: broken/fail/pass/starved
flight 177951 linux-linus real [real] http://logs.test-lab.xenproject.org/osstest/logs/177951/ Regressions :-( Tests which did not succeed and are blocking, including tests which could not be run: test-amd64-amd64-xl-credit2 <job status> broken test-amd64-amd64-xl-credit2 5 host-install(5) broken REGR. vs. 177860 test-amd64-amd64-xl-vhd 21 guest-start/debian.repeat fail REGR. vs. 177860 Tests which did not succeed, but are not blocking: test-amd64-amd64-xl-qemut-win7-amd64 19 guest-stop fail like 177860 test-amd64-amd64-xl-qemuu-win7-amd64 19 guest-stop fail like 177860 test-amd64-amd64-xl-qemuu-ws16-amd64 19 guest-stop fail like 177860 test-amd64-amd64-qemuu-nested-amd 20 debian-hvm-install/l1/l2 fail like 177860 test-amd64-amd64-xl-qemut-ws16-amd64 19 guest-stop fail like 177860 test-amd64-amd64-libvirt 15 migrate-support-check fail never pass test-amd64-amd64-libvirt-xsm 15 migrate-support-check fail never pass test-arm64-arm64-xl 15 migrate-support-check fail never pass test-arm64-arm64-xl 16 saverestore-support-check fail never pass test-arm64-arm64-xl-credit1 15 migrate-support-check fail never pass test-arm64-arm64-xl-credit1 16 saverestore-support-check fail never pass test-arm64-arm64-libvirt-xsm 15 migrate-support-check fail never pass test-arm64-arm64-libvirt-xsm 16 saverestore-support-check fail never pass test-arm64-arm64-xl-xsm 15 migrate-support-check fail never pass test-arm64-arm64-xl-xsm 16 saverestore-support-check fail never pass test-amd64-amd64-libvirt-qemuu-debianhvm-amd64-xsm 13 migrate-support-check fail never pass test-arm64-arm64-xl-credit2 15 migrate-support-check fail never pass test-arm64-arm64-xl-credit2 16 saverestore-support-check fail never pass test-arm64-arm64-xl-thunderx 15 migrate-support-check fail never pass test-arm64-arm64-xl-thunderx 16 saverestore-support-check fail never pass test-amd64-amd64-libvirt-raw 14 migrate-support-check fail never pass test-amd64-amd64-libvirt-qcow2 14 migrate-support-check fail never pass test-arm64-arm64-libvirt-raw 14 migrate-support-check fail never pass test-arm64-arm64-libvirt-raw 15 saverestore-support-check fail never pass test-arm64-arm64-xl-vhd 14 migrate-support-check fail never pass test-arm64-arm64-xl-vhd 15 saverestore-support-check fail never pass test-armhf-armhf-examine 1 build-check(1) starved n/a test-armhf-armhf-libvirt 1 build-check(1) starved n/a test-armhf-armhf-libvirt-qcow2 1 build-check(1) starved n/a test-armhf-armhf-libvirt-raw 1 build-check(1) starved n/a test-armhf-armhf-xl 1 build-check(1) starved n/a test-armhf-armhf-xl-credit1 1 build-check(1) starved n/a test-armhf-armhf-xl-credit2 1 build-check(1) starved n/a test-armhf-armhf-xl-cubietruck 1 build-check(1) starved n/a test-armhf-armhf-xl-multivcpu 1 build-check(1) starved n/a test-armhf-armhf-xl-rtds 1 build-check(1) starved n/a test-armhf-armhf-xl-vhd 1 build-check(1) starved n/a build-armhf-libvirt 1 build-check(1) starved n/a build-armhf 2 hosts-allocate starved n/a version targeted for testing: linux 91bc559d8d3aed488b4b50e9eba1d7ebb1da7bbf baseline version: linux c9c3395d5e3dcc6daee66c6908354d47bf98cb0c Last test of basis 177860 2023-02-19 22:42:48 Z 1 days Testing same since 177951 2023-02-20 20:44:41 Z 0 days 1 attempts ------------------------------------------------------------ People who touched revisions under test: Al Viro <viro@xxxxxxxxxxxxxxxxxx> Andrew Morton <akpm@xxxxxxxxxxxxxxxxxxx> Arnd Bergmann <arnd@xxxxxxxx> Boqun Feng <boqun.feng@xxxxxxxxx> Christian Brauner (Microsoft) <brauner@xxxxxxxxxx> Christian Brauner <brauner@xxxxxxxxxx> Chuck Lever <chuck.lever@xxxxxxxxxx> Darrick J. Wong <djwong@xxxxxxxxxx> Dave Chinner <dchinner@xxxxxxxxxx> Denis Kenzior <denkenz@xxxxxxxxx> Eddie James <eajames@xxxxxxxxxxxxx> Finn Behrens <fin@xxxxxxxxxxx> Gary Guo <gary@xxxxxxxxxxx> Giuseppe Scrivano <gscrivan@xxxxxxxxxx> Ira Weiny <ira.weiny@xxxxxxxxx> Jann Horn <jannh@xxxxxxxxxx> Jarkko Sakkinen <jarkko@xxxxxxxxxx> Jeff Layton <jlayton@xxxxxxxxxx> Jeff Layton <jlayton@xxxxxxxxxx> Jens Wiklander <jens.wiklander@xxxxxxxxxx> John Hubbard <jhubbard@xxxxxxxxxx> Joseph Qi <joseph.qi@xxxxxxxxxxxxxxxxx> Julien Gomes <julien@xxxxxxxxxx> Linus Torvalds <torvalds@xxxxxxxxxxxxxxxxxxxx> Masahiro Yamada <masahiroy@xxxxxxxxxx> Matthew Garrett <mjg59@xxxxxxxxxxxxx> Maíra Canal <mcanal@xxxxxxxxxx> Miguel Ojeda <ojeda@xxxxxxxxxx> Miklos Szeredi <mszeredi@xxxxxxxxxx> Nick Desaulniers <ndesaulniers@xxxxxxxxxx> Paul Menzel <pmenzel@xxxxxxxxxxxxx> Steve French <stfrench@xxxxxxxxxxxxx> Thomas Weißschuh <linux@xxxxxxxxxxxxxx> Uros Bizjak <ubizjak@xxxxxxxxx> Uwe Kleine-König <u.kleine-koenig@xxxxxxxxxxxxxx> Wedson Almeida Filho <wedsonaf@xxxxxxxxx> Yang Yingliang <yangyingliang@xxxxxxxxxx> jobs: build-amd64-xsm pass build-arm64-xsm pass build-i386-xsm pass build-amd64 pass build-arm64 pass build-armhf starved build-i386 pass build-amd64-libvirt pass build-arm64-libvirt pass build-armhf-libvirt starved build-i386-libvirt pass build-amd64-pvops pass build-arm64-pvops pass build-armhf-pvops pass build-i386-pvops pass test-amd64-amd64-xl pass test-amd64-coresched-amd64-xl pass test-arm64-arm64-xl pass test-armhf-armhf-xl starved test-amd64-amd64-libvirt-qemuu-debianhvm-amd64-xsm pass test-amd64-amd64-xl-qemut-stubdom-debianhvm-amd64-xsm pass test-amd64-amd64-xl-qemut-debianhvm-i386-xsm pass test-amd64-amd64-xl-qemuu-debianhvm-i386-xsm pass test-amd64-amd64-libvirt-xsm pass test-arm64-arm64-libvirt-xsm pass test-amd64-amd64-xl-xsm pass test-arm64-arm64-xl-xsm pass test-amd64-amd64-qemuu-nested-amd fail test-amd64-amd64-xl-pvhv2-amd pass test-amd64-amd64-dom0pvh-xl-amd pass test-amd64-amd64-xl-qemut-debianhvm-amd64 pass test-amd64-amd64-xl-qemuu-debianhvm-amd64 pass test-amd64-amd64-freebsd11-amd64 pass test-amd64-amd64-freebsd12-amd64 pass test-amd64-amd64-xl-qemuu-ovmf-amd64 pass test-amd64-amd64-xl-qemut-win7-amd64 fail test-amd64-amd64-xl-qemuu-win7-amd64 fail test-amd64-amd64-xl-qemut-ws16-amd64 fail test-amd64-amd64-xl-qemuu-ws16-amd64 fail test-amd64-amd64-examine-bios pass test-amd64-amd64-xl-credit1 pass test-arm64-arm64-xl-credit1 pass test-armhf-armhf-xl-credit1 starved test-amd64-amd64-xl-credit2 broken test-arm64-arm64-xl-credit2 pass test-armhf-armhf-xl-credit2 starved test-armhf-armhf-xl-cubietruck starved test-amd64-amd64-xl-qemuu-dmrestrict-amd64-dmrestrict pass test-amd64-amd64-examine pass test-arm64-arm64-examine pass test-armhf-armhf-examine starved test-amd64-amd64-qemuu-nested-intel pass test-amd64-amd64-xl-pvhv2-intel pass test-amd64-amd64-dom0pvh-xl-intel pass test-amd64-amd64-libvirt pass test-armhf-armhf-libvirt starved test-amd64-amd64-xl-multivcpu pass test-armhf-armhf-xl-multivcpu starved test-amd64-amd64-pair pass test-amd64-amd64-libvirt-pair pass test-amd64-amd64-xl-pvshim pass test-amd64-amd64-pygrub pass test-amd64-amd64-libvirt-qcow2 pass test-armhf-armhf-libvirt-qcow2 starved test-amd64-amd64-libvirt-raw pass test-arm64-arm64-libvirt-raw pass test-armhf-armhf-libvirt-raw starved test-amd64-amd64-xl-rtds pass test-armhf-armhf-xl-rtds starved test-amd64-amd64-xl-qemuu-debianhvm-amd64-shadow pass test-amd64-amd64-xl-shadow pass test-arm64-arm64-xl-thunderx pass test-amd64-amd64-examine-uefi pass test-amd64-amd64-xl-vhd fail test-arm64-arm64-xl-vhd pass test-armhf-armhf-xl-vhd starved ------------------------------------------------------------ sg-report-flight on osstest.test-lab.xenproject.org logs: /home/logs/logs images: /home/logs/images Logs, config files, etc. are available at http://logs.test-lab.xenproject.org/osstest/logs Explanation of these reports, and of osstest in general, is at http://xenbits.xen.org/gitweb/?p=osstest.git;a=blob;f=README.email;hb=master http://xenbits.xen.org/gitweb/?p=osstest.git;a=blob;f=README;hb=master Test harness code can be found at http://xenbits.xen.org/gitweb?p=osstest.git;a=summary broken-job test-amd64-amd64-xl-credit2 broken broken-step test-amd64-amd64-xl-credit2 host-install(5) Not pushing. (No revision log; it would be 1941 lines long.)
|
Lists.xenproject.org is hosted with RackSpace, monitoring our |