[Date Prev][Date Next][Thread Prev][Thread Next][Date Index][Thread Index] [linux-linus test] 176771: tolerable trouble: fail/pass/starved - PUSHED
flight 176771 linux-linus real [real] flight 176869 linux-linus real-retest [real] http://logs.test-lab.xenproject.org/osstest/logs/176771/ http://logs.test-lab.xenproject.org/osstest/logs/176869/ Failures :-/ but no regressions. Tests which are failing intermittently (not blocking): test-amd64-amd64-libvirt-xsm 12 debian-install fail pass in 176869-retest Tests which did not succeed, but are not blocking: test-amd64-amd64-libvirt-xsm 15 migrate-support-check fail in 176869 never pass test-amd64-amd64-xl-qemut-win7-amd64 19 guest-stop fail like 176667 test-amd64-amd64-xl-qemuu-win7-amd64 19 guest-stop fail like 176667 test-amd64-amd64-xl-qemuu-ws16-amd64 19 guest-stop fail like 176667 test-amd64-amd64-qemuu-nested-amd 20 debian-hvm-install/l1/l2 fail like 176667 test-amd64-amd64-xl-qemut-ws16-amd64 19 guest-stop fail like 176667 test-amd64-amd64-libvirt 15 migrate-support-check fail never pass test-arm64-arm64-xl-xsm 15 migrate-support-check fail never pass test-arm64-arm64-xl-xsm 16 saverestore-support-check fail never pass test-arm64-arm64-xl-credit1 15 migrate-support-check fail never pass test-arm64-arm64-xl-credit1 16 saverestore-support-check fail never pass test-arm64-arm64-xl-credit2 15 migrate-support-check fail never pass test-arm64-arm64-xl-credit2 16 saverestore-support-check fail never pass test-arm64-arm64-xl 15 migrate-support-check fail never pass test-arm64-arm64-xl 16 saverestore-support-check fail never pass test-amd64-amd64-libvirt-raw 14 migrate-support-check fail never pass test-arm64-arm64-xl-thunderx 15 migrate-support-check fail never pass test-arm64-arm64-xl-thunderx 16 saverestore-support-check fail never pass test-amd64-amd64-libvirt-qcow2 14 migrate-support-check fail never pass test-arm64-arm64-libvirt-xsm 15 migrate-support-check fail never pass test-arm64-arm64-libvirt-xsm 16 saverestore-support-check fail never pass test-amd64-amd64-libvirt-qemuu-debianhvm-amd64-xsm 13 migrate-support-check fail never pass test-arm64-arm64-libvirt-raw 14 migrate-support-check fail never pass test-arm64-arm64-libvirt-raw 15 saverestore-support-check fail never pass test-arm64-arm64-xl-vhd 14 migrate-support-check fail never pass test-arm64-arm64-xl-vhd 15 saverestore-support-check fail never pass test-armhf-armhf-examine 1 build-check(1) starved n/a test-armhf-armhf-libvirt 1 build-check(1) starved n/a test-armhf-armhf-libvirt-qcow2 1 build-check(1) starved n/a test-armhf-armhf-libvirt-raw 1 build-check(1) starved n/a test-armhf-armhf-xl 1 build-check(1) starved n/a test-armhf-armhf-xl-credit1 1 build-check(1) starved n/a test-armhf-armhf-xl-credit2 1 build-check(1) starved n/a test-armhf-armhf-xl-cubietruck 1 build-check(1) starved n/a test-armhf-armhf-xl-multivcpu 1 build-check(1) starved n/a test-armhf-armhf-xl-rtds 1 build-check(1) starved n/a test-armhf-armhf-xl-vhd 1 build-check(1) starved n/a build-armhf-libvirt 1 build-check(1) starved n/a build-armhf 2 hosts-allocate starved n/a version targeted for testing: linux 35674e787518768626d3a0ffce1c13a7eeed922d baseline version: linux 0983f6bf2bfc0789b51ddf7315f644ff4da50acb Last test of basis 176667 2023-02-08 20:26:33 Z 1 days Testing same since 176771 2023-02-09 18:42:21 Z 0 days 1 attempts ------------------------------------------------------------ People who touched revisions under test: Adham Faris <afaris@xxxxxxxxxx> Alan Stern <stern@xxxxxxxxxxxxxxxxxxx> Allen Hubbe <allen.hubbe@xxxxxxx> Amir Tzin <amirtz@xxxxxxxxxx> Amritha Nambiar <amritha.nambiar@xxxxxxxxx> Anastasia Belova <abelova@xxxxxxxxxxxxx> Anirudh Venkataramanan <anirudh.venkataramanan@xxxxxxxxx> Arnd Bergmann <arnd@xxxxxxxx> Arınç ÜNAL <arinc.unal@xxxxxxxxxx> Basavaraj Natikar <Basavaraj.Natikar@xxxxxxx> Bastien Nocera <hadess@xxxxxxxxxx> Benedict Wong <benedictwong@xxxxxxxxxx> Benjamin Tissoires <benjamin.tissoires@xxxxxxxxxx> Bharathi Sreenivas <bharathi.sreenivas@xxxxxxxxx> Brett Creeley <brett.creeley@xxxxxxxxx> Carlos O'Donell <carlos@xxxxxxxxxx> Casper Andersson <casper.casan@xxxxxxxxx> Christian Hopps <chopps@xxxxxxxxxx> Clément Léger <clement.leger@xxxxxxxxxxx> Dan Carpenter <dan.carpenter@xxxxxxxxxx> Dan Carpenter <error27@xxxxxxxxx> David S. Miller <davem@xxxxxxxxxxxxx> Devid Antonio Filoni <devid.filoni@xxxxxxxxxxxxxxxxxxxxx> Dmitry Safonov <0x7f454c46@xxxxxxxxx> Dragos Tatulea <dtatulea@xxxxxxxxxx> Eric Dumazet <edumazet@xxxxxxxxxx> Frank Wunderlich <frank-w@xxxxxxxxxxxxxxx> Gurucharan G <gurucharanx.g@xxxxxxxxx> (A Contingent worker at Intel) Haiyang Zhang <haiyangz@xxxxxxxxxxxxx> Hangbin Liu <liuhangbin@xxxxxxxxx> Heiner Kallweit <hkallweit1@xxxxxxxxx> Herbert Xu <herbert@xxxxxxxxxxxxxxxxxxx> Herton R. Krzesinski <herton@xxxxxxxxxx> Ido Schimmel <idosch@xxxxxxxxxx> Jakub Andrysiak <jakub.andrysiak@xxxxxxxxx> Jakub Kicinski <kuba@xxxxxxxxxx> Jay Vosburgh <jay.vosburgh@xxxxxxxxxxxxx> Jiawen Wu <jiawenwu@xxxxxxxxxxxxxx> Jiri Kosina <jkosina@xxxxxxx> Jiri Pirko <jiri@xxxxxxxxxx> Julian Anastasov <ja@xxxxxx> Karen Ostrowska <karen.ostrowska@xxxxxxxxx> Kevin Yang <yyd@xxxxxxxxxx> Linus Torvalds <torvalds@xxxxxxxxxxxxxxxxxxxx> Luka Guzenko <l.guzenko@xxxxxx> Maher Sanalla <msanalla@xxxxxxxxxx> Marc Kleine-Budde <mkl@xxxxxxxxxxxxxx> Marcin Szycik <marcin.szycik@xxxxxxxxxxxxxxx> Marco Rodolfi <marco.rodolfi@xxxxxxx> marco.rodolfi@xxxxxxx <marco.rodolfi@xxxxxxx> Marek Szlosek <marek.szlosek@xxxxxxxxx> Mario Limonciello <mario.limonciello@xxxxxxx> Matthieu Baerts <matthieu.baerts@xxxxxxxxxxxx> Michael Kelley <mikelley@xxxxxxxxxxxxx> Michal Simek <michal.simek@xxxxxxx> Michal Swiatkowski <michal.swiatkowski@xxxxxxxxxxxxxxx> Naama Meir <naamax.meir@xxxxxxxxxxxxxxx> Neel Patel <neel.patel@xxxxxxx> Oleksij Rempel <o.rempel@xxxxxxxxxxxxxx> Paolo Abeni <pabeni@xxxxxxxxxx> Paulo Alcantara (SUSE) <pc@xxxxxx> Pietro Borrello <borrello@xxxxxxxxxxxxxxxx> Qi Zheng <zhengqi.arch@xxxxxxxxxxxxx> Radhey Shyam Pandey <radhey.shyam.pandey@xxxxxxx> Richard van Schagen <richard@xxxxxxxxxxxxxxx> Saeed Mahameed <saeedm@xxxxxxxxxx> Sasha Neftin <sasha.neftin@xxxxxxxxx> Shannon Nelson <shannon.nelson@xxxxxxx> Shay Drory <shayd@xxxxxxxxxx> Simon Horman <simon.horman@xxxxxxxxxxxx> Steffen Klassert <steffen.klassert@xxxxxxxxxxx> Steve French <stfrench@xxxxxxxxxxxxx> Sujai Buvaneswaran <sujai.buvaneswaran@xxxxxxxxx> Takahiro Fujii <fujii@xxxxxxxxx> Tariq Toukan <tariqt@xxxxxxxxxx> Tobias Klausmann <klausman@xxxxxxxxxxxxxxx> Tony Nguyen <anthony.l.nguyen@xxxxxxxxx> Vlad Buslov <vladbu@xxxxxxxxxx> Vladimir Oltean <vladimir.oltean@xxxxxxx> Xin Zhao <xnzhao@xxxxxxxxxx> Yevgeny Kliteynik <kliteyn@xxxxxxxxxx> Yu Xiao <yu.xiao@xxxxxxxxxxxx> Zhang Changzhong <zhangchangzhong@xxxxxxxxxx> ZhaoLong Wang <wangzhaolong1@xxxxxxxxxx> jobs: build-amd64-xsm pass build-arm64-xsm pass build-i386-xsm pass build-amd64 pass build-arm64 pass build-armhf starved build-i386 pass build-amd64-libvirt pass build-arm64-libvirt pass build-armhf-libvirt starved build-i386-libvirt pass build-amd64-pvops pass build-arm64-pvops pass build-armhf-pvops pass build-i386-pvops pass test-amd64-amd64-xl pass test-amd64-coresched-amd64-xl pass test-arm64-arm64-xl pass test-armhf-armhf-xl starved test-amd64-amd64-libvirt-qemuu-debianhvm-amd64-xsm pass test-amd64-amd64-xl-qemut-stubdom-debianhvm-amd64-xsm pass test-amd64-amd64-xl-qemut-debianhvm-i386-xsm pass test-amd64-amd64-xl-qemuu-debianhvm-i386-xsm pass test-amd64-amd64-libvirt-xsm fail test-arm64-arm64-libvirt-xsm pass test-amd64-amd64-xl-xsm pass test-arm64-arm64-xl-xsm pass test-amd64-amd64-qemuu-nested-amd fail test-amd64-amd64-xl-pvhv2-amd pass test-amd64-amd64-dom0pvh-xl-amd pass test-amd64-amd64-xl-qemut-debianhvm-amd64 pass test-amd64-amd64-xl-qemuu-debianhvm-amd64 pass test-amd64-amd64-freebsd11-amd64 pass test-amd64-amd64-freebsd12-amd64 pass test-amd64-amd64-xl-qemuu-ovmf-amd64 pass test-amd64-amd64-xl-qemut-win7-amd64 fail test-amd64-amd64-xl-qemuu-win7-amd64 fail test-amd64-amd64-xl-qemut-ws16-amd64 fail test-amd64-amd64-xl-qemuu-ws16-amd64 fail test-amd64-amd64-examine-bios pass test-amd64-amd64-xl-credit1 pass test-arm64-arm64-xl-credit1 pass test-armhf-armhf-xl-credit1 starved test-amd64-amd64-xl-credit2 pass test-arm64-arm64-xl-credit2 pass test-armhf-armhf-xl-credit2 starved test-armhf-armhf-xl-cubietruck starved test-amd64-amd64-xl-qemuu-dmrestrict-amd64-dmrestrict pass test-amd64-amd64-examine pass test-arm64-arm64-examine pass test-armhf-armhf-examine starved test-amd64-amd64-qemuu-nested-intel pass test-amd64-amd64-xl-pvhv2-intel pass test-amd64-amd64-dom0pvh-xl-intel pass test-amd64-amd64-libvirt pass test-armhf-armhf-libvirt starved test-amd64-amd64-xl-multivcpu pass test-armhf-armhf-xl-multivcpu starved test-amd64-amd64-pair pass test-amd64-amd64-libvirt-pair pass test-amd64-amd64-xl-pvshim pass test-amd64-amd64-pygrub pass test-amd64-amd64-libvirt-qcow2 pass test-armhf-armhf-libvirt-qcow2 starved test-amd64-amd64-libvirt-raw pass test-arm64-arm64-libvirt-raw pass test-armhf-armhf-libvirt-raw starved test-amd64-amd64-xl-rtds pass test-armhf-armhf-xl-rtds starved test-amd64-amd64-xl-qemuu-debianhvm-amd64-shadow pass test-amd64-amd64-xl-shadow pass test-arm64-arm64-xl-thunderx pass test-amd64-amd64-examine-uefi pass test-amd64-amd64-xl-vhd pass test-arm64-arm64-xl-vhd pass test-armhf-armhf-xl-vhd starved ------------------------------------------------------------ sg-report-flight on osstest.test-lab.xenproject.org logs: /home/logs/logs images: /home/logs/images Logs, config files, etc. are available at http://logs.test-lab.xenproject.org/osstest/logs Explanation of these reports, and of osstest in general, is at http://xenbits.xen.org/gitweb/?p=osstest.git;a=blob;f=README.email;hb=master http://xenbits.xen.org/gitweb/?p=osstest.git;a=blob;f=README;hb=master Test harness code can be found at http://xenbits.xen.org/gitweb?p=osstest.git;a=summary Pushing revision : hint: The 'hooks/update' hook was ignored because it's not set as executable. hint: You can disable this warning with `git config advice.ignoredHook false`. hint: The 'hooks/post-receive' hook was ignored because it's not set as executable. hint: You can disable this warning with `git config advice.ignoredHook false`. hint: The 'hooks/post-update' hook was ignored because it's not set as executable. hint: You can disable this warning with `git config advice.ignoredHook false`. To xenbits.xen.org:/home/xen/git/linux-pvops.git 0983f6bf2bfc..35674e787518 35674e787518768626d3a0ffce1c13a7eeed922d -> tested/linux-linus
|
![]() |
Lists.xenproject.org is hosted with RackSpace, monitoring our |