[Date Prev][Date Next][Thread Prev][Thread Next][Date Index][Thread Index] [linux-linus test] 176355: tolerable trouble: fail/pass/starved - PUSHED
flight 176355 linux-linus real [real] flight 176371 linux-linus real-retest [real] http://logs.test-lab.xenproject.org/osstest/logs/176355/ http://logs.test-lab.xenproject.org/osstest/logs/176371/ Failures :-/ but no regressions. Tests which are failing intermittently (not blocking): test-amd64-amd64-xl-vhd 21 guest-start/debian.repeat fail pass in 176371-retest Tests which did not succeed, but are not blocking: test-amd64-amd64-xl-qemut-win7-amd64 19 guest-stop fail like 176344 test-amd64-amd64-xl-qemuu-win7-amd64 19 guest-stop fail like 176344 test-amd64-amd64-xl-qemuu-ws16-amd64 19 guest-stop fail like 176344 test-amd64-amd64-qemuu-nested-amd 20 debian-hvm-install/l1/l2 fail like 176344 test-amd64-amd64-xl-qemut-ws16-amd64 19 guest-stop fail like 176344 test-arm64-arm64-xl-xsm 15 migrate-support-check fail never pass test-arm64-arm64-xl-xsm 16 saverestore-support-check fail never pass test-arm64-arm64-xl 15 migrate-support-check fail never pass test-arm64-arm64-xl 16 saverestore-support-check fail never pass test-arm64-arm64-xl-thunderx 15 migrate-support-check fail never pass test-arm64-arm64-xl-credit1 15 migrate-support-check fail never pass test-arm64-arm64-xl-thunderx 16 saverestore-support-check fail never pass test-arm64-arm64-xl-credit1 16 saverestore-support-check fail never pass test-arm64-arm64-xl-credit2 15 migrate-support-check fail never pass test-arm64-arm64-xl-credit2 16 saverestore-support-check fail never pass test-amd64-amd64-libvirt-qcow2 14 migrate-support-check fail never pass test-arm64-arm64-libvirt-xsm 15 migrate-support-check fail never pass test-arm64-arm64-libvirt-xsm 16 saverestore-support-check fail never pass test-amd64-amd64-libvirt-raw 14 migrate-support-check fail never pass test-amd64-amd64-libvirt-qemuu-debianhvm-amd64-xsm 13 migrate-support-check fail never pass test-amd64-amd64-libvirt-xsm 15 migrate-support-check fail never pass test-arm64-arm64-libvirt-raw 14 migrate-support-check fail never pass test-arm64-arm64-libvirt-raw 15 saverestore-support-check fail never pass test-arm64-arm64-xl-vhd 14 migrate-support-check fail never pass test-arm64-arm64-xl-vhd 15 saverestore-support-check fail never pass test-amd64-amd64-libvirt 15 migrate-support-check fail never pass test-armhf-armhf-examine 1 build-check(1) starved n/a test-armhf-armhf-libvirt 1 build-check(1) starved n/a test-armhf-armhf-libvirt-qcow2 1 build-check(1) starved n/a test-armhf-armhf-libvirt-raw 1 build-check(1) starved n/a test-armhf-armhf-xl 1 build-check(1) starved n/a test-armhf-armhf-xl-credit1 1 build-check(1) starved n/a test-armhf-armhf-xl-credit2 1 build-check(1) starved n/a test-armhf-armhf-xl-cubietruck 1 build-check(1) starved n/a test-armhf-armhf-xl-multivcpu 1 build-check(1) starved n/a test-armhf-armhf-xl-rtds 1 build-check(1) starved n/a test-armhf-armhf-xl-vhd 1 build-check(1) starved n/a build-armhf-libvirt 1 build-check(1) starved n/a build-armhf 2 hosts-allocate starved n/a version targeted for testing: linux 0136d86b78522bbd5755f8194c97a987f0586ba5 baseline version: linux 66a87fff1a87c260452f5a57123891ca5258c449 Last test of basis 176344 2023-02-03 06:54:13 Z 1 days Testing same since 176355 2023-02-04 00:13:01 Z 0 days 1 attempts ------------------------------------------------------------ People who touched revisions under test: Alex Deucher <alexander.deucher@xxxxxxx> Alex Hung <alex.hung@xxxxxxx> Alexey Khoroshilov <khoroshilov@xxxxxxxxx> Amit Engel <Amit.Engel@xxxxxxxx> Andreas Schwab <schwab@xxxxxxx> Andrew Morton <akpm@xxxxxxxxxxxxxxxxxxxx> Anton Gusev <aagusev@xxxxxxxxx> Ard Biesheuvel <ardb@xxxxxxxxxx> Arnd Bergmann <arnd@xxxxxxxx> Bart Van Assche <bvanassche@xxxxxxx> Ben Skeggs <bskeggs@xxxxxxxxxx> Borislav Petkov (AMD) <bp@xxxxxxxxx> Catalin Marinas <catalin.marinas@xxxxxxx> Chaitanya Kumar Borah <chaitanya.kumar.borah@xxxxxxxxx> Christoph Hellwig <hch@xxxxxx> Daniel Miess <Daniel.Miess@xxxxxxx> Daniel Wagner <dwagner@xxxxxxx> Daniel Wheeler <daniel.wheeler@xxxxxxx> Danilo Krummrich <dakr@xxxxxxxxxx> Dave Airlie <airlied@xxxxxxxxxx> David Hildenbrand <david@xxxxxxxxxx> Diogo Ivo <diogo.ivo@xxxxxxxxxxxxxxxxxx> Douglas Anderson <dianders@xxxxxxxxxxxx> Eugen Hristev <eugen.hristev@xxxxxxxxxxxxx> Evan Quan <evan.quan@xxxxxxx> Fabian Vogt <fvogt@xxxxxxxx> Fedor Pchelkin <pchelkin@xxxxxxxxx> George Shen <george.shen@xxxxxxx> Graham Sider <Graham.Sider@xxxxxxx> Guo Ren <guoren@xxxxxxxxxx> Guo Ren <guoren@xxxxxxxxxxxxxxxxx> Hans Verkuil <hverkuil-cisco@xxxxxxxxx> Holger Hoffsttte <holger@xxxxxxxxxxxxxxxxxxxxxx> Ilya Dryomov <idryomov@xxxxxxxxx> Isaac J. Manjarres <isaacmanjarres@xxxxxxxxxx> James Morse <james.morse@xxxxxxx> Jani Nikula <jani.nikula@xxxxxxxxx> Jann Horn <jannh@xxxxxxxxxx> Javier Martinez Canillas <javierm@xxxxxxxxxx> Jens Axboe <axboe@xxxxxxxxx> John Harrison <John.C.Harrison@xxxxxxxxx> John Paul Adrian Glaubitz <glaubitz@xxxxxxxxxxxxxxxxxxx> Kefeng Wang <wangkefeng.wang@xxxxxxxxxx> Kirill A. Shutemov <kirill.shutemov@xxxxxxxxxxxxxxx> Liam Howlett <liam.howlett@xxxxxxxxxx> Liam R. Howlett <Liam.Howlett@xxxxxxxxxx> Linus Torvalds <torvalds@xxxxxxxxxxxxxxxxxxxx> Liu Xiaodong <xiaodong.liu@xxxxxxxxx> Longlong Xia <xialonglong1@xxxxxxxxxx> Lyude Paul <lyude@xxxxxxxxxx> Mario Limonciello <mario.limonciello@xxxxxxx> Matthew Wilcox (Oracle) <willy@xxxxxxxxxxxxx> Maurizio Lombardi <mlombard@xxxxxxxxxx> Maxime Ripard <maxime@xxxxxxxxxx> Michal Hocko <mhocko@xxxxxxxx> Mike Kravetz <mike.kravetz@xxxxxxxxxx> Mike Rapoport (IBM) <rppt@xxxxxxxxxx> Miko Larsson <mikoxyzzz@xxxxxxxxx> Ming Lei <ming.lei@xxxxxxxxxx> msizanoen <msizanoen@xxxxxxxxxxx> Nhat Pham <nphamcs@xxxxxxxxx> Nicholas Kazlauskas <nicholas.kazlauskas@xxxxxxx> Nicolas Chauvet <kwizart@xxxxxxxxx> Palmer Dabbelt <palmer@xxxxxxxxxxxx> Pengfei Xu <pengfei.xu@xxxxxxxxx> Peter Xu <peterx@xxxxxxxxxx> Phillip Lougher <phillip@xxxxxxxxxxxxxxx> Randy Dunlap <rdunlap@xxxxxxxxxxxxx> Rob Clark <robdclark@xxxxxxxxxxxx> Rodrigo Vivi <rodrigo.vivi@xxxxxxxxx> Rutvij Gajjar <Rutvij.Gajjar@xxxxxxx> Samuel Holland <samuel@xxxxxxxxxxxx> Satyanarayana ReddyTVN <Satyanarayana.ReddyTVN@xxxxxxx> Shin'ichiro Kawasaki <shinichiro.kawasaki@xxxxxxx> Stephen Boyd <swboyd@xxxxxxxxxxxx> Thomas Zimmermann <tzimmermann@xxxxxxx> Tim Huang <tim.huang@xxxxxxx> Tom Saeger <tom.saeger@xxxxxxxxxx> Tvrtko Ursulin <tvrtko.ursulin@xxxxxxxxx> Vlastimil Babka <vbabka@xxxxxxx> Wei Yang <richard.weiyang@xxxxxxxxx> Xiubo Li <xiubli@xxxxxxxxxx> ye xingchen <ye.xingchen@xxxxxxxxxx> Yiqing Yao <yiqing.yao@xxxxxxx> Yu Kuai <yukuai3@xxxxxxxxxx> Yu Zhao <yuzhao@xxxxxxxxxx> Zach O'Keefe <zokeefe@xxxxxxxxxx> Zhaoyang Huang <zhaoyang.huang@xxxxxxxxxx> jobs: build-amd64-xsm pass build-arm64-xsm pass build-i386-xsm pass build-amd64 pass build-arm64 pass build-armhf starved build-i386 pass build-amd64-libvirt pass build-arm64-libvirt pass build-armhf-libvirt starved build-i386-libvirt pass build-amd64-pvops pass build-arm64-pvops pass build-armhf-pvops pass build-i386-pvops pass test-amd64-amd64-xl pass test-amd64-coresched-amd64-xl pass test-arm64-arm64-xl pass test-armhf-armhf-xl starved test-amd64-amd64-libvirt-qemuu-debianhvm-amd64-xsm pass test-amd64-amd64-xl-qemut-stubdom-debianhvm-amd64-xsm pass test-amd64-amd64-xl-qemut-debianhvm-i386-xsm pass test-amd64-amd64-xl-qemuu-debianhvm-i386-xsm pass test-amd64-amd64-libvirt-xsm pass test-arm64-arm64-libvirt-xsm pass test-amd64-amd64-xl-xsm pass test-arm64-arm64-xl-xsm pass test-amd64-amd64-qemuu-nested-amd fail test-amd64-amd64-xl-pvhv2-amd pass test-amd64-amd64-dom0pvh-xl-amd pass test-amd64-amd64-xl-qemut-debianhvm-amd64 pass test-amd64-amd64-xl-qemuu-debianhvm-amd64 pass test-amd64-amd64-freebsd11-amd64 pass test-amd64-amd64-freebsd12-amd64 pass test-amd64-amd64-xl-qemuu-ovmf-amd64 pass test-amd64-amd64-xl-qemut-win7-amd64 fail test-amd64-amd64-xl-qemuu-win7-amd64 fail test-amd64-amd64-xl-qemut-ws16-amd64 fail test-amd64-amd64-xl-qemuu-ws16-amd64 fail test-amd64-amd64-examine-bios pass test-amd64-amd64-xl-credit1 pass test-arm64-arm64-xl-credit1 pass test-armhf-armhf-xl-credit1 starved test-amd64-amd64-xl-credit2 pass test-arm64-arm64-xl-credit2 pass test-armhf-armhf-xl-credit2 starved test-armhf-armhf-xl-cubietruck starved test-amd64-amd64-xl-qemuu-dmrestrict-amd64-dmrestrict pass test-amd64-amd64-examine pass test-arm64-arm64-examine pass test-armhf-armhf-examine starved test-amd64-amd64-qemuu-nested-intel pass test-amd64-amd64-xl-pvhv2-intel pass test-amd64-amd64-dom0pvh-xl-intel pass test-amd64-amd64-libvirt pass test-armhf-armhf-libvirt starved test-amd64-amd64-xl-multivcpu pass test-armhf-armhf-xl-multivcpu starved test-amd64-amd64-pair pass test-amd64-amd64-libvirt-pair pass test-amd64-amd64-xl-pvshim pass test-amd64-amd64-pygrub pass test-amd64-amd64-libvirt-qcow2 pass test-armhf-armhf-libvirt-qcow2 starved test-amd64-amd64-libvirt-raw pass test-arm64-arm64-libvirt-raw pass test-armhf-armhf-libvirt-raw starved test-amd64-amd64-xl-rtds pass test-armhf-armhf-xl-rtds starved test-amd64-amd64-xl-qemuu-debianhvm-amd64-shadow pass test-amd64-amd64-xl-shadow pass test-arm64-arm64-xl-thunderx pass test-amd64-amd64-examine-uefi pass test-amd64-amd64-xl-vhd fail test-arm64-arm64-xl-vhd pass test-armhf-armhf-xl-vhd starved ------------------------------------------------------------ sg-report-flight on osstest.test-lab.xenproject.org logs: /home/logs/logs images: /home/logs/images Logs, config files, etc. are available at http://logs.test-lab.xenproject.org/osstest/logs Explanation of these reports, and of osstest in general, is at http://xenbits.xen.org/gitweb/?p=osstest.git;a=blob;f=README.email;hb=master http://xenbits.xen.org/gitweb/?p=osstest.git;a=blob;f=README;hb=master Test harness code can be found at http://xenbits.xen.org/gitweb?p=osstest.git;a=summary Pushing revision : hint: The 'hooks/update' hook was ignored because it's not set as executable. hint: You can disable this warning with `git config advice.ignoredHook false`. hint: The 'hooks/post-receive' hook was ignored because it's not set as executable. hint: You can disable this warning with `git config advice.ignoredHook false`. hint: The 'hooks/post-update' hook was ignored because it's not set as executable. hint: You can disable this warning with `git config advice.ignoredHook false`. To xenbits.xen.org:/home/xen/git/linux-pvops.git 66a87fff1a87..0136d86b7852 0136d86b78522bbd5755f8194c97a987f0586ba5 -> tested/linux-linus
|
![]() |
Lists.xenproject.org is hosted with RackSpace, monitoring our |